{"id":21469,"date":"2025-07-22T19:26:01","date_gmt":"2025-07-22T17:26:01","guid":{"rendered":"https:\/\/uj.adatbank.ro\/lexikon\/termek\/szasz-malomfalvi-csalad\/"},"modified":"2025-07-22T19:26:01","modified_gmt":"2025-07-22T17:26:01","slug":"szasz-malomfalvi-csalad","status":"publish","type":"product","link":"https:\/\/uj.adatbank.ro\/lexikon\/termek\/szasz-malomfalvi-csalad\/","title":{"rendered":"SZ\u00c1SZ, malomfalvi csal\u00e1d"},"content":{"rendered":"<p>K\u00f6z\u00fcl\u00fck Ferenc orsz\u00e1gos f\u0151p\u00e9nzt\u00e1ri hivatalnok (1848. el\u0151tt) Nagyszebenben. \u00d6zvegye Polcz \u00c1gnes. S\u00e1ndor seborvos Tord\u00e1n (1848. el\u0151tt). Egyik \u00e1ga \u201eVajda Szent-Iv\u00e1nyi\u201d el\u0151nevet haszn\u00e1l, k\u00f6z\u00fcl\u00fck Ferenc 1848. el\u0151tt kamarai isp\u00e1n a Vajdahunyadi uradalomban. \u00d6zvegye Breg\u00e1rd Karolina. Fiai S\u00e1ndor, Ferenc, K\u00e1roly \u00e9s B\u00e9la kir. f\u0151korm\u00e1nysz\u00e9ki fogalmaz\u00f3. <br \/><strong>Irod.:<\/strong> Nagy Iv\u00e1n.<\/br><\/p>\n","protected":false},"excerpt":{"rendered":"<p>K\u00f6z\u00fcl\u00fck Ferenc orsz\u00e1gos f\u0151p\u00e9nzt\u00e1ri hivatalnok (1848. el\u0151tt) Nagyszebenben. \u00d6zvegye Polcz \u00c1gnes. S\u00e1ndor seborvos Tord\u00e1n (1848. el\u0151tt). Egyik \u00e1ga \u201eVajda Szent-Iv\u00e1nyi\u201d el\u0151nevet haszn\u00e1l, k\u00f6z\u00fcl\u00fck Ferenc 1848. el\u0151tt kamarai isp\u00e1n a Vajdahunyadi uradalomban. \u00d6zvegye Breg\u00e1rd Karolina. Fiai S\u00e1ndor, Ferenc, K\u00e1roly \u00e9s B\u00e9la kir. f\u0151korm\u00e1nysz\u00e9ki fogalmaz\u00f3. Irod.: Nagy Iv\u00e1n.<\/p>\n","protected":false},"featured_media":0,"comment_status":"open","ping_status":"closed","template":"","meta":[],"product_brand":[],"product_cat":[137],"product_tag":[],"class_list":{"0":"post-21469","1":"product","2":"type-product","3":"status-publish","5":"product_cat-maros-megyei-eletrajzi-lexikon","7":"first","8":"instock","9":"shipping-taxable","10":"product-type-simple"},"_links":{"self":[{"href":"https:\/\/uj.adatbank.ro\/lexikon\/wp-json\/wp\/v2\/product\/21469","targetHints":{"allow":["GET"]}}],"collection":[{"href":"https:\/\/uj.adatbank.ro\/lexikon\/wp-json\/wp\/v2\/product"}],"about":[{"href":"https:\/\/uj.adatbank.ro\/lexikon\/wp-json\/wp\/v2\/types\/product"}],"replies":[{"embeddable":true,"href":"https:\/\/uj.adatbank.ro\/lexikon\/wp-json\/wp\/v2\/comments?post=21469"}],"wp:attachment":[{"href":"https:\/\/uj.adatbank.ro\/lexikon\/wp-json\/wp\/v2\/media?parent=21469"}],"wp:term":[{"taxonomy":"product_brand","embeddable":true,"href":"https:\/\/uj.adatbank.ro\/lexikon\/wp-json\/wp\/v2\/product_brand?post=21469"},{"taxonomy":"product_cat","embeddable":true,"href":"https:\/\/uj.adatbank.ro\/lexikon\/wp-json\/wp\/v2\/product_cat?post=21469"},{"taxonomy":"product_tag","embeddable":true,"href":"https:\/\/uj.adatbank.ro\/lexikon\/wp-json\/wp\/v2\/product_tag?post=21469"}],"curies":[{"name":"wp","href":"https:\/\/api.w.org\/{rel}","templated":true}]}}