{"id":2147,"date":"2025-06-28T12:05:13","date_gmt":"2025-06-28T10:05:13","guid":{"rendered":"https:\/\/uj.adatbank.ro\/lexikon\/termek\/banffy-albert-losonczi-br\/"},"modified":"2025-06-28T12:05:13","modified_gmt":"2025-06-28T10:05:13","slug":"banffy-albert-losonczi-br","status":"publish","type":"product","link":"https:\/\/uj.adatbank.ro\/lexikon\/termek\/banffy-albert-losonczi-br\/","title":{"rendered":"B\u00c1NFFY Albert, losonczi, br"},"content":{"rendered":"<p>1818., \u2020 Kv., 1886. febr. 1. Gy\u00e1szbesz\u00e9dek: Heged\u0171s Istv\u00e1n (1886. j\u00fan. 28.) \u00e9s Benk\u0151 Lajos (1886. okt. 10.): f\u00f6ldbirtokos, k\u00e9pvisel\u0151. \u2013 Testv\u00e9re B. Kata. Feles\u00e9ge gal\u00e1nthai gr. Esterh\u00e1zy \u00c1gnes. Gyermekeik: \u00c1d\u00e1m, feles\u00e9ge: hadadi br. Wessel\u00e9nyi M\u00e1ria; \u00c1gnes hadadi br. Wessel\u00e9nyi Mikl\u00f3sn\u00e9; Cecile zeikfalvi Zeyk D\u00e1nieln\u00e9; Irma losonczi gr. B\u00e1nffy Gy\u00f6rgyn\u00e9; Gy\u00f6rgy; Farkas feles\u00e9ge \u00dajv\u00e1rossy M\u00e1ria. \u2013 Mv. r\u00e9sz\u00e9r\u0151l al\u00e1\u00edrta a m. \u00e9s sz\u00e9kely t\u00f6rv\u00e9nyhat\u00f3s\u00e1gok k\u00e9pvisel\u0151inek eml\u00e9kirat\u00e1t a cs\u00e1sz\u00e1rhoz, amelyben megindokolt\u00e1k hogy mi\u00e9rt nem vesznek r\u00e9szt a szerint\u00fck t\u00f6rv\u00e9nytelen\u00fcl \u00f6sszeh\u00edvott szebeni ogy.-en. <br \/><strong>Irod.:<\/strong> Bir\u00f3 J\u00f3zsef. A bonchidai B\u00e1nffy-kast\u00e9ly csal\u00e1di arck\u00e9pei = Lyka eml\u00e9kk.; Halotti besz\u00e9dek; Gy\u00e1szjelent\u0151; Id\u0151t\u00e1r 2<\/br><\/p>\n","protected":false},"excerpt":{"rendered":"<p>1818., \u2020 Kv., 1886. febr. 1. Gy\u00e1szbesz\u00e9dek: Heged\u0171s Istv\u00e1n (1886. j\u00fan. 28.) \u00e9s Benk\u0151 Lajos (1886. okt. 10.): f\u00f6ldbirtokos, k\u00e9pvisel\u0151. \u2013 Testv\u00e9re B. Kata. Feles\u00e9ge gal\u00e1nthai gr. Esterh\u00e1zy \u00c1gnes. Gyermekeik: \u00c1d\u00e1m, feles\u00e9ge: hadadi br. Wessel\u00e9nyi M\u00e1ria; \u00c1gnes hadadi br. Wessel\u00e9nyi Mikl\u00f3sn\u00e9; Cecile zeikfalvi Zeyk D\u00e1nieln\u00e9; Irma losonczi gr. B\u00e1nffy Gy\u00f6rgyn\u00e9; Gy\u00f6rgy; Farkas feles\u00e9ge \u00dajv\u00e1rossy M\u00e1ria. [&hellip;]<\/p>\n","protected":false},"featured_media":0,"comment_status":"open","ping_status":"closed","template":"","meta":[],"product_brand":[],"product_cat":[137],"product_tag":[],"class_list":{"0":"post-2147","1":"product","2":"type-product","3":"status-publish","5":"product_cat-maros-megyei-eletrajzi-lexikon","7":"first","8":"instock","9":"shipping-taxable","10":"product-type-simple"},"_links":{"self":[{"href":"https:\/\/uj.adatbank.ro\/lexikon\/wp-json\/wp\/v2\/product\/2147","targetHints":{"allow":["GET"]}}],"collection":[{"href":"https:\/\/uj.adatbank.ro\/lexikon\/wp-json\/wp\/v2\/product"}],"about":[{"href":"https:\/\/uj.adatbank.ro\/lexikon\/wp-json\/wp\/v2\/types\/product"}],"replies":[{"embeddable":true,"href":"https:\/\/uj.adatbank.ro\/lexikon\/wp-json\/wp\/v2\/comments?post=2147"}],"wp:attachment":[{"href":"https:\/\/uj.adatbank.ro\/lexikon\/wp-json\/wp\/v2\/media?parent=2147"}],"wp:term":[{"taxonomy":"product_brand","embeddable":true,"href":"https:\/\/uj.adatbank.ro\/lexikon\/wp-json\/wp\/v2\/product_brand?post=2147"},{"taxonomy":"product_cat","embeddable":true,"href":"https:\/\/uj.adatbank.ro\/lexikon\/wp-json\/wp\/v2\/product_cat?post=2147"},{"taxonomy":"product_tag","embeddable":true,"href":"https:\/\/uj.adatbank.ro\/lexikon\/wp-json\/wp\/v2\/product_tag?post=2147"}],"curies":[{"name":"wp","href":"https:\/\/api.w.org\/{rel}","templated":true}]}}

BÁNFFY Albert, losonczi, br

<p>1818., † Kv., 1886. febr. 1. Gyászbeszédek: Hegedűs István (1886. jún. 28.) és Benkő Lajos (1886. okt. 10.): földbirtokos, képviselő. – Testvére B. Kata. Felesége galánthai gr. Esterházy Ágnes. Gyermekeik: Ádám, felesége: hadadi br. Wesselényi Mária; Ágnes hadadi br. Wesselényi Miklósné; Cecile zeikfalvi Zeyk Dánielné; Irma losonczi gr. Bánffy Györgyné; György; Farkas felesége Újvárossy Mária. – Mv. részéről aláírta a m. és székely törvényhatóságok képviselőinek emlékiratát a császárhoz, amelyben megindokolták hogy miért nem vesznek részt a szerintük törvénytelenül összehívott szebeni ogy.-en. <br /><strong>Irod.:</strong> Biró József. A bonchidai Bánffy-kastély családi arcképei = Lyka emlékk.; Halotti beszédek; Gyászjelentő; Időtár 2</br></p>

<p>1818., † Kv., 1886. febr. 1. Gyászbeszédek: Hegedűs István (1886. jún. 28.) és Benkő Lajos (1886. okt. 10.): földbirtokos, képviselő. – Testvére B. Kata. Felesége galánthai gr. Esterházy Ágnes. Gyermekeik: Ádám, felesége: hadadi br. Wesselényi Mária; Ágnes hadadi br. Wesselényi Miklósné; Cecile zeikfalvi Zeyk Dánielné; Irma losonczi gr. Bánffy Györgyné; György; Farkas felesége Újvárossy Mária. [&hellip;]</p>
