{"id":21470,"date":"2025-07-22T19:26:04","date_gmt":"2025-07-22T17:26:04","guid":{"rendered":"https:\/\/uj.adatbank.ro\/lexikon\/termek\/szasz-marosiklandi-csalad\/"},"modified":"2025-07-22T19:26:04","modified_gmt":"2025-07-22T17:26:04","slug":"szasz-marosiklandi-csalad","status":"publish","type":"product","link":"https:\/\/uj.adatbank.ro\/lexikon\/termek\/szasz-marosiklandi-csalad\/","title":{"rendered":"SZ\u00c1SZ, marosiklandi csal\u00e1d"},"content":{"rendered":"<p>Udvarhelysz\u00e9kb\u0151l B\u00f6z\u00f6db\u0151l sz\u00e1rmazott \u00e1t Marossz\u00e9kbe. T\u00f6rzsatyjuk D\u00e1niel 1604-ben Bonchid\u00e1n\u00e1l esett el. H\u00e1rom fia k\u00f6z\u00fcl D\u00e1niel Iklandra telepedett; ennek t\u00f6bb fia k\u00f6z\u00fcl egyik ism\u00e9t D\u00e1niel \u00e9s ennek k\u00e9t fia k\u00f6zt az id\u0151sb ism\u00e9t D\u00e1niel (m\u00e1r a IV-ik); ez h\u00e1rom gyermeket hagyott: P\u00e1lt, S\u00e1r\u00e1t \u00e9s Mih\u00e1lyt, a k\u00e9t els\u0151 kor\u00e1n elhalt; az ut\u00f3bbi: Mih\u00e1ly, papi p\u00e1ly\u00e1ra k\u00e9sz\u00fclt, de Torda v\u00e1ros az unit\u00e1ria egyh\u00e1z \u00e9nekl\u0151i \u00e1llom\u00e1s\u00e1ra h\u00edv\u00e1 meg, ezt elfogadta, \u00e9s ez \u00e1llom\u00e1son \u00e9lt huzamos ideig. Nej\u00e9t\u0151l Sz\u00e9kely Ann\u00e1t\u00f3l gyermekei: Juli\u00e1nna Aradi S\u00e1muel \u00f6zvegye, \u00c1d\u00e1m \u00e9s M\u00f3zes. \u00c1d\u00e1m 1848 el\u0151tt orsz\u00e1gos f\u0151sz\u00e1mvev\u0151s\u00e9gi \u00edrnok, majd Kv. v\u00e1rosi p\u00e9nzt\u00e1rnok, neje Klausch Francziska; M\u00f3zes 1848 el\u0151tt Torda v\u00e1ros tan\u00e1csi jegyz\u0151je, \u00e9s Torda megye s Aranyossz\u00e9k t\u00e1blab\u00edr\u00f3ja. 1843-ban mint a kir. t\u00e1bla hites jegyz\u0151je keresked\u0151i p\u00e1ly\u00e1ra l\u00e9pett, \u00e9s azt folytatta 1848-ig. Ezut\u00e1n honv\u00e9d f\u0151hadnagy, majd sz\u00e1zados \u00e9s b. Kem\u00e9ny Farkas ezredes hadseg\u00e9de. Ut\u00f3bb besorozott cs. katona m\u00e1sf\u00e9l \u00e9vig. <br \/><strong>Irod.:<\/strong> Nagy Iv\u00e1n.<\/br><\/p>\n","protected":false},"excerpt":{"rendered":"<p>Udvarhelysz\u00e9kb\u0151l B\u00f6z\u00f6db\u0151l sz\u00e1rmazott \u00e1t Marossz\u00e9kbe. T\u00f6rzsatyjuk D\u00e1niel 1604-ben Bonchid\u00e1n\u00e1l esett el. H\u00e1rom fia k\u00f6z\u00fcl D\u00e1niel Iklandra telepedett; ennek t\u00f6bb fia k\u00f6z\u00fcl egyik ism\u00e9t D\u00e1niel \u00e9s ennek k\u00e9t fia k\u00f6zt az id\u0151sb ism\u00e9t D\u00e1niel (m\u00e1r a IV-ik); ez h\u00e1rom gyermeket hagyott: P\u00e1lt, S\u00e1r\u00e1t \u00e9s Mih\u00e1lyt, a k\u00e9t els\u0151 kor\u00e1n elhalt; az ut\u00f3bbi: Mih\u00e1ly, papi p\u00e1ly\u00e1ra k\u00e9sz\u00fclt, [&hellip;]<\/p>\n","protected":false},"featured_media":0,"comment_status":"open","ping_status":"closed","template":"","meta":[],"product_brand":[],"product_cat":[137],"product_tag":[],"class_list":{"0":"post-21470","1":"product","2":"type-product","3":"status-publish","5":"product_cat-maros-megyei-eletrajzi-lexikon","7":"first","8":"instock","9":"shipping-taxable","10":"product-type-simple"},"_links":{"self":[{"href":"https:\/\/uj.adatbank.ro\/lexikon\/wp-json\/wp\/v2\/product\/21470","targetHints":{"allow":["GET"]}}],"collection":[{"href":"https:\/\/uj.adatbank.ro\/lexikon\/wp-json\/wp\/v2\/product"}],"about":[{"href":"https:\/\/uj.adatbank.ro\/lexikon\/wp-json\/wp\/v2\/types\/product"}],"replies":[{"embeddable":true,"href":"https:\/\/uj.adatbank.ro\/lexikon\/wp-json\/wp\/v2\/comments?post=21470"}],"wp:attachment":[{"href":"https:\/\/uj.adatbank.ro\/lexikon\/wp-json\/wp\/v2\/media?parent=21470"}],"wp:term":[{"taxonomy":"product_brand","embeddable":true,"href":"https:\/\/uj.adatbank.ro\/lexikon\/wp-json\/wp\/v2\/product_brand?post=21470"},{"taxonomy":"product_cat","embeddable":true,"href":"https:\/\/uj.adatbank.ro\/lexikon\/wp-json\/wp\/v2\/product_cat?post=21470"},{"taxonomy":"product_tag","embeddable":true,"href":"https:\/\/uj.adatbank.ro\/lexikon\/wp-json\/wp\/v2\/product_tag?post=21470"}],"curies":[{"name":"wp","href":"https:\/\/api.w.org\/{rel}","templated":true}]}}

SZÁSZ, marosiklandi család

<p>Udvarhelyszékből Bözödből származott át Marosszékbe. Törzsatyjuk Dániel 1604-ben Bonchidánál esett el. Három fia közül Dániel Iklandra telepedett; ennek több fia közül egyik ismét Dániel és ennek két fia közt az idősb ismét Dániel (már a IV-ik); ez három gyermeket hagyott: Pált, Sárát és Mihályt, a két első korán elhalt; az utóbbi: Mihály, papi pályára készült, de Torda város az unitária egyház éneklői állomására hívá meg, ezt elfogadta, és ez állomáson élt huzamos ideig. Nejétől Székely Annától gyermekei: Juliánna Aradi Sámuel özvegye, Ádám és Mózes. Ádám 1848 előtt országos főszámvevőségi írnok, majd Kv. városi pénztárnok, neje Klausch Francziska; Mózes 1848 előtt Torda város tanácsi jegyzője, és Torda megye s Aranyosszék táblabírója. 1843-ban mint a kir. tábla hites jegyzője kereskedői pályára lépett, és azt folytatta 1848-ig. Ezután honvéd főhadnagy, majd százados és b. Kemény Farkas ezredes hadsegéde. Utóbb besorozott cs. katona másfél évig. <br /><strong>Irod.:</strong> Nagy Iván.</br></p>

<p>Udvarhelyszékből Bözödből származott át Marosszékbe. Törzsatyjuk Dániel 1604-ben Bonchidánál esett el. Három fia közül Dániel Iklandra telepedett; ennek több fia közül egyik ismét Dániel és ennek két fia közt az idősb ismét Dániel (már a IV-ik); ez három gyermeket hagyott: Pált, Sárát és Mihályt, a két első korán elhalt; az utóbbi: Mihály, papi pályára készült, [&hellip;]</p>
