{"id":21481,"date":"2025-07-22T19:26:26","date_gmt":"2025-07-22T17:26:26","guid":{"rendered":"https:\/\/uj.adatbank.ro\/lexikon\/termek\/szasz-albert\/"},"modified":"2025-07-22T19:26:26","modified_gmt":"2025-07-22T17:26:26","slug":"szasz-albert","status":"publish","type":"product","link":"https:\/\/uj.adatbank.ro\/lexikon\/termek\/szasz-albert\/","title":{"rendered":"SZASZ Albert"},"content":{"rendered":"<p>? \u2020?: \u00fcgyv\u00e9d, t\u00e1blab\u00edr\u00f3, \u00fajs\u00e1g\u00edr\u00f3. \u2013 Mv.-en f\u0151szerkeszt\u0151je az Erd\u00e9lyi Napl\u00f3nak (1901\u201317); szerkesztette a Szabads\u00e1g c. lapot (1906), felel\u0151s szerkeszt\u0151je a V\u00e1s\u00e1rhelyi Napl\u00f3nak (1908\u201309); Sz\u00e9kely Ellenz\u00e9k volt szerkeszt\u0151je. A Mv.-i Kaszin\u00f3 v\u00e1lasztm\u00e1nyi tagja (1932). Mv. k\u00f6zv\u00e9lem\u00e9ny meghat\u00e1roz\u00f3 k\u00e1v\u00e9h\u00e1zi asztalt\u00e1rsas\u00e1g szem\u00e9lyis\u00e9ge (1940). <br \/><strong>Irod.:<\/strong> Almanah Tg. M.; Bi\u00e1s Istv\u00e1n; \u00d6kr\u00f6s; Popt\u0103ma\u015f\u2013M\u00f3zes.<\/br><\/p>\n","protected":false},"excerpt":{"rendered":"<p>? \u2020?: \u00fcgyv\u00e9d, t\u00e1blab\u00edr\u00f3, \u00fajs\u00e1g\u00edr\u00f3. \u2013 Mv.-en f\u0151szerkeszt\u0151je az Erd\u00e9lyi Napl\u00f3nak (1901\u201317); szerkesztette a Szabads\u00e1g c. lapot (1906), felel\u0151s szerkeszt\u0151je a V\u00e1s\u00e1rhelyi Napl\u00f3nak (1908\u201309); Sz\u00e9kely Ellenz\u00e9k volt szerkeszt\u0151je. A Mv.-i Kaszin\u00f3 v\u00e1lasztm\u00e1nyi tagja (1932). Mv. k\u00f6zv\u00e9lem\u00e9ny meghat\u00e1roz\u00f3 k\u00e1v\u00e9h\u00e1zi asztalt\u00e1rsas\u00e1g szem\u00e9lyis\u00e9ge (1940). Irod.: Almanah Tg. M.; Bi\u00e1s Istv\u00e1n; \u00d6kr\u00f6s; Popt\u0103ma\u015f\u2013M\u00f3zes.<\/p>\n","protected":false},"featured_media":0,"comment_status":"open","ping_status":"closed","template":"","meta":[],"product_brand":[],"product_cat":[137],"product_tag":[],"class_list":{"0":"post-21481","1":"product","2":"type-product","3":"status-publish","5":"product_cat-maros-megyei-eletrajzi-lexikon","7":"first","8":"instock","9":"shipping-taxable","10":"product-type-simple"},"_links":{"self":[{"href":"https:\/\/uj.adatbank.ro\/lexikon\/wp-json\/wp\/v2\/product\/21481","targetHints":{"allow":["GET"]}}],"collection":[{"href":"https:\/\/uj.adatbank.ro\/lexikon\/wp-json\/wp\/v2\/product"}],"about":[{"href":"https:\/\/uj.adatbank.ro\/lexikon\/wp-json\/wp\/v2\/types\/product"}],"replies":[{"embeddable":true,"href":"https:\/\/uj.adatbank.ro\/lexikon\/wp-json\/wp\/v2\/comments?post=21481"}],"wp:attachment":[{"href":"https:\/\/uj.adatbank.ro\/lexikon\/wp-json\/wp\/v2\/media?parent=21481"}],"wp:term":[{"taxonomy":"product_brand","embeddable":true,"href":"https:\/\/uj.adatbank.ro\/lexikon\/wp-json\/wp\/v2\/product_brand?post=21481"},{"taxonomy":"product_cat","embeddable":true,"href":"https:\/\/uj.adatbank.ro\/lexikon\/wp-json\/wp\/v2\/product_cat?post=21481"},{"taxonomy":"product_tag","embeddable":true,"href":"https:\/\/uj.adatbank.ro\/lexikon\/wp-json\/wp\/v2\/product_tag?post=21481"}],"curies":[{"name":"wp","href":"https:\/\/api.w.org\/{rel}","templated":true}]}}

<p>? †?: ügyvéd, táblabíró, újságíró. – Mv.-en főszerkesztője az Erdélyi Naplónak (1901–17); szerkesztette a Szabadság c. lapot (1906), felelős szerkesztője a Vásárhelyi Naplónak (1908–09); Székely Ellenzék volt szerkesztője. A Mv.-i Kaszinó választmányi tagja (1932). Mv. közvélemény meghatározó kávéházi asztaltársaság személyisége (1940). <br /><strong>Irod.:</strong> Almanah Tg. M.; Biás István; Ökrös; Poptămaş–Mózes.</br></p>

<p>? †?: ügyvéd, táblabíró, újságíró. – Mv.-en főszerkesztője az Erdélyi Naplónak (1901–17); szerkesztette a Szabadság c. lapot (1906), felelős szerkesztője a Vásárhelyi Naplónak (1908–09); Székely Ellenzék volt szerkesztője. A Mv.-i Kaszinó választmányi tagja (1932). Mv. közvélemény meghatározó kávéházi asztaltársaság személyisége (1940). Irod.: Almanah Tg. M.; Biás István; Ökrös; Poptămaş–Mózes.</p>
