{"id":21482,"date":"2025-07-22T19:26:28","date_gmt":"2025-07-22T17:26:28","guid":{"rendered":"https:\/\/uj.adatbank.ro\/lexikon\/termek\/szasz-albert-2\/"},"modified":"2025-07-22T19:26:28","modified_gmt":"2025-07-22T17:26:28","slug":"szasz-albert-2","status":"publish","type":"product","link":"https:\/\/uj.adatbank.ro\/lexikon\/termek\/szasz-albert-2\/","title":{"rendered":"SZ\u00c1SZ Albert"},"content":{"rendered":"<p>? \u2020?: ref. lelk\u00e9sz. \u2013 Helyettes lelk\u00e9sz Ol\u00e1hdell\u00e9n (1946. \u00e1pr. 1. \u2013 1949). Sz\u00e9kelycs\u00f3k\u00e1ban szolg\u00e1lt (1954\u201355). <br \/><strong>Irod.:<\/strong> Ol\u00e1hdell\u0151; Sz\u00e9kelycs\u00f3ka.<\/br><\/p>\n","protected":false},"excerpt":{"rendered":"<p>? \u2020?: ref. lelk\u00e9sz. \u2013 Helyettes lelk\u00e9sz Ol\u00e1hdell\u00e9n (1946. \u00e1pr. 1. \u2013 1949). Sz\u00e9kelycs\u00f3k\u00e1ban szolg\u00e1lt (1954\u201355). Irod.: Ol\u00e1hdell\u0151; Sz\u00e9kelycs\u00f3ka.<\/p>\n","protected":false},"featured_media":0,"comment_status":"open","ping_status":"closed","template":"","meta":[],"product_brand":[],"product_cat":[137],"product_tag":[],"class_list":{"0":"post-21482","1":"product","2":"type-product","3":"status-publish","5":"product_cat-maros-megyei-eletrajzi-lexikon","7":"first","8":"instock","9":"shipping-taxable","10":"product-type-simple"},"_links":{"self":[{"href":"https:\/\/uj.adatbank.ro\/lexikon\/wp-json\/wp\/v2\/product\/21482","targetHints":{"allow":["GET"]}}],"collection":[{"href":"https:\/\/uj.adatbank.ro\/lexikon\/wp-json\/wp\/v2\/product"}],"about":[{"href":"https:\/\/uj.adatbank.ro\/lexikon\/wp-json\/wp\/v2\/types\/product"}],"replies":[{"embeddable":true,"href":"https:\/\/uj.adatbank.ro\/lexikon\/wp-json\/wp\/v2\/comments?post=21482"}],"wp:attachment":[{"href":"https:\/\/uj.adatbank.ro\/lexikon\/wp-json\/wp\/v2\/media?parent=21482"}],"wp:term":[{"taxonomy":"product_brand","embeddable":true,"href":"https:\/\/uj.adatbank.ro\/lexikon\/wp-json\/wp\/v2\/product_brand?post=21482"},{"taxonomy":"product_cat","embeddable":true,"href":"https:\/\/uj.adatbank.ro\/lexikon\/wp-json\/wp\/v2\/product_cat?post=21482"},{"taxonomy":"product_tag","embeddable":true,"href":"https:\/\/uj.adatbank.ro\/lexikon\/wp-json\/wp\/v2\/product_tag?post=21482"}],"curies":[{"name":"wp","href":"https:\/\/api.w.org\/{rel}","templated":true}]}}