{"id":21483,"date":"2025-07-22T19:26:31","date_gmt":"2025-07-22T17:26:31","guid":{"rendered":"https:\/\/uj.adatbank.ro\/lexikon\/termek\/szasz-albert-3\/"},"modified":"2025-07-22T19:26:31","modified_gmt":"2025-07-22T17:26:31","slug":"szasz-albert-3","status":"publish","type":"product","link":"https:\/\/uj.adatbank.ro\/lexikon\/termek\/szasz-albert-3\/","title":{"rendered":"SZ\u00c1SZ Albert"},"content":{"rendered":"<p>Parajd, 1946. okt. 5., \u2020 Mv., 2004. aug. 1.: edz\u0151, sporttan\u00e1r, atl\u00e9ta, k\u00f6z\u00e9pt\u00e1vfut\u00f3. \u2013 A buk.-i Testnevel\u00e9si F\u0151iskol\u00e1n v\u00e9gzett (1965\u201369). Sporttan\u00e1r a Bolyai Farkas L\u00edc.-ban (1969\u201383); az Iskol\u00e1s Sportklub Atl\u00e9tika katedr\u00e1j\u00e1n dolgozott (1983\u2013), majd igazgat\u00f3 (1990\u2013), a l\u00e9trehozott mv.-i Sportl\u00edc. tan\u00e1ra volt, igazgat\u00f3ja (2000\u20132003), amely hal\u00e1la ut\u00e1n felvette a nev\u00e9t (2005. okt. 14.). A t\u00edzpr\u00f3b\u00e1sok \u00e9s a k\u00f6z\u00e9pt\u00e1vfut\u00f3k edz\u0151je volt. A m. tanfel\u00fcgyel\u0151s\u00e9g szaktan\u00e1csad\u00f3ja is volt. Tan\u00edtv\u00e1nyai k\u00f6z\u00fcl orsz\u00e1gos \u2013 Eur\u00f3pa- \u00e9s vil\u00e1gbajnokok ker\u00fcltek ki: Kov\u00e1cs Ella, Hodos L\u00e1szl\u00f3, Jakab Zolt\u00e1n. Eml\u00e9k\u00e9re tisztel\u0151i \u00e9venk\u00e9nt fut\u00f3versenyt szerveztek Mv.-en \u00e9s Szov\u00e1t\u00e1n (2005\u2013). <br \/><strong>Irod.:<\/strong> Gergely Erzs\u00e9bet: Sz. A. eml\u00e9k\u00e9re (N\u00fa., 2005. okt. 18); Kr\u00f3nika (2005. szept. 22.); Nagy-Bod\u00f3 Szil\u00e1rd: Mozg\u00e1ssal eml\u00e9keznek a f\u00e1radhatatlan atl\u00e9t\u00e1ra (N\u00fa., 2021. okt. 22.); [Nekrol\u00f3g] (N\u00fa., 2004. aug. 6.); N\u00fa. (2005. szept. 24.); Szucher Ervin: A tehets\u00e9ggy\u00e1rt\u00f3k \u00f6r\u00f6mei \u00e9s gondjai (N\u00fa., 1991. m\u00e1j. 21.); (vajda): Tavaszi fut\u00f3verseny Sz. A. eml\u00e9k\u00e9re (N\u00fa., 2010. \u00e1pr. 19.).<\/br><\/p>\n","protected":false},"excerpt":{"rendered":"<p>Parajd, 1946. okt. 5., \u2020 Mv., 2004. aug. 1.: edz\u0151, sporttan\u00e1r, atl\u00e9ta, k\u00f6z\u00e9pt\u00e1vfut\u00f3. \u2013 A buk.-i Testnevel\u00e9si F\u0151iskol\u00e1n v\u00e9gzett (1965\u201369). Sporttan\u00e1r a Bolyai Farkas L\u00edc.-ban (1969\u201383); az Iskol\u00e1s Sportklub Atl\u00e9tika katedr\u00e1j\u00e1n dolgozott (1983\u2013), majd igazgat\u00f3 (1990\u2013), a l\u00e9trehozott mv.-i Sportl\u00edc. tan\u00e1ra volt, igazgat\u00f3ja (2000\u20132003), amely hal\u00e1la ut\u00e1n felvette a nev\u00e9t (2005. okt. 14.). A t\u00edzpr\u00f3b\u00e1sok [&hellip;]<\/p>\n","protected":false},"featured_media":0,"comment_status":"open","ping_status":"closed","template":"","meta":[],"product_brand":[],"product_cat":[137],"product_tag":[],"class_list":{"0":"post-21483","1":"product","2":"type-product","3":"status-publish","5":"product_cat-maros-megyei-eletrajzi-lexikon","7":"first","8":"instock","9":"shipping-taxable","10":"product-type-simple"},"_links":{"self":[{"href":"https:\/\/uj.adatbank.ro\/lexikon\/wp-json\/wp\/v2\/product\/21483","targetHints":{"allow":["GET"]}}],"collection":[{"href":"https:\/\/uj.adatbank.ro\/lexikon\/wp-json\/wp\/v2\/product"}],"about":[{"href":"https:\/\/uj.adatbank.ro\/lexikon\/wp-json\/wp\/v2\/types\/product"}],"replies":[{"embeddable":true,"href":"https:\/\/uj.adatbank.ro\/lexikon\/wp-json\/wp\/v2\/comments?post=21483"}],"wp:attachment":[{"href":"https:\/\/uj.adatbank.ro\/lexikon\/wp-json\/wp\/v2\/media?parent=21483"}],"wp:term":[{"taxonomy":"product_brand","embeddable":true,"href":"https:\/\/uj.adatbank.ro\/lexikon\/wp-json\/wp\/v2\/product_brand?post=21483"},{"taxonomy":"product_cat","embeddable":true,"href":"https:\/\/uj.adatbank.ro\/lexikon\/wp-json\/wp\/v2\/product_cat?post=21483"},{"taxonomy":"product_tag","embeddable":true,"href":"https:\/\/uj.adatbank.ro\/lexikon\/wp-json\/wp\/v2\/product_tag?post=21483"}],"curies":[{"name":"wp","href":"https:\/\/api.w.org\/{rel}","templated":true}]}}

SZÁSZ Albert

<p>Parajd, 1946. okt. 5., † Mv., 2004. aug. 1.: edző, sporttanár, atléta, középtávfutó. – A buk.-i Testnevelési Főiskolán végzett (1965–69). Sporttanár a Bolyai Farkas Líc.-ban (1969–83); az Iskolás Sportklub Atlétika katedráján dolgozott (1983–), majd igazgató (1990–), a létrehozott mv.-i Sportlíc. tanára volt, igazgatója (2000–2003), amely halála után felvette a nevét (2005. okt. 14.). A tízpróbások és a középtávfutók edzője volt. A m. tanfelügyelőség szaktanácsadója is volt. Tanítványai közül országos – Európa- és világbajnokok kerültek ki: Kovács Ella, Hodos László, Jakab Zoltán. Emlékére tisztelői évenként futóversenyt szerveztek Mv.-en és Szovátán (2005–). <br /><strong>Irod.:</strong> Gergely Erzsébet: Sz. A. emlékére (Nú., 2005. okt. 18); Krónika (2005. szept. 22.); Nagy-Bodó Szilárd: Mozgással emlékeznek a fáradhatatlan atlétára (Nú., 2021. okt. 22.); [Nekrológ] (Nú., 2004. aug. 6.); Nú. (2005. szept. 24.); Szucher Ervin: A tehetséggyártók örömei és gondjai (Nú., 1991. máj. 21.); (vajda): Tavaszi futóverseny Sz. A. emlékére (Nú., 2010. ápr. 19.).</br></p>

<p>Parajd, 1946. okt. 5., † Mv., 2004. aug. 1.: edző, sporttanár, atléta, középtávfutó. – A buk.-i Testnevelési Főiskolán végzett (1965–69). Sporttanár a Bolyai Farkas Líc.-ban (1969–83); az Iskolás Sportklub Atlétika katedráján dolgozott (1983–), majd igazgató (1990–), a létrehozott mv.-i Sportlíc. tanára volt, igazgatója (2000–2003), amely halála után felvette a nevét (2005. okt. 14.). A tízpróbások [&hellip;]</p>
