{"id":2149,"date":"2025-06-28T12:05:15","date_gmt":"2025-06-28T10:05:15","guid":{"rendered":"https:\/\/uj.adatbank.ro\/lexikon\/termek\/banffy-anna-katalin-maria-losonci-br-toldalagi-viktorne\/"},"modified":"2025-06-28T12:05:15","modified_gmt":"2025-06-28T10:05:15","slug":"banffy-anna-katalin-maria-losonci-br-toldalagi-viktorne","status":"publish","type":"product","link":"https:\/\/uj.adatbank.ro\/lexikon\/termek\/banffy-anna-katalin-maria-losonci-br-toldalagi-viktorne\/","title":{"rendered":"B\u00c1NFFY Anna Katalin M\u00e1ria, losonci br; Toldalagi Viktorn\u00e9"},"content":{"rendered":"<p>G\u00e1ldt\u0151, 1831. febr. 15., \u2020\u00a0Marosszentgy\u00f6rgy, 1897. jan. 24.: marosszentgy\u00f6rgyi f\u00f6ldbirtokos. \u2013 B. Zsigmond (1802\u20131885) \u00e9s gr. Bethlen Anna (1808\u20131865) le\u00e1nya. F\u00e9rje nagyertsei \u00e9s gelenczei gr. Tholdalagi Viktor (1829. febr. 4. \u20201881). Esk\u00fcv\u0151: Kv., 1860. \u00e1pr. 11. Lak\u00e1s: Koronk\u00e1n. Gyermekeik: Anna S\u00e9nyi L\u00e1szl\u00f3n\u00e9 (1861\u20131932); L\u00e1szl\u00f3 (1865\u20131923); R\u00f3za M\u00e1riaffy Ljosn\u00e9 (1866\u20131943). EMKE alap\u00edt\u00f3 \u00e9s \u00f6r\u00f6k\u00f6s tagja. A Sz\u00e9kelyf\u00f6ldi Klotild Le\u00e1ny\u00e1rvah\u00e1z eln\u00f6ke (1874\u2013). <br \/><strong>Irod.:<\/strong> Bi\u00e1s Istv\u00e1n; Gudenus; Id\u0151t\u00e1r 2; Nagy Iv\u00e1n, S\u00e1ndor<\/br><\/p>\n","protected":false},"excerpt":{"rendered":"<p>G\u00e1ldt\u0151, 1831. febr. 15., \u2020\u00a0Marosszentgy\u00f6rgy, 1897. jan. 24.: marosszentgy\u00f6rgyi f\u00f6ldbirtokos. \u2013 B. Zsigmond (1802\u20131885) \u00e9s gr. Bethlen Anna (1808\u20131865) le\u00e1nya. F\u00e9rje nagyertsei \u00e9s gelenczei gr. Tholdalagi Viktor (1829. febr. 4. \u20201881). Esk\u00fcv\u0151: Kv., 1860. \u00e1pr. 11. Lak\u00e1s: Koronk\u00e1n. Gyermekeik: Anna S\u00e9nyi L\u00e1szl\u00f3n\u00e9 (1861\u20131932); L\u00e1szl\u00f3 (1865\u20131923); R\u00f3za M\u00e1riaffy Ljosn\u00e9 (1866\u20131943). EMKE alap\u00edt\u00f3 \u00e9s \u00f6r\u00f6k\u00f6s tagja. A [&hellip;]<\/p>\n","protected":false},"featured_media":0,"comment_status":"open","ping_status":"closed","template":"","meta":[],"product_brand":[],"product_cat":[137],"product_tag":[],"class_list":{"0":"post-2149","1":"product","2":"type-product","3":"status-publish","5":"product_cat-maros-megyei-eletrajzi-lexikon","7":"first","8":"instock","9":"shipping-taxable","10":"product-type-simple"},"_links":{"self":[{"href":"https:\/\/uj.adatbank.ro\/lexikon\/wp-json\/wp\/v2\/product\/2149","targetHints":{"allow":["GET"]}}],"collection":[{"href":"https:\/\/uj.adatbank.ro\/lexikon\/wp-json\/wp\/v2\/product"}],"about":[{"href":"https:\/\/uj.adatbank.ro\/lexikon\/wp-json\/wp\/v2\/types\/product"}],"replies":[{"embeddable":true,"href":"https:\/\/uj.adatbank.ro\/lexikon\/wp-json\/wp\/v2\/comments?post=2149"}],"wp:attachment":[{"href":"https:\/\/uj.adatbank.ro\/lexikon\/wp-json\/wp\/v2\/media?parent=2149"}],"wp:term":[{"taxonomy":"product_brand","embeddable":true,"href":"https:\/\/uj.adatbank.ro\/lexikon\/wp-json\/wp\/v2\/product_brand?post=2149"},{"taxonomy":"product_cat","embeddable":true,"href":"https:\/\/uj.adatbank.ro\/lexikon\/wp-json\/wp\/v2\/product_cat?post=2149"},{"taxonomy":"product_tag","embeddable":true,"href":"https:\/\/uj.adatbank.ro\/lexikon\/wp-json\/wp\/v2\/product_tag?post=2149"}],"curies":[{"name":"wp","href":"https:\/\/api.w.org\/{rel}","templated":true}]}}

BÁNFFY Anna Katalin Mária, losonci br; Toldalagi Viktorné

<p>Gáldtő, 1831. febr. 15., † Marosszentgyörgy, 1897. jan. 24.: marosszentgyörgyi földbirtokos. – B. Zsigmond (1802–1885) és gr. Bethlen Anna (1808–1865) leánya. Férje nagyertsei és gelenczei gr. Tholdalagi Viktor (1829. febr. 4. †1881). Esküvő: Kv., 1860. ápr. 11. Lakás: Koronkán. Gyermekeik: Anna Sényi Lászlóné (1861–1932); László (1865–1923); Róza Máriaffy Ljosné (1866–1943). EMKE alapító és örökös tagja. A Székelyföldi Klotild Leányárvaház elnöke (1874–). <br /><strong>Irod.:</strong> Biás István; Gudenus; Időtár 2; Nagy Iván, Sándor</br></p>

<p>Gáldtő, 1831. febr. 15., † Marosszentgyörgy, 1897. jan. 24.: marosszentgyörgyi földbirtokos. – B. Zsigmond (1802–1885) és gr. Bethlen Anna (1808–1865) leánya. Férje nagyertsei és gelenczei gr. Tholdalagi Viktor (1829. febr. 4. †1881). Esküvő: Kv., 1860. ápr. 11. Lakás: Koronkán. Gyermekeik: Anna Sényi Lászlóné (1861–1932); László (1865–1923); Róza Máriaffy Ljosné (1866–1943). EMKE alapító és örökös tagja. A [&hellip;]</p>
