{"id":21490,"date":"2025-07-22T19:26:46","date_gmt":"2025-07-22T17:26:46","guid":{"rendered":"https:\/\/uj.adatbank.ro\/lexikon\/termek\/szasz-bela-2\/"},"modified":"2025-07-22T19:26:46","modified_gmt":"2025-07-22T17:26:46","slug":"szasz-bela-2","status":"publish","type":"product","link":"https:\/\/uj.adatbank.ro\/lexikon\/termek\/szasz-bela-2\/","title":{"rendered":"SZ\u00c1SZ B\u00e9la"},"content":{"rendered":"<p>? \u2020 1922. m\u00e1rc.: szerkeszt\u0151, irodalomt\u00f6rt\u00e9n\u00e9sz, kritikus, \u00fajs\u00e1g\u00edr\u00f3. \u2013 Tan\u00e1rjel\u00f6ltk\u00e9nt alkalmazt\u00e1k a mv.-i V\u00e1rosi K\u00f6nyvt\u00e1rban rakt\u00e1rnoknak (1913. szept. 27.\u2013). Az Erd\u00e9lyi \u00dajs\u00e1g\u00edr\u00f3k Almanachj\u00e1nak egyik szerkeszt\u0151je. Felel\u0151s szerk. a mv.-i Sz\u00ednh\u00e1z \u00e9s T\u00e1rsas\u00e1g c. lapnak (1919\u20131920), felel\u0151s szerk. \u00e9s laptulajdonosa a H\u00e9tf\u0151i \u00dajs\u00e1gnak (1921\u201322) alap\u00edtotta \u00e9s kiadta a m\u0171v\u00e9szeti \u00e9s t\u00e1rsadalmi hetilapj\u00e1t Sz\u00ednh\u00e1zi H\u00e9t c. (1919\u201326). K\u00f6nyveket adom\u00e1nyozott a V\u00e1rosi K\u00f6nyvt\u00e1rnak (1913 k.). A Mv.-i K\u00f6zm\u0171vel\u0151d\u00e9si Egylet f\u0151titk\u00e1ra (1914). \u2013 <strong><strong>F. m.<\/strong><\/strong>: <strong>t\u00e1rssz.:<\/strong> R\u00e1k\u00f3czi album: a mv-i R\u00e1k\u00f3czi szobornak 1907. \u00e9vi nov. h\u00f3. 29.-\u00e9n t\u00f6rt\u00e9nt leleplez\u00e9se eml\u00e9k\u00e9re (Mv., 1907). <br \/><strong>Irod.:<\/strong> Ferenczi 1973; Id\u0151t\u00e1r 2; Molter 1.; Osv\u00e1t K\u00e1lm\u00e1n: Sz. B. kopors\u00f3ja mellett (Kalauz, 1922. m\u00e1rc. 5.); \u00d6kr\u00f6s; Popt\u0103ma\u015f\u2013M\u00f3zes.<\/br><\/p>\n","protected":false},"excerpt":{"rendered":"<p>? \u2020 1922. m\u00e1rc.: szerkeszt\u0151, irodalomt\u00f6rt\u00e9n\u00e9sz, kritikus, \u00fajs\u00e1g\u00edr\u00f3. \u2013 Tan\u00e1rjel\u00f6ltk\u00e9nt alkalmazt\u00e1k a mv.-i V\u00e1rosi K\u00f6nyvt\u00e1rban rakt\u00e1rnoknak (1913. szept. 27.\u2013). Az Erd\u00e9lyi \u00dajs\u00e1g\u00edr\u00f3k Almanachj\u00e1nak egyik szerkeszt\u0151je. Felel\u0151s szerk. a mv.-i Sz\u00ednh\u00e1z \u00e9s T\u00e1rsas\u00e1g c. lapnak (1919\u20131920), felel\u0151s szerk. \u00e9s laptulajdonosa a H\u00e9tf\u0151i \u00dajs\u00e1gnak (1921\u201322) alap\u00edtotta \u00e9s kiadta a m\u0171v\u00e9szeti \u00e9s t\u00e1rsadalmi hetilapj\u00e1t Sz\u00ednh\u00e1zi H\u00e9t c. (1919\u201326). [&hellip;]<\/p>\n","protected":false},"featured_media":0,"comment_status":"open","ping_status":"closed","template":"","meta":[],"product_brand":[],"product_cat":[137],"product_tag":[],"class_list":{"0":"post-21490","1":"product","2":"type-product","3":"status-publish","5":"product_cat-maros-megyei-eletrajzi-lexikon","7":"first","8":"instock","9":"shipping-taxable","10":"product-type-simple"},"_links":{"self":[{"href":"https:\/\/uj.adatbank.ro\/lexikon\/wp-json\/wp\/v2\/product\/21490","targetHints":{"allow":["GET"]}}],"collection":[{"href":"https:\/\/uj.adatbank.ro\/lexikon\/wp-json\/wp\/v2\/product"}],"about":[{"href":"https:\/\/uj.adatbank.ro\/lexikon\/wp-json\/wp\/v2\/types\/product"}],"replies":[{"embeddable":true,"href":"https:\/\/uj.adatbank.ro\/lexikon\/wp-json\/wp\/v2\/comments?post=21490"}],"wp:attachment":[{"href":"https:\/\/uj.adatbank.ro\/lexikon\/wp-json\/wp\/v2\/media?parent=21490"}],"wp:term":[{"taxonomy":"product_brand","embeddable":true,"href":"https:\/\/uj.adatbank.ro\/lexikon\/wp-json\/wp\/v2\/product_brand?post=21490"},{"taxonomy":"product_cat","embeddable":true,"href":"https:\/\/uj.adatbank.ro\/lexikon\/wp-json\/wp\/v2\/product_cat?post=21490"},{"taxonomy":"product_tag","embeddable":true,"href":"https:\/\/uj.adatbank.ro\/lexikon\/wp-json\/wp\/v2\/product_tag?post=21490"}],"curies":[{"name":"wp","href":"https:\/\/api.w.org\/{rel}","templated":true}]}}

SZÁSZ Béla

<p>? † 1922. márc.: szerkesztő, irodalomtörténész, kritikus, újságíró. – Tanárjelöltként alkalmazták a mv.-i Városi Könyvtárban raktárnoknak (1913. szept. 27.–). Az Erdélyi Újságírók Almanachjának egyik szerkesztője. Felelős szerk. a mv.-i Színház és Társaság c. lapnak (1919–1920), felelős szerk. és laptulajdonosa a Hétfői Újságnak (1921–22) alapította és kiadta a művészeti és társadalmi hetilapját Színházi Hét c. (1919–26). Könyveket adományozott a Városi Könyvtárnak (1913 k.). A Mv.-i Közművelődési Egylet főtitkára (1914). – <strong><strong>F. m.</strong></strong>: <strong>társsz.:</strong> Rákóczi album: a mv-i Rákóczi szobornak 1907. évi nov. hó. 29.-én történt leleplezése emlékére (Mv., 1907). <br /><strong>Irod.:</strong> Ferenczi 1973; Időtár 2; Molter 1.; Osvát Kálmán: Sz. B. koporsója mellett (Kalauz, 1922. márc. 5.); Ökrös; Poptămaş–Mózes.</br></p>

<p>? † 1922. márc.: szerkesztő, irodalomtörténész, kritikus, újságíró. – Tanárjelöltként alkalmazták a mv.-i Városi Könyvtárban raktárnoknak (1913. szept. 27.–). Az Erdélyi Újságírók Almanachjának egyik szerkesztője. Felelős szerk. a mv.-i Színház és Társaság c. lapnak (1919–1920), felelős szerk. és laptulajdonosa a Hétfői Újságnak (1921–22) alapította és kiadta a művészeti és társadalmi hetilapját Színházi Hét c. (1919–26). [&hellip;]</p>
