{"id":21493,"date":"2025-07-22T19:26:51","date_gmt":"2025-07-22T17:26:51","guid":{"rendered":"https:\/\/uj.adatbank.ro\/lexikon\/termek\/szasz-bela-%c2%a7\/"},"modified":"2025-07-22T19:26:51","modified_gmt":"2025-07-22T17:26:51","slug":"szasz-bela-%c2%a7","status":"publish","type":"product","link":"https:\/\/uj.adatbank.ro\/lexikon\/termek\/szasz-bela-%c2%a7\/","title":{"rendered":"SZ\u00c1SZ B\u00e9la, \u00a7"},"content":{"rendered":"<p>Kv., 1910. \u2020\u00a0Mv., 1978. szept. 7.: \u00fajs\u00e1g\u00edr\u00f3, ford\u00edt\u00f3. \u2013 A kv.-i Ref. Koll.-ban \u00e9retts\u00e9gizett (1928), majd az I. Ferdin\u00e1nd TE-en szerzett jogi diplom\u00e1t. Lapszerkeszt\u0151 volt Kv.-on a Keleti \u00dajs\u00e1g (1930\u201343); Ellenz\u00e9k, Magyar \u00dajs\u00e1gn\u00e1l (1943\u201344). A mv.-i Sz\u00e9kely Sz\u00f3 bels\u0151 munkat\u00e1rsa (1944); munkat\u00e1rsa a Szabad Sz\u00f3nak (1945\u2013). Az \u00c1IMK mv.-i magyar r\u00e9szleg\u00e9nek szerkeszt\u0151je (1955\u201360). Egy ideig a V. Z. szerk., majd az \u00daj \u00c9let bels\u0151 munkat\u00e1rsa nyugd\u00edjaz\u00e1s\u00e1ig (1960\u2013). A securitate megfigyeltette (1964 k.\u2013). Rom\u00e1n irodalmi t\u00e1rgy\u00fa \u00edr\u00e1sait az Igaz Sz\u00f3, Utunk, M\u0171vel\u0151d\u00e9s, K\u00f6nyvt\u00e1rosok T\u00e1j\u00e9koztat\u00f3ja, El\u0151re k\u00f6z\u00f6lte. Ford\u00edt\u00e1sai jelentek meg francia nyelvb\u0151l a P\u00e1sztort\u0171zben. \u2013 <strong>F. m.<\/strong>: <strong>ford.:<\/strong> Ion Vitner. Eminescu (Mv., 1956); Alecsandri ford\u00edt\u00e1sai = A rom\u00e1n irodalom kist\u00fckre c. antol\u00f3gia 1. k\u00f6t. (Buk, 1961); <strong>szerk.:<\/strong> Al. Vlahu\u0163a: K\u00f6ltem\u00e9nyek (Buk., 1957). <br \/><strong>Irod.:<\/strong> Bartos 2012; Bottoni 2008; [Nekrol\u00f3g] (V. Z., 1978. szept. 10.); B\u00facs\u00faztat\u00f3 helyett (V. Z., 1978. szept. 12.); Katona Szab\u00f3; Polg\u00e1r Istv\u00e1n: B\u00facs\u00fa Sz. B.-t\u00f3l (\u00daj \u00c9let, 18. sz., 1978); RMIL.<\/br><\/p>\n","protected":false},"excerpt":{"rendered":"<p>Kv., 1910. \u2020\u00a0Mv., 1978. szept. 7.: \u00fajs\u00e1g\u00edr\u00f3, ford\u00edt\u00f3. \u2013 A kv.-i Ref. Koll.-ban \u00e9retts\u00e9gizett (1928), majd az I. Ferdin\u00e1nd TE-en szerzett jogi diplom\u00e1t. Lapszerkeszt\u0151 volt Kv.-on a Keleti \u00dajs\u00e1g (1930\u201343); Ellenz\u00e9k, Magyar \u00dajs\u00e1gn\u00e1l (1943\u201344). A mv.-i Sz\u00e9kely Sz\u00f3 bels\u0151 munkat\u00e1rsa (1944); munkat\u00e1rsa a Szabad Sz\u00f3nak (1945\u2013). Az \u00c1IMK mv.-i magyar r\u00e9szleg\u00e9nek szerkeszt\u0151je (1955\u201360). Egy ideig [&hellip;]<\/p>\n","protected":false},"featured_media":0,"comment_status":"open","ping_status":"closed","template":"","meta":[],"product_brand":[],"product_cat":[137],"product_tag":[],"class_list":{"0":"post-21493","1":"product","2":"type-product","3":"status-publish","5":"product_cat-maros-megyei-eletrajzi-lexikon","7":"first","8":"instock","9":"shipping-taxable","10":"product-type-simple"},"_links":{"self":[{"href":"https:\/\/uj.adatbank.ro\/lexikon\/wp-json\/wp\/v2\/product\/21493","targetHints":{"allow":["GET"]}}],"collection":[{"href":"https:\/\/uj.adatbank.ro\/lexikon\/wp-json\/wp\/v2\/product"}],"about":[{"href":"https:\/\/uj.adatbank.ro\/lexikon\/wp-json\/wp\/v2\/types\/product"}],"replies":[{"embeddable":true,"href":"https:\/\/uj.adatbank.ro\/lexikon\/wp-json\/wp\/v2\/comments?post=21493"}],"wp:attachment":[{"href":"https:\/\/uj.adatbank.ro\/lexikon\/wp-json\/wp\/v2\/media?parent=21493"}],"wp:term":[{"taxonomy":"product_brand","embeddable":true,"href":"https:\/\/uj.adatbank.ro\/lexikon\/wp-json\/wp\/v2\/product_brand?post=21493"},{"taxonomy":"product_cat","embeddable":true,"href":"https:\/\/uj.adatbank.ro\/lexikon\/wp-json\/wp\/v2\/product_cat?post=21493"},{"taxonomy":"product_tag","embeddable":true,"href":"https:\/\/uj.adatbank.ro\/lexikon\/wp-json\/wp\/v2\/product_tag?post=21493"}],"curies":[{"name":"wp","href":"https:\/\/api.w.org\/{rel}","templated":true}]}}

SZÁSZ Béla, §

<p>Kv., 1910. † Mv., 1978. szept. 7.: újságíró, fordító. – A kv.-i Ref. Koll.-ban érettségizett (1928), majd az I. Ferdinánd TE-en szerzett jogi diplomát. Lapszerkesztő volt Kv.-on a Keleti Újság (1930–43); Ellenzék, Magyar Újságnál (1943–44). A mv.-i Székely Szó belső munkatársa (1944); munkatársa a Szabad Szónak (1945–). Az ÁIMK mv.-i magyar részlegének szerkesztője (1955–60). Egy ideig a V. Z. szerk., majd az Új Élet belső munkatársa nyugdíjazásáig (1960–). A securitate megfigyeltette (1964 k.–). Román irodalmi tárgyú írásait az Igaz Szó, Utunk, Művelődés, Könyvtárosok Tájékoztatója, Előre közölte. Fordításai jelentek meg francia nyelvből a Pásztortűzben. – <strong>F. m.</strong>: <strong>ford.:</strong> Ion Vitner. Eminescu (Mv., 1956); Alecsandri fordításai = A román irodalom kistükre c. antológia 1. köt. (Buk, 1961); <strong>szerk.:</strong> Al. Vlahuţa: Költemények (Buk., 1957). <br /><strong>Irod.:</strong> Bartos 2012; Bottoni 2008; [Nekrológ] (V. Z., 1978. szept. 10.); Búcsúztató helyett (V. Z., 1978. szept. 12.); Katona Szabó; Polgár István: Búcsú Sz. B.-tól (Új Élet, 18. sz., 1978); RMIL.</br></p>

<p>Kv., 1910. † Mv., 1978. szept. 7.: újságíró, fordító. – A kv.-i Ref. Koll.-ban érettségizett (1928), majd az I. Ferdinánd TE-en szerzett jogi diplomát. Lapszerkesztő volt Kv.-on a Keleti Újság (1930–43); Ellenzék, Magyar Újságnál (1943–44). A mv.-i Székely Szó belső munkatársa (1944); munkatársa a Szabad Szónak (1945–). Az ÁIMK mv.-i magyar részlegének szerkesztője (1955–60). Egy ideig [&hellip;]</p>
