{"id":21496,"date":"2025-07-22T19:26:57","date_gmt":"2025-07-22T17:26:57","guid":{"rendered":"https:\/\/uj.adatbank.ro\/lexikon\/termek\/szasz-david\/"},"modified":"2025-07-22T19:26:57","modified_gmt":"2025-07-22T17:26:57","slug":"szasz-david","status":"publish","type":"product","link":"https:\/\/uj.adatbank.ro\/lexikon\/termek\/szasz-david\/","title":{"rendered":"SZ\u00c1SZ D\u00e1vid"},"content":{"rendered":"<p>? \u2020?: l\u00e9vita. \u2013 Az andr\u00e1sfalvi ref. iskola els\u0151 tan\u00edt\u00f3ja (1808). <br \/><strong>Irod.:<\/strong> Ny\u00e1r\u00e1dszereda: Kiskalauz.<\/br><\/p>\n","protected":false},"excerpt":{"rendered":"<p>? \u2020?: l\u00e9vita. \u2013 Az andr\u00e1sfalvi ref. iskola els\u0151 tan\u00edt\u00f3ja (1808). Irod.: Ny\u00e1r\u00e1dszereda: Kiskalauz.<\/p>\n","protected":false},"featured_media":0,"comment_status":"open","ping_status":"closed","template":"","meta":[],"product_brand":[],"product_cat":[137],"product_tag":[],"class_list":{"0":"post-21496","1":"product","2":"type-product","3":"status-publish","5":"product_cat-maros-megyei-eletrajzi-lexikon","7":"first","8":"instock","9":"shipping-taxable","10":"product-type-simple"},"_links":{"self":[{"href":"https:\/\/uj.adatbank.ro\/lexikon\/wp-json\/wp\/v2\/product\/21496","targetHints":{"allow":["GET"]}}],"collection":[{"href":"https:\/\/uj.adatbank.ro\/lexikon\/wp-json\/wp\/v2\/product"}],"about":[{"href":"https:\/\/uj.adatbank.ro\/lexikon\/wp-json\/wp\/v2\/types\/product"}],"replies":[{"embeddable":true,"href":"https:\/\/uj.adatbank.ro\/lexikon\/wp-json\/wp\/v2\/comments?post=21496"}],"wp:attachment":[{"href":"https:\/\/uj.adatbank.ro\/lexikon\/wp-json\/wp\/v2\/media?parent=21496"}],"wp:term":[{"taxonomy":"product_brand","embeddable":true,"href":"https:\/\/uj.adatbank.ro\/lexikon\/wp-json\/wp\/v2\/product_brand?post=21496"},{"taxonomy":"product_cat","embeddable":true,"href":"https:\/\/uj.adatbank.ro\/lexikon\/wp-json\/wp\/v2\/product_cat?post=21496"},{"taxonomy":"product_tag","embeddable":true,"href":"https:\/\/uj.adatbank.ro\/lexikon\/wp-json\/wp\/v2\/product_tag?post=21496"}],"curies":[{"name":"wp","href":"https:\/\/api.w.org\/{rel}","templated":true}]}}