{"id":21502,"date":"2025-07-22T19:27:09","date_gmt":"2025-07-22T17:27:09","guid":{"rendered":"https:\/\/uj.adatbank.ro\/lexikon\/termek\/szasz-endre\/"},"modified":"2025-07-22T19:27:09","modified_gmt":"2025-07-22T17:27:09","slug":"szasz-endre","status":"publish","type":"product","link":"https:\/\/uj.adatbank.ro\/lexikon\/termek\/szasz-endre\/","title":{"rendered":"SZ\u00c1SZ Endre"},"content":{"rendered":"<p>Kv., 1886, \u2020\u00a0Mez\u0151t\u00far, 1944.: lapszerkeszt\u0151, kiad\u00f3. \u2013 Feles\u00e9ge: Szappanyos Gabriella. \u2013 A kv.-i FJTE-en szerzett jogi diplom\u00e1t. \u00dajs\u00e1g\u00edr\u00f3 lett. T\u00edz \u00e9vig az \u00dajs\u00e1g, majd az Ellenz\u00e9k, Keleti \u00dajs\u00e1g (1925\u201339) felel\u0151s szerkeszt\u0151je. a bp.-i Friss \u00dajs\u00e1g f\u0151munkat\u00e1rsa; felel\u0151s kiad\u00f3ja a D\u00e9li H\u00edrlapnak (Mv., 1943\u201344) A Kisebbs\u00e9gi \u00dajs\u00e1g\u00edr\u00f3 Egyletnek t\u00f6bb \u00e9ven \u00e1t aleln\u00f6ke, majd eln\u00f6ke. 25 \u00e9ves \u00fajs\u00e1g\u00edr\u00f3i jubileum\u00e1t meg\u00fcnnepelt\u00e9k (1932). T\u00f6bb cikkben is foglalkozott Szab\u00f3 Dezs\u0151vel \u00e9s viszony\u00e1val az erd\u00e9lyi irodalomhoz. B\u00edr\u00e1lta a Helikon irodalompolitik\u00e1j\u00e1t. Kv.-r\u00f3l \u00e1ttelep\u00fclt Mv.-re, a Sz\u00e9kely Sz\u00f3 f\u0151szerkeszt\u0151je, feles\u00e9g\u00e9vel szerkesztette \u00e9s kiadta (1941\u201344); A Mv.-en megjelen\u0151 Szabad Sz\u00f3 (1944. nov.4. \u2013) munkat\u00e1rsa, az el\u0151z\u0151 napilap, a Sz\u00e9kely Sz\u00f3 munkat\u00e1rsai k\u00f6z\u00fcl ker\u00fcltek ki a f\u00e9lrevezet\u0151 feljelent\u00e9sek \u00e9s emiatt a szovjet csapatok elhurcolt\u00e1k (1944 szept.), kiszabadul\u00e1sa ut\u00e1n nemsok\u00e1ra meghalt. \u00d6n\u00e9letrajzi eml\u00e9keket id\u00e9z fel t\u00f6bb \u00edr\u00e1s\u00e1ban, amelyek a Keleti \u00dajs\u00e1gban jelentek meg. \u2013 <strong>F. m.<\/strong>: <strong>antol\u00f3g.:<\/strong> Metamorphosis Transilvaniae (Kv., 1937). <br \/><strong>Irod.:<\/strong> Helikon 1924\u20131944; Id\u0151t\u00e1r 3, Marosi-Helikon; Marosi-KZST; Molter 1, 2.; Mv. t\u00f6rt. 2.; Popt\u0103ma\u015f\u2013M\u00f3zes, RMIL; Valentiny 1938.<\/br><\/p>\n","protected":false},"excerpt":{"rendered":"<p>Kv., 1886, \u2020\u00a0Mez\u0151t\u00far, 1944.: lapszerkeszt\u0151, kiad\u00f3. \u2013 Feles\u00e9ge: Szappanyos Gabriella. \u2013 A kv.-i FJTE-en szerzett jogi diplom\u00e1t. \u00dajs\u00e1g\u00edr\u00f3 lett. T\u00edz \u00e9vig az \u00dajs\u00e1g, majd az Ellenz\u00e9k, Keleti \u00dajs\u00e1g (1925\u201339) felel\u0151s szerkeszt\u0151je. a bp.-i Friss \u00dajs\u00e1g f\u0151munkat\u00e1rsa; felel\u0151s kiad\u00f3ja a D\u00e9li H\u00edrlapnak (Mv., 1943\u201344) A Kisebbs\u00e9gi \u00dajs\u00e1g\u00edr\u00f3 Egyletnek t\u00f6bb \u00e9ven \u00e1t aleln\u00f6ke, majd eln\u00f6ke. 25 \u00e9ves [&hellip;]<\/p>\n","protected":false},"featured_media":0,"comment_status":"open","ping_status":"closed","template":"","meta":[],"product_brand":[],"product_cat":[137],"product_tag":[],"class_list":{"0":"post-21502","1":"product","2":"type-product","3":"status-publish","5":"product_cat-maros-megyei-eletrajzi-lexikon","7":"first","8":"instock","9":"shipping-taxable","10":"product-type-simple"},"_links":{"self":[{"href":"https:\/\/uj.adatbank.ro\/lexikon\/wp-json\/wp\/v2\/product\/21502","targetHints":{"allow":["GET"]}}],"collection":[{"href":"https:\/\/uj.adatbank.ro\/lexikon\/wp-json\/wp\/v2\/product"}],"about":[{"href":"https:\/\/uj.adatbank.ro\/lexikon\/wp-json\/wp\/v2\/types\/product"}],"replies":[{"embeddable":true,"href":"https:\/\/uj.adatbank.ro\/lexikon\/wp-json\/wp\/v2\/comments?post=21502"}],"wp:attachment":[{"href":"https:\/\/uj.adatbank.ro\/lexikon\/wp-json\/wp\/v2\/media?parent=21502"}],"wp:term":[{"taxonomy":"product_brand","embeddable":true,"href":"https:\/\/uj.adatbank.ro\/lexikon\/wp-json\/wp\/v2\/product_brand?post=21502"},{"taxonomy":"product_cat","embeddable":true,"href":"https:\/\/uj.adatbank.ro\/lexikon\/wp-json\/wp\/v2\/product_cat?post=21502"},{"taxonomy":"product_tag","embeddable":true,"href":"https:\/\/uj.adatbank.ro\/lexikon\/wp-json\/wp\/v2\/product_tag?post=21502"}],"curies":[{"name":"wp","href":"https:\/\/api.w.org\/{rel}","templated":true}]}}

SZÁSZ Endre

<p>Kv., 1886, † Mezőtúr, 1944.: lapszerkesztő, kiadó. – Felesége: Szappanyos Gabriella. – A kv.-i FJTE-en szerzett jogi diplomát. Újságíró lett. Tíz évig az Újság, majd az Ellenzék, Keleti Újság (1925–39) felelős szerkesztője. a bp.-i Friss Újság főmunkatársa; felelős kiadója a Déli Hírlapnak (Mv., 1943–44) A Kisebbségi Újságíró Egyletnek több éven át alelnöke, majd elnöke. 25 éves újságírói jubileumát megünnepelték (1932). Több cikkben is foglalkozott Szabó Dezsővel és viszonyával az erdélyi irodalomhoz. Bírálta a Helikon irodalompolitikáját. Kv.-ról áttelepült Mv.-re, a Székely Szó főszerkesztője, feleségével szerkesztette és kiadta (1941–44); A Mv.-en megjelenő Szabad Szó (1944. nov.4. –) munkatársa, az előző napilap, a Székely Szó munkatársai közül kerültek ki a félrevezető feljelentések és emiatt a szovjet csapatok elhurcolták (1944 szept.), kiszabadulása után nemsokára meghalt. Önéletrajzi emlékeket idéz fel több írásában, amelyek a Keleti Újságban jelentek meg. – <strong>F. m.</strong>: <strong>antológ.:</strong> Metamorphosis Transilvaniae (Kv., 1937). <br /><strong>Irod.:</strong> Helikon 1924–1944; Időtár 3, Marosi-Helikon; Marosi-KZST; Molter 1, 2.; Mv. tört. 2.; Poptămaş–Mózes, RMIL; Valentiny 1938.</br></p>

<p>Kv., 1886, † Mezőtúr, 1944.: lapszerkesztő, kiadó. – Felesége: Szappanyos Gabriella. – A kv.-i FJTE-en szerzett jogi diplomát. Újságíró lett. Tíz évig az Újság, majd az Ellenzék, Keleti Újság (1925–39) felelős szerkesztője. a bp.-i Friss Újság főmunkatársa; felelős kiadója a Déli Hírlapnak (Mv., 1943–44) A Kisebbségi Újságíró Egyletnek több éven át alelnöke, majd elnöke. 25 éves [&hellip;]</p>
