{"id":21505,"date":"2025-07-22T19:27:16","date_gmt":"2025-07-22T17:27:16","guid":{"rendered":"https:\/\/uj.adatbank.ro\/lexikon\/termek\/szasz-ferenc\/"},"modified":"2025-07-22T19:27:16","modified_gmt":"2025-07-22T17:27:16","slug":"szasz-ferenc","status":"publish","type":"product","link":"https:\/\/uj.adatbank.ro\/lexikon\/termek\/szasz-ferenc\/","title":{"rendered":"SZ\u00c1SZ Ferenc"},"content":{"rendered":"<p>\u00c1kosfalva, 1826. \u00e1pr. 9., \u2020 Somosd, 1896.: ref. lelkip\u00e1sztor. \u2013 Agyag\u00e1si Mih\u00e1ly, somosdi lp. mell\u00e9 nevezt\u00e9k ki seg\u00e9dlelk\u00e9sznek (1856. m\u00e1rc. 10.\u2013), akinek hal\u00e1la ut\u00e1n (1858) megv\u00e1lasztott\u00e1k par\u00f3kus lp.-nak, \u00e9s eg\u00e9sz \u00e9let\u00e9ben (39 \u00e9vig) megmaradt somosdi lelk\u00e9sznek; a papi kertben van eltemetve, n\u00e9gy elhalt gyermeke mell\u00e9. Elkezdte vezetni a Csal\u00e1dk\u00f6nyvet, amelynek k\u00f6sz\u00f6nhet\u0151en 4\u20135 nemzed\u00e9kre lehet a mai csal\u00e1dokat visszavezetni. A ma is \u00e1ll\u00f3 iskol\u00e1t \u00e9p\u00edttette (1869\u201370), orgon\u00e1t szerelt fel a templomba, cinteremkaput \u00e1ll\u00edttatott. R\u00e9szt vett Pesty Frigyes eg\u00e9sz Mo.-ra \u00e9s Erd\u00e9lyre kiterjedt helyn\u00e9vgy\u0171jt\u00e9s\u00e9ben (1864\u201365). <br \/><strong>Irod.:<\/strong> Pesty 2014; Somosd.<\/br><\/p>\n","protected":false},"excerpt":{"rendered":"<p>\u00c1kosfalva, 1826. \u00e1pr. 9., \u2020 Somosd, 1896.: ref. lelkip\u00e1sztor. \u2013 Agyag\u00e1si Mih\u00e1ly, somosdi lp. mell\u00e9 nevezt\u00e9k ki seg\u00e9dlelk\u00e9sznek (1856. m\u00e1rc. 10.\u2013), akinek hal\u00e1la ut\u00e1n (1858) megv\u00e1lasztott\u00e1k par\u00f3kus lp.-nak, \u00e9s eg\u00e9sz \u00e9let\u00e9ben (39 \u00e9vig) megmaradt somosdi lelk\u00e9sznek; a papi kertben van eltemetve, n\u00e9gy elhalt gyermeke mell\u00e9. Elkezdte vezetni a Csal\u00e1dk\u00f6nyvet, amelynek k\u00f6sz\u00f6nhet\u0151en 4\u20135 nemzed\u00e9kre lehet a [&hellip;]<\/p>\n","protected":false},"featured_media":0,"comment_status":"open","ping_status":"closed","template":"","meta":[],"product_brand":[],"product_cat":[137],"product_tag":[],"class_list":{"0":"post-21505","1":"product","2":"type-product","3":"status-publish","5":"product_cat-maros-megyei-eletrajzi-lexikon","7":"first","8":"instock","9":"shipping-taxable","10":"product-type-simple"},"_links":{"self":[{"href":"https:\/\/uj.adatbank.ro\/lexikon\/wp-json\/wp\/v2\/product\/21505","targetHints":{"allow":["GET"]}}],"collection":[{"href":"https:\/\/uj.adatbank.ro\/lexikon\/wp-json\/wp\/v2\/product"}],"about":[{"href":"https:\/\/uj.adatbank.ro\/lexikon\/wp-json\/wp\/v2\/types\/product"}],"replies":[{"embeddable":true,"href":"https:\/\/uj.adatbank.ro\/lexikon\/wp-json\/wp\/v2\/comments?post=21505"}],"wp:attachment":[{"href":"https:\/\/uj.adatbank.ro\/lexikon\/wp-json\/wp\/v2\/media?parent=21505"}],"wp:term":[{"taxonomy":"product_brand","embeddable":true,"href":"https:\/\/uj.adatbank.ro\/lexikon\/wp-json\/wp\/v2\/product_brand?post=21505"},{"taxonomy":"product_cat","embeddable":true,"href":"https:\/\/uj.adatbank.ro\/lexikon\/wp-json\/wp\/v2\/product_cat?post=21505"},{"taxonomy":"product_tag","embeddable":true,"href":"https:\/\/uj.adatbank.ro\/lexikon\/wp-json\/wp\/v2\/product_tag?post=21505"}],"curies":[{"name":"wp","href":"https:\/\/api.w.org\/{rel}","templated":true}]}}

SZÁSZ Ferenc

<p>Ákosfalva, 1826. ápr. 9., † Somosd, 1896.: ref. lelkipásztor. – Agyagási Mihály, somosdi lp. mellé nevezték ki segédlelkésznek (1856. márc. 10.–), akinek halála után (1858) megválasztották parókus lp.-nak, és egész életében (39 évig) megmaradt somosdi lelkésznek; a papi kertben van eltemetve, négy elhalt gyermeke mellé. Elkezdte vezetni a Családkönyvet, amelynek köszönhetően 4–5 nemzedékre lehet a mai családokat visszavezetni. A ma is álló iskolát építtette (1869–70), orgonát szerelt fel a templomba, cinteremkaput állíttatott. Részt vett Pesty Frigyes egész Mo.-ra és Erdélyre kiterjedt helynévgyűjtésében (1864–65). <br /><strong>Irod.:</strong> Pesty 2014; Somosd.</br></p>

<p>Ákosfalva, 1826. ápr. 9., † Somosd, 1896.: ref. lelkipásztor. – Agyagási Mihály, somosdi lp. mellé nevezték ki segédlelkésznek (1856. márc. 10.–), akinek halála után (1858) megválasztották parókus lp.-nak, és egész életében (39 évig) megmaradt somosdi lelkésznek; a papi kertben van eltemetve, négy elhalt gyermeke mellé. Elkezdte vezetni a Családkönyvet, amelynek köszönhetően 4–5 nemzedékre lehet a [&hellip;]</p>
