{"id":21506,"date":"2025-07-22T19:27:18","date_gmt":"2025-07-22T17:27:18","guid":{"rendered":"https:\/\/uj.adatbank.ro\/lexikon\/termek\/szasz-ferenc-2\/"},"modified":"2025-07-22T19:27:18","modified_gmt":"2025-07-22T17:27:18","slug":"szasz-ferenc-2","status":"publish","type":"product","link":"https:\/\/uj.adatbank.ro\/lexikon\/termek\/szasz-ferenc-2\/","title":{"rendered":"SZ\u00c1SZ Ferenc"},"content":{"rendered":"<p>? 1875., \u2020?: tan\u00e1r. \u2013 A mv.-i Ref. Koll. helyettes tan\u00e1ra (1905\u201309). A mv.-i r\u00e9g\u00e9szeti leletek felbukkan\u00e1s\u00e1r\u00f3l a Miksz\u00e1th K\u00e1lm\u00e1n u. \u00e9s k\u00f6rny\u00e9k\u00e9n \u00e9rtes\u00edtette az Erd\u00e9lyi M\u00fazeum R\u00e9gis\u00e9gt\u00e1r\u00e1nak igazgat\u00f3s\u00e1g\u00e1t, akik Kov\u00e1cs Istv\u00e1n kv.-i r\u00e9g\u00e9szt k\u00fcldt\u00e9k az \u00e1sat\u00e1sok elv\u00e9gz\u00e9s\u00e9re (1909) \u2013 <strong>F. m.<\/strong>: Aristides: Felelt az \u00f6reg pr\u00f3f\u00e9t\u00e1nak (Mv., 1908) mell\u00e9klet\u00e9ben: Az erd\u00e9lyi ref. egyh\u00e1zker\u00fcleti \u00e9rtekezletekr\u0151l (1908. szept. 8.\u201310. Mv.): M\u00faltr\u00f3l \u00e9s jelenr\u0151l \u00cdrta \u00e9s felolvasta a Mv. 1907. febr. 24. tartott vall\u00e1sos est\u00e9lyen. <br \/><strong>Irod.:<\/strong> F\u00fcl\u00f6p\u2013Ferencz; Mv. t\u00f6rt. 2.; P\u00e1l-Antal 2009.<\/br><\/p>\n","protected":false},"excerpt":{"rendered":"<p>? 1875., \u2020?: tan\u00e1r. \u2013 A mv.-i Ref. Koll. helyettes tan\u00e1ra (1905\u201309). A mv.-i r\u00e9g\u00e9szeti leletek felbukkan\u00e1s\u00e1r\u00f3l a Miksz\u00e1th K\u00e1lm\u00e1n u. \u00e9s k\u00f6rny\u00e9k\u00e9n \u00e9rtes\u00edtette az Erd\u00e9lyi M\u00fazeum R\u00e9gis\u00e9gt\u00e1r\u00e1nak igazgat\u00f3s\u00e1g\u00e1t, akik Kov\u00e1cs Istv\u00e1n kv.-i r\u00e9g\u00e9szt k\u00fcldt\u00e9k az \u00e1sat\u00e1sok elv\u00e9gz\u00e9s\u00e9re (1909) \u2013 F. m.: Aristides: Felelt az \u00f6reg pr\u00f3f\u00e9t\u00e1nak (Mv., 1908) mell\u00e9klet\u00e9ben: Az erd\u00e9lyi ref. egyh\u00e1zker\u00fcleti \u00e9rtekezletekr\u0151l [&hellip;]<\/p>\n","protected":false},"featured_media":0,"comment_status":"open","ping_status":"closed","template":"","meta":[],"product_brand":[],"product_cat":[137],"product_tag":[],"class_list":{"0":"post-21506","1":"product","2":"type-product","3":"status-publish","5":"product_cat-maros-megyei-eletrajzi-lexikon","7":"first","8":"instock","9":"shipping-taxable","10":"product-type-simple"},"_links":{"self":[{"href":"https:\/\/uj.adatbank.ro\/lexikon\/wp-json\/wp\/v2\/product\/21506","targetHints":{"allow":["GET"]}}],"collection":[{"href":"https:\/\/uj.adatbank.ro\/lexikon\/wp-json\/wp\/v2\/product"}],"about":[{"href":"https:\/\/uj.adatbank.ro\/lexikon\/wp-json\/wp\/v2\/types\/product"}],"replies":[{"embeddable":true,"href":"https:\/\/uj.adatbank.ro\/lexikon\/wp-json\/wp\/v2\/comments?post=21506"}],"wp:attachment":[{"href":"https:\/\/uj.adatbank.ro\/lexikon\/wp-json\/wp\/v2\/media?parent=21506"}],"wp:term":[{"taxonomy":"product_brand","embeddable":true,"href":"https:\/\/uj.adatbank.ro\/lexikon\/wp-json\/wp\/v2\/product_brand?post=21506"},{"taxonomy":"product_cat","embeddable":true,"href":"https:\/\/uj.adatbank.ro\/lexikon\/wp-json\/wp\/v2\/product_cat?post=21506"},{"taxonomy":"product_tag","embeddable":true,"href":"https:\/\/uj.adatbank.ro\/lexikon\/wp-json\/wp\/v2\/product_tag?post=21506"}],"curies":[{"name":"wp","href":"https:\/\/api.w.org\/{rel}","templated":true}]}}

SZÁSZ Ferenc

<p>? 1875., †?: tanár. – A mv.-i Ref. Koll. helyettes tanára (1905–09). A mv.-i régészeti leletek felbukkanásáról a Mikszáth Kálmán u. és környékén értesítette az Erdélyi Múzeum Régiségtárának igazgatóságát, akik Kovács István kv.-i régészt küldték az ásatások elvégzésére (1909) – <strong>F. m.</strong>: Aristides: Felelt az öreg prófétának (Mv., 1908) mellékletében: Az erdélyi ref. egyházkerületi értekezletekről (1908. szept. 8.–10. Mv.): Múltról és jelenről Írta és felolvasta a Mv. 1907. febr. 24. tartott vallásos estélyen. <br /><strong>Irod.:</strong> Fülöp–Ferencz; Mv. tört. 2.; Pál-Antal 2009.</br></p>

<p>? 1875., †?: tanár. – A mv.-i Ref. Koll. helyettes tanára (1905–09). A mv.-i régészeti leletek felbukkanásáról a Mikszáth Kálmán u. és környékén értesítette az Erdélyi Múzeum Régiségtárának igazgatóságát, akik Kovács István kv.-i régészt küldték az ásatások elvégzésére (1909) – F. m.: Aristides: Felelt az öreg prófétának (Mv., 1908) mellékletében: Az erdélyi ref. egyházkerületi értekezletekről [&hellip;]</p>
