{"id":2151,"date":"2025-06-28T12:05:17","date_gmt":"2025-06-28T10:05:17","guid":{"rendered":"https:\/\/uj.adatbank.ro\/lexikon\/termek\/banffy-anna-losonczi-wesselenyi-boldizsarne\/"},"modified":"2025-06-28T12:05:17","modified_gmt":"2025-06-28T10:05:17","slug":"banffy-anna-losonczi-wesselenyi-boldizsarne","status":"publish","type":"product","link":"https:\/\/uj.adatbank.ro\/lexikon\/termek\/banffy-anna-losonczi-wesselenyi-boldizsarne\/","title":{"rendered":"B\u00c1NFFY Anna, losonczi, Wessel\u00e9nyi Boldizs\u00e1rn\u00e9"},"content":{"rendered":"<p>? \u2020 1654. j\u00fal. 3.: f\u00f6ldbirtokos. \u2013 F\u00e9rje: Wessel\u00e9nyi Boldizs\u00e1r (\u2020\u00a01646), gyekei birtokos, Doboka vm. f\u0151isp\u00e1nja. \u2013 Disznaj\u00f3i birtokos. Elhunytakor r\u00e9szletes urb\u00e1rium k\u00e9sz\u00fclt, amely felt\u0171ntette a disznaj\u00f3i jobb\u00e1gyok neveit, ing\u00f3s\u00e1gaikat, az \u00e1ltaluk haszn\u00e1lt f\u00f6ldter\u00fcletet \u00e9s az \u00e1llat\u00e1llom\u00e1nyukat, gazdas\u00e1gi helyzet\u00fcket. <br \/><strong>Irod.:<\/strong> Bicsok\u2013Orb\u00e1n; B\u00edr\u00f3 Don\u00e1t; Rh\u00e9deyek \u00e9s Fr\u00e1terek<\/br><\/p>\n","protected":false},"excerpt":{"rendered":"<p>? \u2020 1654. j\u00fal. 3.: f\u00f6ldbirtokos. \u2013 F\u00e9rje: Wessel\u00e9nyi Boldizs\u00e1r (\u2020\u00a01646), gyekei birtokos, Doboka vm. f\u0151isp\u00e1nja. \u2013 Disznaj\u00f3i birtokos. Elhunytakor r\u00e9szletes urb\u00e1rium k\u00e9sz\u00fclt, amely felt\u0171ntette a disznaj\u00f3i jobb\u00e1gyok neveit, ing\u00f3s\u00e1gaikat, az \u00e1ltaluk haszn\u00e1lt f\u00f6ldter\u00fcletet \u00e9s az \u00e1llat\u00e1llom\u00e1nyukat, gazdas\u00e1gi helyzet\u00fcket. Irod.: Bicsok\u2013Orb\u00e1n; B\u00edr\u00f3 Don\u00e1t; Rh\u00e9deyek \u00e9s Fr\u00e1terek<\/p>\n","protected":false},"featured_media":0,"comment_status":"open","ping_status":"closed","template":"","meta":[],"product_brand":[],"product_cat":[137],"product_tag":[],"class_list":{"0":"post-2151","1":"product","2":"type-product","3":"status-publish","5":"product_cat-maros-megyei-eletrajzi-lexikon","7":"first","8":"instock","9":"shipping-taxable","10":"product-type-simple"},"_links":{"self":[{"href":"https:\/\/uj.adatbank.ro\/lexikon\/wp-json\/wp\/v2\/product\/2151","targetHints":{"allow":["GET"]}}],"collection":[{"href":"https:\/\/uj.adatbank.ro\/lexikon\/wp-json\/wp\/v2\/product"}],"about":[{"href":"https:\/\/uj.adatbank.ro\/lexikon\/wp-json\/wp\/v2\/types\/product"}],"replies":[{"embeddable":true,"href":"https:\/\/uj.adatbank.ro\/lexikon\/wp-json\/wp\/v2\/comments?post=2151"}],"wp:attachment":[{"href":"https:\/\/uj.adatbank.ro\/lexikon\/wp-json\/wp\/v2\/media?parent=2151"}],"wp:term":[{"taxonomy":"product_brand","embeddable":true,"href":"https:\/\/uj.adatbank.ro\/lexikon\/wp-json\/wp\/v2\/product_brand?post=2151"},{"taxonomy":"product_cat","embeddable":true,"href":"https:\/\/uj.adatbank.ro\/lexikon\/wp-json\/wp\/v2\/product_cat?post=2151"},{"taxonomy":"product_tag","embeddable":true,"href":"https:\/\/uj.adatbank.ro\/lexikon\/wp-json\/wp\/v2\/product_tag?post=2151"}],"curies":[{"name":"wp","href":"https:\/\/api.w.org\/{rel}","templated":true}]}}

BÁNFFY Anna, losonczi, Wesselényi Boldizsárné

<p>? † 1654. júl. 3.: földbirtokos. – Férje: Wesselényi Boldizsár († 1646), gyekei birtokos, Doboka vm. főispánja. – Disznajói birtokos. Elhunytakor részletes urbárium készült, amely feltűntette a disznajói jobbágyok neveit, ingóságaikat, az általuk használt földterületet és az állatállományukat, gazdasági helyzetüket. <br /><strong>Irod.:</strong> Bicsok–Orbán; Bíró Donát; Rhédeyek és Fráterek</br></p>

<p>? † 1654. júl. 3.: földbirtokos. – Férje: Wesselényi Boldizsár († 1646), gyekei birtokos, Doboka vm. főispánja. – Disznajói birtokos. Elhunytakor részletes urbárium készült, amely feltűntette a disznajói jobbágyok neveit, ingóságaikat, az általuk használt földterületet és az állatállományukat, gazdasági helyzetüket. Irod.: Bicsok–Orbán; Bíró Donát; Rhédeyek és Fráterek</p>
