{"id":21512,"date":"2025-07-22T19:27:33","date_gmt":"2025-07-22T17:27:33","guid":{"rendered":"https:\/\/uj.adatbank.ro\/lexikon\/termek\/szasz-ferenc-%c2%a7\/"},"modified":"2025-07-22T19:27:33","modified_gmt":"2025-07-22T17:27:33","slug":"szasz-ferenc-%c2%a7","status":"publish","type":"product","link":"https:\/\/uj.adatbank.ro\/lexikon\/termek\/szasz-ferenc-%c2%a7\/","title":{"rendered":"SZ\u00c1SZ Ferenc, \u00a7"},"content":{"rendered":"<p>K\u00f3r\u00f3dszentm\u00e1rton, 1898. aug. 5., \u2020 Ballarat, 1979. aug. 22.: hivat\u00e1sos katonatiszt, vez\u00e9r\u0151rnagy. \u2013 Sz. Ferenc, jegyz\u0151 \u00e9s Eichhorn Emma fia. \u2013 A bp.-i Hadiakad\u00e9mi\u00e1n tanult (1926\u201329). Tartal\u00e9kos z\u00e1szl\u00f3s (1916. j\u00fal. 1.), hadnagy, f\u0151hadnagy (1922. szept. 1.), sz\u00e1zados (1927. nov. 1.), \u0151rnagy (1936. nov. 1.), alezredes (1939. nov. 1.), ezredes (1942. \u00e1pr.1.), vez\u00e9r\u0151rnagy (1944. nov. 1.). A Ludovika Akad. f\u0151csoportj\u00e1ban a harc\u00e1szat tan\u00e1ra (1934\u2013), m. kir. 27. sz\u00e9kely gyalogezred k\u00fcl\u00f6nleges alkalmaz\u00e1s\u00fa t\u00f6rzstisztje (1942. m\u00e1rc.1-ig), VII. hadtest vez\u00e9rkari f\u0151n\u00f6ke (1942. m\u00e1rc. 1.\u20131943. febr.1.), k\u00f6zben (1942. aug.-szept.) a 19. k\u00f6nny\u0171 hadoszt\u00e1ly parancsnoka a keleti fronton. A 9. hat\u00e1rvad\u00e1sz dand\u00e1r, ill. 9. honv\u00e9d sz\u00e9kely hat\u00e1rvad\u00e1sz dand\u00e1rparancsnok (1943. febr. 1. \u2013 1944. j\u00fal. 1.), majd a Honv\u00e9delmi Miniszt\u00e9rium VIII. csoportj\u00e1nak f\u0151n\u00f6ke a levent\u00e9k orsz\u00e1gos parancsnoka (1944. j\u00fal. 1. \u2013?). Harct\u00e9ren szerzett \u00e9rdemei\u00e9rt a M. \u00c9rdemrend Tisztikeresztj\u00e9t hadiszalagon a kardokkal kit\u00fcntet\u00e9st kapta. Nyugati hadifogs\u00e1g\u00e1t k\u00f6vet\u0151en 1947-ig N\u00e9metorsz\u00e1gban \u00e9lt, majd kiv\u00e1ndorolt Ausztr\u00e1li\u00e1ba. <br \/><strong>Irod.:<\/strong> Berekm\u00e9ri 2015; Szak\u00e1ly S\u00e1ndor.<\/br><\/p>\n","protected":false},"excerpt":{"rendered":"<p>K\u00f3r\u00f3dszentm\u00e1rton, 1898. aug. 5., \u2020 Ballarat, 1979. aug. 22.: hivat\u00e1sos katonatiszt, vez\u00e9r\u0151rnagy. \u2013 Sz. Ferenc, jegyz\u0151 \u00e9s Eichhorn Emma fia. \u2013 A bp.-i Hadiakad\u00e9mi\u00e1n tanult (1926\u201329). Tartal\u00e9kos z\u00e1szl\u00f3s (1916. j\u00fal. 1.), hadnagy, f\u0151hadnagy (1922. szept. 1.), sz\u00e1zados (1927. nov. 1.), \u0151rnagy (1936. nov. 1.), alezredes (1939. nov. 1.), ezredes (1942. \u00e1pr.1.), vez\u00e9r\u0151rnagy (1944. nov. 1.). [&hellip;]<\/p>\n","protected":false},"featured_media":0,"comment_status":"open","ping_status":"closed","template":"","meta":[],"product_brand":[],"product_cat":[137],"product_tag":[],"class_list":{"0":"post-21512","1":"product","2":"type-product","3":"status-publish","5":"product_cat-maros-megyei-eletrajzi-lexikon","7":"first","8":"instock","9":"shipping-taxable","10":"product-type-simple"},"_links":{"self":[{"href":"https:\/\/uj.adatbank.ro\/lexikon\/wp-json\/wp\/v2\/product\/21512","targetHints":{"allow":["GET"]}}],"collection":[{"href":"https:\/\/uj.adatbank.ro\/lexikon\/wp-json\/wp\/v2\/product"}],"about":[{"href":"https:\/\/uj.adatbank.ro\/lexikon\/wp-json\/wp\/v2\/types\/product"}],"replies":[{"embeddable":true,"href":"https:\/\/uj.adatbank.ro\/lexikon\/wp-json\/wp\/v2\/comments?post=21512"}],"wp:attachment":[{"href":"https:\/\/uj.adatbank.ro\/lexikon\/wp-json\/wp\/v2\/media?parent=21512"}],"wp:term":[{"taxonomy":"product_brand","embeddable":true,"href":"https:\/\/uj.adatbank.ro\/lexikon\/wp-json\/wp\/v2\/product_brand?post=21512"},{"taxonomy":"product_cat","embeddable":true,"href":"https:\/\/uj.adatbank.ro\/lexikon\/wp-json\/wp\/v2\/product_cat?post=21512"},{"taxonomy":"product_tag","embeddable":true,"href":"https:\/\/uj.adatbank.ro\/lexikon\/wp-json\/wp\/v2\/product_tag?post=21512"}],"curies":[{"name":"wp","href":"https:\/\/api.w.org\/{rel}","templated":true}]}}