{"id":21513,"date":"2025-07-22T19:27:35","date_gmt":"2025-07-22T17:27:35","guid":{"rendered":"https:\/\/uj.adatbank.ro\/lexikon\/termek\/szasz-ferenc-szoverdi-2\/"},"modified":"2025-07-22T19:27:35","modified_gmt":"2025-07-22T17:27:35","slug":"szasz-ferenc-szoverdi-2","status":"publish","type":"product","link":"https:\/\/uj.adatbank.ro\/lexikon\/termek\/szasz-ferenc-szoverdi-2\/","title":{"rendered":"SZ\u00c1SZ Ferenc, sz\u00f6v\u00e9rdi"},"content":{"rendered":"<p>Magyarb\u00fckk\u00f6s, 1903. aug. 1., \u2020\u00a0Kranzberg (N\u00e9meto.), 1995. \u00e1pr. 3. Hamvai mv.-i temet\u0151ben: tan\u00e1r, mez\u0151gazdas\u00e1gi szak\u00edr\u00f3. \u2013 Feles\u00e9ge: Eperjessy Gabriella. Le\u00e1nyaik: Adrienn Tolvaly Ferencn\u00e9, Franciska Kiss Istv\u00e1nn\u00e9. \u2013 Egyetemi tanulm\u00e1nyait a kv.-i Gazdas\u00e1gi Akad\u00e9mi\u00e1n kezdte, majd mag\u00e1n\u00faton folytatta (1919\u2013).Az EMGE ter\u00fcleti fel\u00fcgyel\u0151je, majd v\u00e1lasztm\u00e1nyi tagja Kv.-on (1930-as \u00e9vek), a Ref. Egyh\u00e1zmegye tan\u00e1csosa, a b\u00e9csi d\u00f6nt\u00e9s ut\u00e1n Sz\u00e1sz P\u00e1l k\u00f6zvetlen munkat\u00e1rsa D\u00e9l-Erd\u00e9lyben. T\u00f6bbsz\u00f6r \u00e1ll\u00edtott\u00e1k hadb\u00edr\u00f3s\u00e1g el\u00e9 a meghurcolt magyar gazd\u00e1k k\u00e9pviselete kapcs\u00e1n. A radn\u00f3ti Mez\u0151gazdas\u00e1gi Iskola tan\u00e1ra (1944\u2013). N\u00e9metorsz\u00e1gba k\u00f6lt\u00f6z\u00f6tt (1989). A n\u0151v\u00e9nytermeszt\u00e9s, els\u0151sorban a paradicsom \u00e9s a burgonya nemes\u00edt\u00e9se foglalkoztatta, szakcikkei jelentek meg foly\u00f3iratokban. Nyugd\u00edjas \u00e9veiben meg\u00edrta visszaeml\u00e9kez\u00e9seit, r\u00e9szletei az Erd\u00e9lyi Magyars\u00e1g c. foly\u00f3iratban jelentek meg. <br \/><strong>Irod.:<\/strong> ifj. F\u00fcl\u00f6p Gy\u00f6rgy: P\u00e1ly\u00e1n k\u00edv\u00fcl \u2013 p\u00e1ly\u00e1n bel\u00fcl: F. Gy. \u00e9let\u00fatja (Mv.-Bp., 2014); [Nekrol\u00f3g] (N\u00fa., 1995. \u00e1pr. 5.); RMIL.<\/br><\/p>\n","protected":false},"excerpt":{"rendered":"<p>Magyarb\u00fckk\u00f6s, 1903. aug. 1., \u2020\u00a0Kranzberg (N\u00e9meto.), 1995. \u00e1pr. 3. Hamvai mv.-i temet\u0151ben: tan\u00e1r, mez\u0151gazdas\u00e1gi szak\u00edr\u00f3. \u2013 Feles\u00e9ge: Eperjessy Gabriella. Le\u00e1nyaik: Adrienn Tolvaly Ferencn\u00e9, Franciska Kiss Istv\u00e1nn\u00e9. \u2013 Egyetemi tanulm\u00e1nyait a kv.-i Gazdas\u00e1gi Akad\u00e9mi\u00e1n kezdte, majd mag\u00e1n\u00faton folytatta (1919\u2013).Az EMGE ter\u00fcleti fel\u00fcgyel\u0151je, majd v\u00e1lasztm\u00e1nyi tagja Kv.-on (1930-as \u00e9vek), a Ref. Egyh\u00e1zmegye tan\u00e1csosa, a b\u00e9csi d\u00f6nt\u00e9s ut\u00e1n [&hellip;]<\/p>\n","protected":false},"featured_media":0,"comment_status":"open","ping_status":"closed","template":"","meta":[],"product_brand":[],"product_cat":[137],"product_tag":[],"class_list":{"0":"post-21513","1":"product","2":"type-product","3":"status-publish","5":"product_cat-maros-megyei-eletrajzi-lexikon","7":"first","8":"instock","9":"shipping-taxable","10":"product-type-simple"},"_links":{"self":[{"href":"https:\/\/uj.adatbank.ro\/lexikon\/wp-json\/wp\/v2\/product\/21513","targetHints":{"allow":["GET"]}}],"collection":[{"href":"https:\/\/uj.adatbank.ro\/lexikon\/wp-json\/wp\/v2\/product"}],"about":[{"href":"https:\/\/uj.adatbank.ro\/lexikon\/wp-json\/wp\/v2\/types\/product"}],"replies":[{"embeddable":true,"href":"https:\/\/uj.adatbank.ro\/lexikon\/wp-json\/wp\/v2\/comments?post=21513"}],"wp:attachment":[{"href":"https:\/\/uj.adatbank.ro\/lexikon\/wp-json\/wp\/v2\/media?parent=21513"}],"wp:term":[{"taxonomy":"product_brand","embeddable":true,"href":"https:\/\/uj.adatbank.ro\/lexikon\/wp-json\/wp\/v2\/product_brand?post=21513"},{"taxonomy":"product_cat","embeddable":true,"href":"https:\/\/uj.adatbank.ro\/lexikon\/wp-json\/wp\/v2\/product_cat?post=21513"},{"taxonomy":"product_tag","embeddable":true,"href":"https:\/\/uj.adatbank.ro\/lexikon\/wp-json\/wp\/v2\/product_tag?post=21513"}],"curies":[{"name":"wp","href":"https:\/\/api.w.org\/{rel}","templated":true}]}}

SZÁSZ Ferenc, szövérdi

<p>Magyarbükkös, 1903. aug. 1., † Kranzberg (Németo.), 1995. ápr. 3. Hamvai mv.-i temetőben: tanár, mezőgazdasági szakíró. – Felesége: Eperjessy Gabriella. Leányaik: Adrienn Tolvaly Ferencné, Franciska Kiss Istvánné. – Egyetemi tanulmányait a kv.-i Gazdasági Akadémián kezdte, majd magánúton folytatta (1919–).Az EMGE területi felügyelője, majd választmányi tagja Kv.-on (1930-as évek), a Ref. Egyházmegye tanácsosa, a bécsi döntés után Szász Pál közvetlen munkatársa Dél-Erdélyben. Többször állították hadbíróság elé a meghurcolt magyar gazdák képviselete kapcsán. A radnóti Mezőgazdasági Iskola tanára (1944–). Németországba költözött (1989). A nővénytermesztés, elsősorban a paradicsom és a burgonya nemesítése foglalkoztatta, szakcikkei jelentek meg folyóiratokban. Nyugdíjas éveiben megírta visszaemlékezéseit, részletei az Erdélyi Magyarság c. folyóiratban jelentek meg. <br /><strong>Irod.:</strong> ifj. Fülöp György: Pályán kívül – pályán belül: F. Gy. életútja (Mv.-Bp., 2014); [Nekrológ] (Nú., 1995. ápr. 5.); RMIL.</br></p>

<p>Magyarbükkös, 1903. aug. 1., † Kranzberg (Németo.), 1995. ápr. 3. Hamvai mv.-i temetőben: tanár, mezőgazdasági szakíró. – Felesége: Eperjessy Gabriella. Leányaik: Adrienn Tolvaly Ferencné, Franciska Kiss Istvánné. – Egyetemi tanulmányait a kv.-i Gazdasági Akadémián kezdte, majd magánúton folytatta (1919–).Az EMGE területi felügyelője, majd választmányi tagja Kv.-on (1930-as évek), a Ref. Egyházmegye tanácsosa, a bécsi döntés után [&hellip;]</p>
