{"id":21518,"date":"2025-07-22T19:27:48","date_gmt":"2025-07-22T17:27:48","guid":{"rendered":"https:\/\/uj.adatbank.ro\/lexikon\/termek\/szasz-gergely-2\/"},"modified":"2025-07-22T19:27:48","modified_gmt":"2025-07-22T17:27:48","slug":"szasz-gergely-2","status":"publish","type":"product","link":"https:\/\/uj.adatbank.ro\/lexikon\/termek\/szasz-gergely-2\/","title":{"rendered":"SZ\u00c1SZ Gergely"},"content":{"rendered":"<p>Ilencfalva? \u2020 Mv.?: ref. pap. \u2013 A mv.-i Ref.Koll.-ban tanult. Bolyai J\u00e1nos oszt\u00e1lyt\u00e1rsa volt (1817\u2013) Tanulm\u00e1nyai v\u00e9gezt\u00e9vel senior lett a koll.-ban, majd K\u00f6teles S\u00e1muel javaslat\u00e1ra Doboka megy\u00e9ben \u00d6rd\u00f6gkereszt\u00faron lett pap. Fiait is tan\u00edttatta. Csal\u00e1dj\u00e1nak \u00faj nemesi levelet is szerzett az uralkod\u00f3t\u00f3l. <br \/><strong>Irod.:<\/strong> Benk\u0151 Samu.<\/br><\/p>\n","protected":false},"excerpt":{"rendered":"<p>Ilencfalva? \u2020 Mv.?: ref. pap. \u2013 A mv.-i Ref.Koll.-ban tanult. Bolyai J\u00e1nos oszt\u00e1lyt\u00e1rsa volt (1817\u2013) Tanulm\u00e1nyai v\u00e9gezt\u00e9vel senior lett a koll.-ban, majd K\u00f6teles S\u00e1muel javaslat\u00e1ra Doboka megy\u00e9ben \u00d6rd\u00f6gkereszt\u00faron lett pap. Fiait is tan\u00edttatta. Csal\u00e1dj\u00e1nak \u00faj nemesi levelet is szerzett az uralkod\u00f3t\u00f3l. Irod.: Benk\u0151 Samu.<\/p>\n","protected":false},"featured_media":0,"comment_status":"open","ping_status":"closed","template":"","meta":[],"product_brand":[],"product_cat":[137],"product_tag":[],"class_list":{"0":"post-21518","1":"product","2":"type-product","3":"status-publish","5":"product_cat-maros-megyei-eletrajzi-lexikon","7":"first","8":"instock","9":"shipping-taxable","10":"product-type-simple"},"_links":{"self":[{"href":"https:\/\/uj.adatbank.ro\/lexikon\/wp-json\/wp\/v2\/product\/21518","targetHints":{"allow":["GET"]}}],"collection":[{"href":"https:\/\/uj.adatbank.ro\/lexikon\/wp-json\/wp\/v2\/product"}],"about":[{"href":"https:\/\/uj.adatbank.ro\/lexikon\/wp-json\/wp\/v2\/types\/product"}],"replies":[{"embeddable":true,"href":"https:\/\/uj.adatbank.ro\/lexikon\/wp-json\/wp\/v2\/comments?post=21518"}],"wp:attachment":[{"href":"https:\/\/uj.adatbank.ro\/lexikon\/wp-json\/wp\/v2\/media?parent=21518"}],"wp:term":[{"taxonomy":"product_brand","embeddable":true,"href":"https:\/\/uj.adatbank.ro\/lexikon\/wp-json\/wp\/v2\/product_brand?post=21518"},{"taxonomy":"product_cat","embeddable":true,"href":"https:\/\/uj.adatbank.ro\/lexikon\/wp-json\/wp\/v2\/product_cat?post=21518"},{"taxonomy":"product_tag","embeddable":true,"href":"https:\/\/uj.adatbank.ro\/lexikon\/wp-json\/wp\/v2\/product_tag?post=21518"}],"curies":[{"name":"wp","href":"https:\/\/api.w.org\/{rel}","templated":true}]}}