{"id":21525,"date":"2025-07-22T19:28:02","date_gmt":"2025-07-22T17:28:02","guid":{"rendered":"https:\/\/uj.adatbank.ro\/lexikon\/termek\/szasz-gyula-%c2%a7\/"},"modified":"2025-07-22T19:28:02","modified_gmt":"2025-07-22T17:28:02","slug":"szasz-gyula-%c2%a7","status":"publish","type":"product","link":"https:\/\/uj.adatbank.ro\/lexikon\/termek\/szasz-gyula-%c2%a7\/","title":{"rendered":"SZ\u00c1SZ Gyula, \u00a7"},"content":{"rendered":"<p>? 1923. jan. 4., \u2020 Sz\u00e1szr\u00e9gen, 1994. nov. 1.: tan\u00e1r. \u2013 Elemit a r\u00e9geni ref. iskol\u00e1ban, a r. k. gimn.-ban v\u00e9gzett (1939), majd a mv.-i Ped. Iskol\u00e1ban tanult, majd Kv.-on filoz\u00f3fi\u00e1t \u00e9s pszichol\u00f3gi\u00e1t v\u00e9gzett, k\u00f6zben k\u00e1ntork\u00e9nt m\u0171k\u00f6d\u00f6tt. A sz\u00e1szr\u00e9geni M. Tannyelv\u0171 Vegyes Pedag\u00f3giai Iskola tan\u00e1ra (1948\u2013), aligazgat\u00f3ja (1951\u201352), igazgat\u00f3ja az iskola megsz\u0171n\u00e9s\u00e9ig (1952. \u00e1pr. 7\u201356). 2. sz. l\u00edc. volt igazgat\u00f3ja (1956\u201378). \u00c9rdemes tan\u00e1r. Az els\u0151k k\u00f6z\u00f6tt kezdem\u00e9nyezte a RMDSZ r\u00e9geni fi\u00f3kj\u00e1nak megalak\u00edt\u00e1s\u00e1t (1989), amelynek els\u0151 eln\u00f6k\u00e9v\u00e9 is v\u00e1lasztott\u00e1k (1990\u2013). Sz\u00e1mos m\u0171vel\u0151d\u00e9si esem\u00e9nynek volt a szervez\u0151je. <br \/><strong>Irod.:<\/strong> Csern\u00e1toni; [Nekrol\u00f3g] (N\u00fa., 1994. nov. 2.; nov. 3.); Regh. Cult. (10., 2010.); Szab\u00f3 K. Attila.<\/br><\/p>\n","protected":false},"excerpt":{"rendered":"<p>? 1923. jan. 4., \u2020 Sz\u00e1szr\u00e9gen, 1994. nov. 1.: tan\u00e1r. \u2013 Elemit a r\u00e9geni ref. iskol\u00e1ban, a r. k. gimn.-ban v\u00e9gzett (1939), majd a mv.-i Ped. Iskol\u00e1ban tanult, majd Kv.-on filoz\u00f3fi\u00e1t \u00e9s pszichol\u00f3gi\u00e1t v\u00e9gzett, k\u00f6zben k\u00e1ntork\u00e9nt m\u0171k\u00f6d\u00f6tt. A sz\u00e1szr\u00e9geni M. Tannyelv\u0171 Vegyes Pedag\u00f3giai Iskola tan\u00e1ra (1948\u2013), aligazgat\u00f3ja (1951\u201352), igazgat\u00f3ja az iskola megsz\u0171n\u00e9s\u00e9ig (1952. \u00e1pr. 7\u201356). [&hellip;]<\/p>\n","protected":false},"featured_media":0,"comment_status":"open","ping_status":"closed","template":"","meta":[],"product_brand":[],"product_cat":[137],"product_tag":[],"class_list":{"0":"post-21525","1":"product","2":"type-product","3":"status-publish","5":"product_cat-maros-megyei-eletrajzi-lexikon","7":"first","8":"instock","9":"shipping-taxable","10":"product-type-simple"},"_links":{"self":[{"href":"https:\/\/uj.adatbank.ro\/lexikon\/wp-json\/wp\/v2\/product\/21525","targetHints":{"allow":["GET"]}}],"collection":[{"href":"https:\/\/uj.adatbank.ro\/lexikon\/wp-json\/wp\/v2\/product"}],"about":[{"href":"https:\/\/uj.adatbank.ro\/lexikon\/wp-json\/wp\/v2\/types\/product"}],"replies":[{"embeddable":true,"href":"https:\/\/uj.adatbank.ro\/lexikon\/wp-json\/wp\/v2\/comments?post=21525"}],"wp:attachment":[{"href":"https:\/\/uj.adatbank.ro\/lexikon\/wp-json\/wp\/v2\/media?parent=21525"}],"wp:term":[{"taxonomy":"product_brand","embeddable":true,"href":"https:\/\/uj.adatbank.ro\/lexikon\/wp-json\/wp\/v2\/product_brand?post=21525"},{"taxonomy":"product_cat","embeddable":true,"href":"https:\/\/uj.adatbank.ro\/lexikon\/wp-json\/wp\/v2\/product_cat?post=21525"},{"taxonomy":"product_tag","embeddable":true,"href":"https:\/\/uj.adatbank.ro\/lexikon\/wp-json\/wp\/v2\/product_tag?post=21525"}],"curies":[{"name":"wp","href":"https:\/\/api.w.org\/{rel}","templated":true}]}}