{"id":21542,"date":"2025-07-22T19:28:34","date_gmt":"2025-07-22T17:28:34","guid":{"rendered":"https:\/\/uj.adatbank.ro\/lexikon\/termek\/szasz-janos\/"},"modified":"2025-07-22T19:28:34","modified_gmt":"2025-07-22T17:28:34","slug":"szasz-janos","status":"publish","type":"product","link":"https:\/\/uj.adatbank.ro\/lexikon\/termek\/szasz-janos\/","title":{"rendered":"SZ\u00c1SZ J\u00e1nos"},"content":{"rendered":"<p>?, \u2020?: \u00e9p\u00edt\u0151mester. \u2013 Fel\u00e9p\u00edtette a tornyot, ami kieg\u00e9sz\u00edtette a g\u00f6rg\u00e9nyszentimrei kisk\u00e1poln\u00e1t (1867). <br \/><strong>Irod.:<\/strong> L\u00e9sty\u00e1n \u2013 templomok.<\/br><\/p>\n","protected":false},"excerpt":{"rendered":"<p>?, \u2020?: \u00e9p\u00edt\u0151mester. \u2013 Fel\u00e9p\u00edtette a tornyot, ami kieg\u00e9sz\u00edtette a g\u00f6rg\u00e9nyszentimrei kisk\u00e1poln\u00e1t (1867). Irod.: L\u00e9sty\u00e1n \u2013 templomok.<\/p>\n","protected":false},"featured_media":0,"comment_status":"open","ping_status":"closed","template":"","meta":[],"product_brand":[],"product_cat":[137],"product_tag":[],"class_list":{"0":"post-21542","1":"product","2":"type-product","3":"status-publish","5":"product_cat-maros-megyei-eletrajzi-lexikon","7":"first","8":"instock","9":"shipping-taxable","10":"product-type-simple"},"_links":{"self":[{"href":"https:\/\/uj.adatbank.ro\/lexikon\/wp-json\/wp\/v2\/product\/21542","targetHints":{"allow":["GET"]}}],"collection":[{"href":"https:\/\/uj.adatbank.ro\/lexikon\/wp-json\/wp\/v2\/product"}],"about":[{"href":"https:\/\/uj.adatbank.ro\/lexikon\/wp-json\/wp\/v2\/types\/product"}],"replies":[{"embeddable":true,"href":"https:\/\/uj.adatbank.ro\/lexikon\/wp-json\/wp\/v2\/comments?post=21542"}],"wp:attachment":[{"href":"https:\/\/uj.adatbank.ro\/lexikon\/wp-json\/wp\/v2\/media?parent=21542"}],"wp:term":[{"taxonomy":"product_brand","embeddable":true,"href":"https:\/\/uj.adatbank.ro\/lexikon\/wp-json\/wp\/v2\/product_brand?post=21542"},{"taxonomy":"product_cat","embeddable":true,"href":"https:\/\/uj.adatbank.ro\/lexikon\/wp-json\/wp\/v2\/product_cat?post=21542"},{"taxonomy":"product_tag","embeddable":true,"href":"https:\/\/uj.adatbank.ro\/lexikon\/wp-json\/wp\/v2\/product_tag?post=21542"}],"curies":[{"name":"wp","href":"https:\/\/api.w.org\/{rel}","templated":true}]}}