{"id":21544,"date":"2025-07-22T19:28:38","date_gmt":"2025-07-22T17:28:38","guid":{"rendered":"https:\/\/uj.adatbank.ro\/lexikon\/termek\/szasz-janos-3\/"},"modified":"2025-07-22T19:28:38","modified_gmt":"2025-07-22T17:28:38","slug":"szasz-janos-3","status":"publish","type":"product","link":"https:\/\/uj.adatbank.ro\/lexikon\/termek\/szasz-janos-3\/","title":{"rendered":"SZ\u00c1SZ J\u00e1nos"},"content":{"rendered":"<p>Ilencfalva, 1807. febr. 27., \u2020 Kib\u00e9d, 1869. j\u00fan. 8.: ref. lelk\u00e9sz. \u2013 Iskol\u00e1it, Mv.-en \u00e9s Nagyenyeden v\u00e9gezte. Els\u0151 szolg\u00e1lati helye ismeretlen, Gegesben folytatta, majd Kib\u00e9dre h\u00edvt\u00e1k meg (1837 \u00e1pr.11), ahol hal\u00e1l\u00e1ig szolg\u00e1lt. Nagy csal\u00e1dja miatt gazd\u00e1lkodott is \u00e9s marosi egyh\u00e1zmegyei jegyz\u0151 volt. Szolg\u00e1lata neh\u00e9z id\u0151re esett, gy\u00fclekezet\u00e9vel \u00e1t\u00e9lte a szabads\u00e1gharcot \u00e9s annak lever\u00e9se ut\u00e1n az osztr\u00e1k elnyom\u00e1s minden nyomor\u00fas\u00e1g\u00e1t, m\u00e9gis sz\u00e9p megval\u00f3s\u00edt\u00e1sok sz\u00fclettek ebben az id\u0151ben: meg\u00e9p\u00fclt a Bodor P\u00e9ter-f\u00e9le orsz\u00e1gos h\u00edr\u0171 orgona, a papi \u00e9s k\u00e1ntori lak\u00e1s. R\u00e9szt vett Pesty Frigyes eg\u00e9sz Mo.-ra \u00e9s Erd\u00e9lyre kiterjedt helyn\u00e9vgy\u0171jt\u00e9s\u00e9ben (1864\u201365). <br \/><strong>Irod.:<\/strong> Kib\u00e9d \u00e9s egyh\u00e1za; Kib\u00e9d 2.; Pesty 2014.<\/br><\/p>\n","protected":false},"excerpt":{"rendered":"<p>Ilencfalva, 1807. febr. 27., \u2020 Kib\u00e9d, 1869. j\u00fan. 8.: ref. lelk\u00e9sz. \u2013 Iskol\u00e1it, Mv.-en \u00e9s Nagyenyeden v\u00e9gezte. Els\u0151 szolg\u00e1lati helye ismeretlen, Gegesben folytatta, majd Kib\u00e9dre h\u00edvt\u00e1k meg (1837 \u00e1pr.11), ahol hal\u00e1l\u00e1ig szolg\u00e1lt. Nagy csal\u00e1dja miatt gazd\u00e1lkodott is \u00e9s marosi egyh\u00e1zmegyei jegyz\u0151 volt. Szolg\u00e1lata neh\u00e9z id\u0151re esett, gy\u00fclekezet\u00e9vel \u00e1t\u00e9lte a szabads\u00e1gharcot \u00e9s annak lever\u00e9se ut\u00e1n az [&hellip;]<\/p>\n","protected":false},"featured_media":0,"comment_status":"open","ping_status":"closed","template":"","meta":[],"product_brand":[],"product_cat":[137],"product_tag":[],"class_list":{"0":"post-21544","1":"product","2":"type-product","3":"status-publish","5":"product_cat-maros-megyei-eletrajzi-lexikon","7":"first","8":"instock","9":"shipping-taxable","10":"product-type-simple"},"_links":{"self":[{"href":"https:\/\/uj.adatbank.ro\/lexikon\/wp-json\/wp\/v2\/product\/21544","targetHints":{"allow":["GET"]}}],"collection":[{"href":"https:\/\/uj.adatbank.ro\/lexikon\/wp-json\/wp\/v2\/product"}],"about":[{"href":"https:\/\/uj.adatbank.ro\/lexikon\/wp-json\/wp\/v2\/types\/product"}],"replies":[{"embeddable":true,"href":"https:\/\/uj.adatbank.ro\/lexikon\/wp-json\/wp\/v2\/comments?post=21544"}],"wp:attachment":[{"href":"https:\/\/uj.adatbank.ro\/lexikon\/wp-json\/wp\/v2\/media?parent=21544"}],"wp:term":[{"taxonomy":"product_brand","embeddable":true,"href":"https:\/\/uj.adatbank.ro\/lexikon\/wp-json\/wp\/v2\/product_brand?post=21544"},{"taxonomy":"product_cat","embeddable":true,"href":"https:\/\/uj.adatbank.ro\/lexikon\/wp-json\/wp\/v2\/product_cat?post=21544"},{"taxonomy":"product_tag","embeddable":true,"href":"https:\/\/uj.adatbank.ro\/lexikon\/wp-json\/wp\/v2\/product_tag?post=21544"}],"curies":[{"name":"wp","href":"https:\/\/api.w.org\/{rel}","templated":true}]}}

SZÁSZ János

<p>Ilencfalva, 1807. febr. 27., † Kibéd, 1869. jún. 8.: ref. lelkész. – Iskoláit, Mv.-en és Nagyenyeden végezte. Első szolgálati helye ismeretlen, Gegesben folytatta, majd Kibédre hívták meg (1837 ápr.11), ahol haláláig szolgált. Nagy családja miatt gazdálkodott is és marosi egyházmegyei jegyző volt. Szolgálata nehéz időre esett, gyülekezetével átélte a szabadságharcot és annak leverése után az osztrák elnyomás minden nyomorúságát, mégis szép megvalósítások születtek ebben az időben: megépült a Bodor Péter-féle országos hírű orgona, a papi és kántori lakás. Részt vett Pesty Frigyes egész Mo.-ra és Erdélyre kiterjedt helynévgyűjtésében (1864–65). <br /><strong>Irod.:</strong> Kibéd és egyháza; Kibéd 2.; Pesty 2014.</br></p>

<p>Ilencfalva, 1807. febr. 27., † Kibéd, 1869. jún. 8.: ref. lelkész. – Iskoláit, Mv.-en és Nagyenyeden végezte. Első szolgálati helye ismeretlen, Gegesben folytatta, majd Kibédre hívták meg (1837 ápr.11), ahol haláláig szolgált. Nagy családja miatt gazdálkodott is és marosi egyházmegyei jegyző volt. Szolgálata nehéz időre esett, gyülekezetével átélte a szabadságharcot és annak leverése után az [&hellip;]</p>
