{"id":2155,"date":"2025-06-28T12:05:26","date_gmt":"2025-06-28T10:05:26","guid":{"rendered":"https:\/\/uj.adatbank.ro\/lexikon\/termek\/banffy-boldizsar-losonci\/"},"modified":"2025-06-28T12:05:26","modified_gmt":"2025-06-28T10:05:26","slug":"banffy-boldizsar-losonci","status":"publish","type":"product","link":"https:\/\/uj.adatbank.ro\/lexikon\/termek\/banffy-boldizsar-losonci\/","title":{"rendered":"B\u00c1NFFY Boldizs\u00e1r, losonci"},"content":{"rendered":"<p>? \u2020\u00a0? : f\u00f6ldbirtokos. \u2013 Pat\u00f3csy G\u00e1sp\u00e1r l\u00e1ny\u00e1t vette feles\u00e9g\u00fcl. Le\u00e1nyai: Margit, Anna, Zsuzsanna. \u2013 Nem laktak a disznaj\u00f3i k\u00fari\u00e1ban, de a birtokr\u00e9szeket hossz\u00fa id\u0151n kereszt\u00fcl megtartott\u00e1k. <br \/><strong>Irod.:<\/strong> Rh\u00e9deyek \u00e9s Fr\u00e1terek<\/br><\/p>\n","protected":false},"excerpt":{"rendered":"<p>? \u2020\u00a0? : f\u00f6ldbirtokos. \u2013 Pat\u00f3csy G\u00e1sp\u00e1r l\u00e1ny\u00e1t vette feles\u00e9g\u00fcl. Le\u00e1nyai: Margit, Anna, Zsuzsanna. \u2013 Nem laktak a disznaj\u00f3i k\u00fari\u00e1ban, de a birtokr\u00e9szeket hossz\u00fa id\u0151n kereszt\u00fcl megtartott\u00e1k. Irod.: Rh\u00e9deyek \u00e9s Fr\u00e1terek<\/p>\n","protected":false},"featured_media":0,"comment_status":"open","ping_status":"closed","template":"","meta":[],"product_brand":[],"product_cat":[137],"product_tag":[],"class_list":{"0":"post-2155","1":"product","2":"type-product","3":"status-publish","5":"product_cat-maros-megyei-eletrajzi-lexikon","7":"first","8":"instock","9":"shipping-taxable","10":"product-type-simple"},"_links":{"self":[{"href":"https:\/\/uj.adatbank.ro\/lexikon\/wp-json\/wp\/v2\/product\/2155","targetHints":{"allow":["GET"]}}],"collection":[{"href":"https:\/\/uj.adatbank.ro\/lexikon\/wp-json\/wp\/v2\/product"}],"about":[{"href":"https:\/\/uj.adatbank.ro\/lexikon\/wp-json\/wp\/v2\/types\/product"}],"replies":[{"embeddable":true,"href":"https:\/\/uj.adatbank.ro\/lexikon\/wp-json\/wp\/v2\/comments?post=2155"}],"wp:attachment":[{"href":"https:\/\/uj.adatbank.ro\/lexikon\/wp-json\/wp\/v2\/media?parent=2155"}],"wp:term":[{"taxonomy":"product_brand","embeddable":true,"href":"https:\/\/uj.adatbank.ro\/lexikon\/wp-json\/wp\/v2\/product_brand?post=2155"},{"taxonomy":"product_cat","embeddable":true,"href":"https:\/\/uj.adatbank.ro\/lexikon\/wp-json\/wp\/v2\/product_cat?post=2155"},{"taxonomy":"product_tag","embeddable":true,"href":"https:\/\/uj.adatbank.ro\/lexikon\/wp-json\/wp\/v2\/product_tag?post=2155"}],"curies":[{"name":"wp","href":"https:\/\/api.w.org\/{rel}","templated":true}]}}