{"id":21551,"date":"2025-07-22T19:28:49","date_gmt":"2025-07-22T17:28:49","guid":{"rendered":"https:\/\/uj.adatbank.ro\/lexikon\/termek\/szasz-jeno-ilencfalvi\/"},"modified":"2025-07-22T19:28:49","modified_gmt":"2025-07-22T17:28:49","slug":"szasz-jeno-ilencfalvi","status":"publish","type":"product","link":"https:\/\/uj.adatbank.ro\/lexikon\/termek\/szasz-jeno-ilencfalvi\/","title":{"rendered":"SZ\u00c1SZ Jen\u0151, ilencfalvi"},"content":{"rendered":"<p>1870, \u2020?: Sz\u00e1szr\u00e9genben tb. f\u0151szolgab\u00edr\u00f3. A Mv.-i Kaszin\u00f3 p\u00e9nzt\u00e1rosa (1923). <br \/><strong>Irod.:<\/strong> Bi\u00e1s Istv\u00e1n; P\u00e1lmay.<\/br><\/p>\n","protected":false},"excerpt":{"rendered":"<p>1870, \u2020?: Sz\u00e1szr\u00e9genben tb. f\u0151szolgab\u00edr\u00f3. A Mv.-i Kaszin\u00f3 p\u00e9nzt\u00e1rosa (1923). Irod.: Bi\u00e1s Istv\u00e1n; P\u00e1lmay.<\/p>\n","protected":false},"featured_media":0,"comment_status":"open","ping_status":"closed","template":"","meta":[],"product_brand":[],"product_cat":[137],"product_tag":[],"class_list":{"0":"post-21551","1":"product","2":"type-product","3":"status-publish","5":"product_cat-maros-megyei-eletrajzi-lexikon","7":"first","8":"instock","9":"shipping-taxable","10":"product-type-simple"},"_links":{"self":[{"href":"https:\/\/uj.adatbank.ro\/lexikon\/wp-json\/wp\/v2\/product\/21551","targetHints":{"allow":["GET"]}}],"collection":[{"href":"https:\/\/uj.adatbank.ro\/lexikon\/wp-json\/wp\/v2\/product"}],"about":[{"href":"https:\/\/uj.adatbank.ro\/lexikon\/wp-json\/wp\/v2\/types\/product"}],"replies":[{"embeddable":true,"href":"https:\/\/uj.adatbank.ro\/lexikon\/wp-json\/wp\/v2\/comments?post=21551"}],"wp:attachment":[{"href":"https:\/\/uj.adatbank.ro\/lexikon\/wp-json\/wp\/v2\/media?parent=21551"}],"wp:term":[{"taxonomy":"product_brand","embeddable":true,"href":"https:\/\/uj.adatbank.ro\/lexikon\/wp-json\/wp\/v2\/product_brand?post=21551"},{"taxonomy":"product_cat","embeddable":true,"href":"https:\/\/uj.adatbank.ro\/lexikon\/wp-json\/wp\/v2\/product_cat?post=21551"},{"taxonomy":"product_tag","embeddable":true,"href":"https:\/\/uj.adatbank.ro\/lexikon\/wp-json\/wp\/v2\/product_tag?post=21551"}],"curies":[{"name":"wp","href":"https:\/\/api.w.org\/{rel}","templated":true}]}}