{"id":21554,"date":"2025-07-22T19:28:57","date_gmt":"2025-07-22T17:28:57","guid":{"rendered":"https:\/\/uj.adatbank.ro\/lexikon\/termek\/szasz-jozsef-3\/"},"modified":"2025-07-22T19:28:57","modified_gmt":"2025-07-22T17:28:57","slug":"szasz-jozsef-3","status":"publish","type":"product","link":"https:\/\/uj.adatbank.ro\/lexikon\/termek\/szasz-jozsef-3\/","title":{"rendered":"SZ\u00c1SZ J\u00f3zsef"},"content":{"rendered":"<p>? \u2020?: szab\u00f3mester. \u2013 Iskol\u00e1i befejez\u00e9se ut\u00e1n a szab\u00f3 mesters\u00e9get tanulta. Cs\u00edkszered\u00e1ban dolgozott (1917\u201328) mint seg\u00e9d, Mv.-en \u00f6n\u00e1ll\u00f3 m\u0171helyt nyitott (1928). A MP tagja. <br \/><strong>Irod.:<\/strong> Visnai.<\/br><\/p>\n","protected":false},"excerpt":{"rendered":"<p>? \u2020?: szab\u00f3mester. \u2013 Iskol\u00e1i befejez\u00e9se ut\u00e1n a szab\u00f3 mesters\u00e9get tanulta. Cs\u00edkszered\u00e1ban dolgozott (1917\u201328) mint seg\u00e9d, Mv.-en \u00f6n\u00e1ll\u00f3 m\u0171helyt nyitott (1928). A MP tagja. Irod.: Visnai.<\/p>\n","protected":false},"featured_media":0,"comment_status":"open","ping_status":"closed","template":"","meta":[],"product_brand":[],"product_cat":[137],"product_tag":[],"class_list":{"0":"post-21554","1":"product","2":"type-product","3":"status-publish","5":"product_cat-maros-megyei-eletrajzi-lexikon","7":"first","8":"instock","9":"shipping-taxable","10":"product-type-simple"},"_links":{"self":[{"href":"https:\/\/uj.adatbank.ro\/lexikon\/wp-json\/wp\/v2\/product\/21554","targetHints":{"allow":["GET"]}}],"collection":[{"href":"https:\/\/uj.adatbank.ro\/lexikon\/wp-json\/wp\/v2\/product"}],"about":[{"href":"https:\/\/uj.adatbank.ro\/lexikon\/wp-json\/wp\/v2\/types\/product"}],"replies":[{"embeddable":true,"href":"https:\/\/uj.adatbank.ro\/lexikon\/wp-json\/wp\/v2\/comments?post=21554"}],"wp:attachment":[{"href":"https:\/\/uj.adatbank.ro\/lexikon\/wp-json\/wp\/v2\/media?parent=21554"}],"wp:term":[{"taxonomy":"product_brand","embeddable":true,"href":"https:\/\/uj.adatbank.ro\/lexikon\/wp-json\/wp\/v2\/product_brand?post=21554"},{"taxonomy":"product_cat","embeddable":true,"href":"https:\/\/uj.adatbank.ro\/lexikon\/wp-json\/wp\/v2\/product_cat?post=21554"},{"taxonomy":"product_tag","embeddable":true,"href":"https:\/\/uj.adatbank.ro\/lexikon\/wp-json\/wp\/v2\/product_tag?post=21554"}],"curies":[{"name":"wp","href":"https:\/\/api.w.org\/{rel}","templated":true}]}}