{"id":2156,"date":"2025-06-28T12:05:27","date_gmt":"2025-06-28T10:05:27","guid":{"rendered":"https:\/\/uj.adatbank.ro\/lexikon\/termek\/banffy-daniel-%c2%a7-losonczi-br\/"},"modified":"2025-06-28T12:05:27","modified_gmt":"2025-06-28T10:05:27","slug":"banffy-daniel-%c2%a7-losonczi-br","status":"publish","type":"product","link":"https:\/\/uj.adatbank.ro\/lexikon\/termek\/banffy-daniel-%c2%a7-losonczi-br\/","title":{"rendered":"B\u00c1NFFY D\u00e1niel, \u00a7 losonczi, br."},"content":{"rendered":"<p>Nagyenyed, 1893. szept. 18., \u2020 Bp., 1955. \u00e1pr. 7.: politikus, miniszter. \u2013 Losonczi B. Ferenc \u00e9s zejkfalvi Zejk Zsuzsanna unok\u00e1ja. B. K\u00e1zm\u00e9r \u00e9s tarcsfalvi P\u00e1lffy M\u00e1ria fia. N\u00f6v\u00e9re: B. Marianne Bethlen B\u00e1lintn\u00e9. Feles\u00e9ge: 1. borosjen\u0151i br. Atz\u00e9l Lidia (Bp., 1901. m\u00e1j. 8.- B\u00e9cs, 1972. febr. 27.), elv\u00e1ltak (1928); 2. zichi \u00e9s vasonke\u00f6i gr. Zichy M\u00e1ria Huberta (Bp. 1906. m\u00e1rc. 2.- Bp., tem. Le\u00e1nyv\u00e1r, 2001. nov. 9.). Esk\u00fcv\u0151 1934. H\u00e9t gyermek\u00fck: Ferenc, Kata, J\u00falia, Eszter, Gy\u00f6rgy, D\u00e9nes \u00e9s Mikl\u00f3s. \u2013 Mosonmagyar\u00f3v\u00e1ron v\u00e9gezte a gazd\u00e1szakad\u00e9mi\u00e1t. Apj\u00e1t\u00f3l \u00f6r\u00f6k\u00f6lte a fugadi kast\u00e9lyt, amit \u00e1talak\u00edtott (1937), f\u00f6ldbirtokos Fugadon (\u20131949). A B\u00e1nffy Erd\u0151uradalom igazgat\u00f3 vezet\u0151je volt. Az erd\u0151uradalom Ratosny\u00e1n, G\u00f6demesterh\u00e1z\u00e1n, Palotailv\u00e1n volt, papilapot isaj\u00e1nd\u00e9kozott. Vajdaszentiv\u00e1nyon \u00e9ltek, a csal\u00e1di birtokon gazd\u00e1lkodott (1917\u2013). F\u00f6ldm\u0171vel\u00e9s\u00fcgyi miniszter (1940. dec. 30. \u2013 1944. m\u00e1rc. 19) gr. Teleki P\u00e1l miniszetereln\u00f6k idej\u00e9n. Az Erd\u00e9lyi M. P\u00e1rt vezet\u0151s\u00e9gi tagja, ogy.-i k\u00e9pvisel\u0151, m. kir. titkos tan\u00e1csos. P\u00e1rtja nev\u00e9ben k\u00f6vetelte az azonnali fegyversz\u00fcnet megk\u00f6t\u00e9s\u00e9t (1944. szept. elej\u00e9n). Sz\u00e1lasi uralomra jut\u00e1sa ut\u00e1n a Gestapo b\u00f6rt\u00f6n\u00e9be ker\u00fclt, ahonnan megsz\u00f6k\u00f6tt. J\u00f3dtelepen f\u00f6ldter\u00fcletet adom\u00e1nyozott a ref. egyh\u00e1znak, amelyen fel\u00e9p\u00fclt a ref. k\u0151templom. A munk\u00e1t Debreczeni L\u00e1szl\u00f3 tervei alapj\u00e1n, k\u00f6zmunk\u00e1val v\u00e9gezt\u00e9k (1932\u201334, h\u00e9tk\u00f6zben iskol\u00e1nak haszn\u00e1lt\u00e1k (1934\u201349). A papilakot is a b\u00e1r\u00f3 adom\u00e1nyozta a k\u00f6zs\u00e9gnek, amely addig erd\u00e9szh\u00e1zk\u00e9nt szolg\u00e1lt, fel\u00faj\u00edt\u00e1s\u00e1r\u00f3l is gondoskodott. A 20 sz. v\u00e9g\u00e9n a templomot a k\u0151alapokig lebontott\u00e1k \u00e9s fel\u00faj\u00edtott\u00e1k (1998). A M. \u00c9rdemrend nagykeresztese, a Johannita-rend tiszteleti lovagja (1924\u2013), jogi lovag (1941\u201355). A 2. vh. ut\u00e1n, nem t\u00e9rtek vissza Erd\u00e9lybe, Bp.-en laktak. J\u00e1szap\u00e1tiba telep\u00edtett\u00e9k ki a csal\u00e1dot (1951\u2013), majd Nagymarosra k\u00f6lt\u00f6ztek. <br \/><strong>Irod.:<\/strong> Bethlen Anik\u00f3; Bicsok\u2013Orb\u00e1n; Der\u00e9k magyar embernek \u00e9s kereszt\u00e9nynek maradni \/ Ol\u00e1h-G\u00e1l Elvira besz\u00e9lget\u00e9se Ugron Istv\u00e1nn\u00e9 b\u00e1r\u00f3 B\u00e1nffy M\u00e1ri\u00e1val (Sz\u00e9kelyf\u00f6ld, 1. sz., 2012); Fekete; Gudenus; K\u00e1d\u00e1r \u2013 P\u00e1l-Antal; Kornis; M. Johannita csal\u00e1dt\u00f6rt.; Maros megyei m. t\u00f6rt. 5.; T\u00f3falvi 5.; \u00daM\u00c9L<\/br><\/p>\n","protected":false},"excerpt":{"rendered":"<p>Nagyenyed, 1893. szept. 18., \u2020 Bp., 1955. \u00e1pr. 7.: politikus, miniszter. \u2013 Losonczi B. Ferenc \u00e9s zejkfalvi Zejk Zsuzsanna unok\u00e1ja. B. K\u00e1zm\u00e9r \u00e9s tarcsfalvi P\u00e1lffy M\u00e1ria fia. N\u00f6v\u00e9re: B. Marianne Bethlen B\u00e1lintn\u00e9. Feles\u00e9ge: 1. borosjen\u0151i br. Atz\u00e9l Lidia (Bp., 1901. m\u00e1j. 8.- B\u00e9cs, 1972. febr. 27.), elv\u00e1ltak (1928); 2. zichi \u00e9s vasonke\u00f6i gr. Zichy M\u00e1ria [&hellip;]<\/p>\n","protected":false},"featured_media":0,"comment_status":"open","ping_status":"closed","template":"","meta":[],"product_brand":[],"product_cat":[137],"product_tag":[],"class_list":{"0":"post-2156","1":"product","2":"type-product","3":"status-publish","5":"product_cat-maros-megyei-eletrajzi-lexikon","7":"first","8":"instock","9":"shipping-taxable","10":"product-type-simple"},"_links":{"self":[{"href":"https:\/\/uj.adatbank.ro\/lexikon\/wp-json\/wp\/v2\/product\/2156","targetHints":{"allow":["GET"]}}],"collection":[{"href":"https:\/\/uj.adatbank.ro\/lexikon\/wp-json\/wp\/v2\/product"}],"about":[{"href":"https:\/\/uj.adatbank.ro\/lexikon\/wp-json\/wp\/v2\/types\/product"}],"replies":[{"embeddable":true,"href":"https:\/\/uj.adatbank.ro\/lexikon\/wp-json\/wp\/v2\/comments?post=2156"}],"wp:attachment":[{"href":"https:\/\/uj.adatbank.ro\/lexikon\/wp-json\/wp\/v2\/media?parent=2156"}],"wp:term":[{"taxonomy":"product_brand","embeddable":true,"href":"https:\/\/uj.adatbank.ro\/lexikon\/wp-json\/wp\/v2\/product_brand?post=2156"},{"taxonomy":"product_cat","embeddable":true,"href":"https:\/\/uj.adatbank.ro\/lexikon\/wp-json\/wp\/v2\/product_cat?post=2156"},{"taxonomy":"product_tag","embeddable":true,"href":"https:\/\/uj.adatbank.ro\/lexikon\/wp-json\/wp\/v2\/product_tag?post=2156"}],"curies":[{"name":"wp","href":"https:\/\/api.w.org\/{rel}","templated":true}]}}

BÁNFFY Dániel, § losonczi, br.

<p>Nagyenyed, 1893. szept. 18., † Bp., 1955. ápr. 7.: politikus, miniszter. – Losonczi B. Ferenc és zejkfalvi Zejk Zsuzsanna unokája. B. Kázmér és tarcsfalvi Pálffy Mária fia. Növére: B. Marianne Bethlen Bálintné. Felesége: 1. borosjenői br. Atzél Lidia (Bp., 1901. máj. 8.- Bécs, 1972. febr. 27.), elváltak (1928); 2. zichi és vasonkeöi gr. Zichy Mária Huberta (Bp. 1906. márc. 2.- Bp., tem. Leányvár, 2001. nov. 9.). Esküvő 1934. Hét gyermekük: Ferenc, Kata, Júlia, Eszter, György, Dénes és Miklós. – Mosonmagyaróváron végezte a gazdászakadémiát. Apjától örökölte a fugadi kastélyt, amit átalakított (1937), földbirtokos Fugadon (–1949). A Bánffy Erdőuradalom igazgató vezetője volt. Az erdőuradalom Ratosnyán, Gödemesterházán, Palotailván volt, papilapot isajándékozott. Vajdaszentiványon éltek, a családi birtokon gazdálkodott (1917–). Földművelésügyi miniszter (1940. dec. 30. – 1944. márc. 19) gr. Teleki Pál miniszeterelnök idején. Az Erdélyi M. Párt vezetőségi tagja, ogy.-i képviselő, m. kir. titkos tanácsos. Pártja nevében követelte az azonnali fegyverszünet megkötését (1944. szept. elején). Szálasi uralomra jutása után a Gestapo börtönébe került, ahonnan megszökött. Jódtelepen földterületet adományozott a ref. egyháznak, amelyen felépült a ref. kőtemplom. A munkát Debreczeni László tervei alapján, közmunkával végezték (1932–34, hétközben iskolának használták (1934–49). A papilakot is a báró adományozta a községnek, amely addig erdészházként szolgált, felújításáról is gondoskodott. A 20 sz. végén a templomot a kőalapokig lebontották és felújították (1998). A M. Érdemrend nagykeresztese, a Johannita-rend tiszteleti lovagja (1924–), jogi lovag (1941–55). A 2. vh. után, nem tértek vissza Erdélybe, Bp.-en laktak. Jászapátiba telepítették ki a családot (1951–), majd Nagymarosra költöztek. <br /><strong>Irod.:</strong> Bethlen Anikó; Bicsok–Orbán; Derék magyar embernek és kereszténynek maradni / Oláh-Gál Elvira beszélgetése Ugron Istvánné báró Bánffy Máriával (Székelyföld, 1. sz., 2012); Fekete; Gudenus; Kádár – Pál-Antal; Kornis; M. Johannita családtört.; Maros megyei m. tört. 5.; Tófalvi 5.; ÚMÉL</br></p>

<p>Nagyenyed, 1893. szept. 18., † Bp., 1955. ápr. 7.: politikus, miniszter. – Losonczi B. Ferenc és zejkfalvi Zejk Zsuzsanna unokája. B. Kázmér és tarcsfalvi Pálffy Mária fia. Növére: B. Marianne Bethlen Bálintné. Felesége: 1. borosjenői br. Atzél Lidia (Bp., 1901. máj. 8.- Bécs, 1972. febr. 27.), elváltak (1928); 2. zichi és vasonkeöi gr. Zichy Mária [&hellip;]</p>
