{"id":21567,"date":"2025-07-22T19:29:26","date_gmt":"2025-07-22T17:29:26","guid":{"rendered":"https:\/\/uj.adatbank.ro\/lexikon\/termek\/szasz-karoly-%c2%a7-szemerjai-id-alnevei-egy-szabad-szasz-publicola\/"},"modified":"2025-07-22T19:29:26","modified_gmt":"2025-07-22T17:29:26","slug":"szasz-karoly-%c2%a7-szemerjai-id-alnevei-egy-szabad-szasz-publicola","status":"publish","type":"product","link":"https:\/\/uj.adatbank.ro\/lexikon\/termek\/szasz-karoly-%c2%a7-szemerjai-id-alnevei-egy-szabad-szasz-publicola\/","title":{"rendered":"SZ\u00c1SZ K\u00e1roly, \u00a7 szemerjai, id.; \u00e1lnevei: Egy szabad sz\u00e1sz, Publicola"},"content":{"rendered":"<p>V\u00edzakna, 1798. jan. 25., \u2020 Mv., 1853. okt. 25. tan\u00e1r, jog\u00e1szprofesszor, matematikus, nyelv\u00e9sz, \u00e1llamtitk\u00e1r. \u2013 Apja: Sz. J\u00e1nos kir\u00e1lyb\u00edr\u00f3. Gyermekei: K\u00e1roly \u2013 k\u00f6lt\u0151, \u00edr\u00f3, m\u0171ford\u00edt\u00f3 \u00e9s reform\u00e1tus p\u00fcsp\u00f6k (1829\u20131905) \u2013, R\u00f3bert, Gyula, Domokos, B\u00e9la \u2013 k\u00f6lt\u0151, m\u0171ford\u00edt\u00f3 \u00e9s filoz\u00f3fus \u2013 \u00e9s J\u00falia. \u2013 Tanult Nagyenyeden a ref. f\u0151isk.-n (1805\u201313), egy\u00fattal az als\u00f3bb oszt\u00e1lyokat tan\u00edtotta, t\u00f3g\u00e1tus di\u00e1k (1811\u20131814). A kv.-i r. k. l\u00edc.-ban jogot hallgatott, jogi vizsg\u00e1t tett (1815). Mv. kir. t\u00e1bl\u00e1n\u00e1l jur\u00e1tus (1815\u2013), megszerezte az \u00fcgyv\u00e9di diplom\u00e1t (1816). Tord\u00e1n gr. Teleki Domokos fi\u00e1nak, Eleknek volt a h\u00e1zitan\u00edt\u00f3ja (1817). Zeyk J\u00e1nos \u00e9s Teleki Elek nevel\u0151je-k\u00eds\u00e9r\u0151je B\u00e9csben tanultak (1817\u201320). Az \u00e1ltala k\u00fcl\u00f6n\u00f6sen kedvelt sz\u00e1mtannal \u00e9s term\u00e9szettudom\u00e1nyokkal foglalkozott, itt ismerkedett meg \u00e9s bar\u00e1ti kapcsolatba ker\u00fclt Bolyai J\u00e1nossal, aki a hadm\u00e9rn\u00f6ki akad.-\u00e1n tanult (1817\u201322), k\u00e9s\u0151bb a bar\u00e1ts\u00e1g megromlott. Visszat\u00e9rt Mv.-re a Kir. T\u00e1bl\u00e1hoz, megh\u00edvt\u00e1k a nagyenyedi jogi katedr\u00e1ra. Tan\u00edtott Nagyenyeden a f\u0151isk. jog seg\u00e9dtan\u00e1ra, r. tan\u00e1ra (1821\u201339). Als\u00f3-Feh\u00e9r v\u00e1rmegye t\u00e1blab\u00edr\u00f3ja. Kor\u00e1n bekapcsol\u00f3dott a reformmozgalomba, a m. v\u00e1ndorpatri\u00f3t\u00e1k k\u00f6z\u00e9 tartozott (1830-as \u00e9vek) \u00e9s a b\u00e9csi politika abszolutista m\u00f3dszerei ellen k\u00fczd\u00f6tt. V\u00edzakna k\u00f6vete az erd\u00e9lyi ogy.-en (1834\u201335), az ellenz\u00e9k egyik vez\u00e9re, emiatt az ogy. feloszl\u00e1sa ut\u00e1n a korm\u00e1ny pert ind\u00edtott ellene \u00e9s k\u00f6vetelte jogtan\u00e1ri \u00e1ll\u00e1s\u00e1b\u00f3l val\u00f3 elmozd\u00edt\u00e1s\u00e1t, ez\u00e9rt saj\u00e1t k\u00e9r\u00e9s\u00e9re a kiv\u00e1l\u00f3 jogtan\u00e1r a matem. \u00e9s fizika tan\u00e1ra lett (1839\u2013). Ism\u00e9t V\u00edzakna k\u00f6vetek\u00e9nt az erd\u00e9lyi ogy.-ben (1848) tev\u00e9kenyen k\u00f6zrem\u0171k\u00f6d\u00f6tt Mo. \u00e9s Erd\u00e9ly uni\u00f3j\u00e1nak kimond\u00e1s\u00e1ban, ut\u00f3bb a pesti els\u0151 n\u00e9pk\u00e9pviseleti ogy. tagja. A Vall\u00e1s- \u00e9s K\u00f6zoktat\u00e1s\u00fcgyi Min. \u00e1llamtitk\u00e1ra (1848. \u00e1pr.\u2013), a Min. \u00fcgykezel\u00e9s\u00e9nek vezet\u0151je (1848. szept. 28.), a Min. vezet\u0151je (1849. m\u00e1j. 1\u20132.). Ez\u00e9rt a vil\u00e1gosi fegyverlet\u00e9tel ut\u00e1n perbe fogt\u00e1k, de felmentett\u00e9k (1850. j\u00fal.). Nagyenyeden 25-\u00e9ves jubileumi \u00fcnnep\u00e9n Bolyai Farkas is r\u00e9szt vett. Professzor lett Mv.-en, \u0151 k\u00f6vette Bolyai Farkast a mv.-i Ref. Koll. math\u00e9sis \u00e9s fizika tansz\u00e9k\u00e9n hal\u00e1l\u00e1ig (1851\u201353). \u00c9rdeme a m. matematikai szaknyelv bevezet\u00e9se az iskolai oktat\u00e1sba. Bolyai Farkas \u00edrt gy\u00e1szjelent\u00e9st hal\u00e1la alkalm\u00e1val. Nagy hat\u00e1st gyakorolt tan\u00edtv\u00e1nyaira, k\u00f6zt\u00fck br. Kem\u00e9ny Zsigmondra. T\u00f6bb jogi \u00e9s nyelvtudom\u00e1nyi tank\u00f6nyvet \u00edrt. A MTA levelez\u0151 (1833), majd rendes tagja (1834). A hajnal emberei c.-mel reg\u00e9nyt \u00edrt r\u00f3la Berde M\u00e1ria (1943). \u2013 <strong><strong>F. m.<\/strong><\/strong>: A der\u00e9k ember \u00e9s ritka \u00e9rdem\u0171 tan\u00edt\u00f3 k\u00e9pe: Egy besz\u00e9d, mellyel K\u00f6teles S\u00e1muelnek, a N. Enyedi F\u0151-Oskol\u00e1n\u00e1l a` B\u00f6lcselked\u00e9s` K. R. Tanit\u00f3j\u00e1nak, \u00e9s a` Magyar Tud\u00f3s T\u00e1rsas\u00e1g` rendes Tagj\u00e1nak becses eml\u00e9kezet\u00e9t tan\u00edtv\u00e1nyai` sz\u00edv\u00e9ben megujj\u00edtotta.1831. j\u00fan. 27.Elmondotta Sz.Sz\u00e1sz K\u00e1roly (Kv., 1831.); Az 1831. esztend\u0151 t\u00f6rt\u00e9nete (Kv., 1832); Sylloge tractatuum aliorumque acto-rum publicorum et argumenta b. Diplomatis Leopoldiniillustrantium&#8230; (Kv., 1833); Latin nyelvtudom\u00e1ny (Nagyenyed, 1838); Az igeid\u0151k form\u00e1l\u00f3d\u00e1s\u00e1nak szab\u00e1lyai (Nagyenyed, 1838); A perrendtart\u00e1s \u00e9s perfolyamat (1839); Latin nyelvtudom\u00e1ny (Nagyenyed, 1838); Magyar nyelvtudom\u00e1ny magyar tan\u00edt\u00f3k s tanul\u00f3k sz\u00e1m\u00e1ra (Nagyenyed, 1839); Els\u0151rang\u00fa egyenletek f\u00f6lold\u00e1s\u00e1nak \u00faj kezel\u00e9si m\u00f3dszere ak\u00e1rh\u00e1ny ismeretlenre n\u00e9zve, mellyel a nagyenyedi f\u0151oskol\u00e1ban sz\u00e1mtudom\u00e1nyi tanul\u00f3 oszt\u00e1ly idei t\u00e9li k\u00f6zpr\u00f3bat\u00e9tel\u00e9re minden r. t. hallgat\u00f3kat megh\u00edvnak\/ Sz. K. \u00e9s tan\u00edtv\u00e1nyai (Nagyenyed, 1839); Sz\u00e1sz K\u00e1roly (v\u00e1log. m\u0171veib\u0151l; bev., sz\u00f6veg v\u00e1log., jegyzetek Kiss G\u00e9za, Turnowsky S\u00e1ndor; Buk., 1955); <strong>t\u00e1rssz.:<\/strong> Sz\u00e1mtan.\u00daj elvek szerint. (ifj. Sz\u00e1sz K\u00e1rollyal, Pest, 1853); <strong>antol\u00f3g.:<\/strong> Bem album (Mv., 1884). <br \/><strong>Irod.:<\/strong> Apor \u2013 Ol\u00e1h-G\u00e1l; Benedek Marcell: A magyar irodalmom t\u00f6rt\u00e9nete (Bp., 1938); Be\u00f6thy; Be\u00f6thy Zsolt: Ir\u00f3i arck\u00e9pek (Bp., s.a.); Berde M\u00e1ria, R.: Id\u0151sb Sz. K. a n\u00e9pk\u00e9pviselet egykori bajnoka (Sz\u00e9kely Sz\u00f3, 1946. okt. 13.); Bisztray Gyula: Ir\u00f3 \u00e9s nemzet (Bp., 1943); Csekme; Egyed \u00c1. 2004; Encyc. Hung.; Feh\u00e9r Katalin: Reformkori erd\u00e9lyi egyh\u00e1zi \u00e9s iskolai besz\u00e9dek a nevel\u00e9sr\u0151l (Magiszter, 3\u20134. sz., 2007); Ferenczi Zolt\u00e1n: A kv.-i sz\u00edn\u00e9szet \u00e9s sz\u00ednh\u00e1z t\u00f6rt\u00e9nete (Kv., 1897); Ferenczy-Danielik; G\u00e1ldi L\u00e1szl\u00f3: Siebenb\u00fcrgen im Aufbau der ungarischen Kultur (Bp.-Leipzig-Milano, s.a.); Gy\u00e1szjelent\u0151; Halotti besz\u00e9dek; Id\u0151t\u00e1r 2; Kem\u00e9ny Zs. Tanulm\u00e1nyai (Pest, 1870); K\u00e9ky Lajos: A sz\u00e1z\u00e9ves Kisfaludy T\u00e1rsas\u00e1g (Bp., 1936); Kiss G\u00e9za-Turnowszky S\u00e1ndor: Sz. K. (Buk., 1955); Kiss\u2013K\u00e1lm\u00e1n\u2013Bierbrunner; Ko\u00f3s Ferenc: \u00c9letem \u00e9s eml\u00e9keim (Brass\u00f3, 1890); Kr\u00f3n. F\u00fcz. (1939. 4\/6); A magyar irod. t\u00f6rt\u00e9nete k\u00e9pes d\u00edszmunka (Bp., 1906\u201307); Makfalva; Marosi-KZST; M\u00c9L; MNL; Mv.-i ref. temet\u0151; N\u00e9v- \u00e9s t\u00e1rgymutat\u00f3 a MTA \u00c9rtes\u00edt\u0151j\u00e9nek 1\u20138 \u00e9vfolyam\u00e1hoz (Bp., 1875); Ol\u00e1h-G\u00e1l; Ol\u00e1h-G\u00e1l R\u00f3bert: Erd\u00e9lyi t\u00e1jakon a Bolyaiak nyom\u00e1ban (Cs\u00edkszereda, 2009); Ol\u00e1h-G\u00e1l R\u00f3bert: Lyukas \u00f3ra, Sz\u00e1sz K\u00e1roly \u00e9s Bolyai J\u00e1nos (N\u00fa., 2000. nov. 2\u20133); Ol\u00e1h-G\u00e1l R\u00f3bert: A matematikus Sz. K. (N\u00fa., 2007. febr. 9.); Ol\u00e1h-G\u00e1l R\u00f3bert: Sz. K., az \u00e1llamf\u00e9rfi (N\u00fa., Sz\u00ednes Vil\u00e1g, 2008. j\u00fal. 19.); Ol\u00e1h-G\u00e1l R\u00f3bert: Kem\u00e9ny Zsigmond nekrol\u00f3gja id. Sz. K. felett (N\u00fa., Sz\u00ednes Vil\u00e1g, 2014. okt.? \u2013 2014. nov. 14.); \u00d6kr\u00f6s; P\u00e1lmay J\u00f3zsef; Pedag\u00f3giai Lexikon; Pint\u00e9r; Pluh\u00e1r; Rugonfalvi Kiss; Szathm\u00e1ry K\u00e1roly: A gyulafeh\u00e9rv\u00e1r\u2013nagyenyedi Bethlen-f\u0151tanoda t\u00f6rt\u00e9nete (1868.); Sz. K. (v\u00e1log. m\u0171veib\u0151l; bev., sz\u00f6veg v\u00e1log., jegyzetek Kiss G\u00e1za, Turnowsky S\u00e1ndor; Buk., 1955); Sz. K. (Sz\u00fclettem&#8230; M. tud\u00f3sok \u00f6n\u00e9letrajzai. Bp., 2003); Szinnyei; Szinnyei J; Szinnyei J.-Sz. J.; Todea 2013; Toldy; A T\u00f6rt\u00e9nelmi K\u00e9pcsarnok m\u0171t\u00e1rgyainak le\u00edr\u00f3 lajstroma (Bp., 1907); A t\u00f6rt\u00e9neti Erd\u00e9ly (Bp., 1936); \u00daIL; \u00daj lexikon; \u00daIT; \u00daM\u00c9L; \u00daMIL; Vargha Zolt\u00e1n: A szemerjai Sz\u00e1sz csal\u00e1d (Kv., 1912), Varga Zolt\u00e1n: Sz. K. \u00e9s P\u00e9terfi Albert (1943.); V\u00e1zlatok a MTA f\u00e9lsz\u00e1zados t\u00f6rt\u00e9net\u00e9b\u0151l (Bp., 1881); Zov\u00e1nyi.<\/br><\/p>\n","protected":false},"excerpt":{"rendered":"<p>V\u00edzakna, 1798. jan. 25., \u2020 Mv., 1853. okt. 25. tan\u00e1r, jog\u00e1szprofesszor, matematikus, nyelv\u00e9sz, \u00e1llamtitk\u00e1r. \u2013 Apja: Sz. J\u00e1nos kir\u00e1lyb\u00edr\u00f3. Gyermekei: K\u00e1roly \u2013 k\u00f6lt\u0151, \u00edr\u00f3, m\u0171ford\u00edt\u00f3 \u00e9s reform\u00e1tus p\u00fcsp\u00f6k (1829\u20131905) \u2013, R\u00f3bert, Gyula, Domokos, B\u00e9la \u2013 k\u00f6lt\u0151, m\u0171ford\u00edt\u00f3 \u00e9s filoz\u00f3fus \u2013 \u00e9s J\u00falia. \u2013 Tanult Nagyenyeden a ref. f\u0151isk.-n (1805\u201313), egy\u00fattal az als\u00f3bb oszt\u00e1lyokat tan\u00edtotta, t\u00f3g\u00e1tus [&hellip;]<\/p>\n","protected":false},"featured_media":0,"comment_status":"open","ping_status":"closed","template":"","meta":[],"product_brand":[],"product_cat":[137],"product_tag":[],"class_list":{"0":"post-21567","1":"product","2":"type-product","3":"status-publish","5":"product_cat-maros-megyei-eletrajzi-lexikon","7":"first","8":"instock","9":"shipping-taxable","10":"product-type-simple"},"_links":{"self":[{"href":"https:\/\/uj.adatbank.ro\/lexikon\/wp-json\/wp\/v2\/product\/21567","targetHints":{"allow":["GET"]}}],"collection":[{"href":"https:\/\/uj.adatbank.ro\/lexikon\/wp-json\/wp\/v2\/product"}],"about":[{"href":"https:\/\/uj.adatbank.ro\/lexikon\/wp-json\/wp\/v2\/types\/product"}],"replies":[{"embeddable":true,"href":"https:\/\/uj.adatbank.ro\/lexikon\/wp-json\/wp\/v2\/comments?post=21567"}],"wp:attachment":[{"href":"https:\/\/uj.adatbank.ro\/lexikon\/wp-json\/wp\/v2\/media?parent=21567"}],"wp:term":[{"taxonomy":"product_brand","embeddable":true,"href":"https:\/\/uj.adatbank.ro\/lexikon\/wp-json\/wp\/v2\/product_brand?post=21567"},{"taxonomy":"product_cat","embeddable":true,"href":"https:\/\/uj.adatbank.ro\/lexikon\/wp-json\/wp\/v2\/product_cat?post=21567"},{"taxonomy":"product_tag","embeddable":true,"href":"https:\/\/uj.adatbank.ro\/lexikon\/wp-json\/wp\/v2\/product_tag?post=21567"}],"curies":[{"name":"wp","href":"https:\/\/api.w.org\/{rel}","templated":true}]}}

SZÁSZ Károly, § szemerjai, id.; álnevei: Egy szabad szász, Publicola

<p>Vízakna, 1798. jan. 25., † Mv., 1853. okt. 25. tanár, jogászprofesszor, matematikus, nyelvész, államtitkár. – Apja: Sz. János királybíró. Gyermekei: Károly – költő, író, műfordító és református püspök (1829–1905) –, Róbert, Gyula, Domokos, Béla – költő, műfordító és filozófus – és Júlia. – Tanult Nagyenyeden a ref. főisk.-n (1805–13), egyúttal az alsóbb osztályokat tanította, tógátus diák (1811–1814). A kv.-i r. k. líc.-ban jogot hallgatott, jogi vizsgát tett (1815). Mv. kir. táblánál jurátus (1815–), megszerezte az ügyvédi diplomát (1816). Tordán gr. Teleki Domokos fiának, Eleknek volt a házitanítója (1817). Zeyk János és Teleki Elek nevelője-kísérője Bécsben tanultak (1817–20). Az általa különösen kedvelt számtannal és természettudományokkal foglalkozott, itt ismerkedett meg és baráti kapcsolatba került Bolyai Jánossal, aki a hadmérnöki akad.-án tanult (1817–22), később a barátság megromlott. Visszatért Mv.-re a Kir. Táblához, meghívták a nagyenyedi jogi katedrára. Tanított Nagyenyeden a főisk. jog segédtanára, r. tanára (1821–39). Alsó-Fehér vármegye táblabírója. Korán bekapcsolódott a reformmozgalomba, a m. vándorpatrióták közé tartozott (1830-as évek) és a bécsi politika abszolutista módszerei ellen küzdött. Vízakna követe az erdélyi ogy.-en (1834–35), az ellenzék egyik vezére, emiatt az ogy. feloszlása után a kormány pert indított ellene és követelte jogtanári állásából való elmozdítását, ezért saját kérésére a kiváló jogtanár a matem. és fizika tanára lett (1839–). Ismét Vízakna követeként az erdélyi ogy.-ben (1848) tevékenyen közreműködött Mo. és Erdély uniójának kimondásában, utóbb a pesti első népképviseleti ogy. tagja. A Vallás- és Közoktatásügyi Min. államtitkára (1848. ápr.–), a Min. ügykezelésének vezetője (1848. szept. 28.), a Min. vezetője (1849. máj. 1–2.). Ezért a világosi fegyverletétel után perbe fogták, de felmentették (1850. júl.). Nagyenyeden 25-éves jubileumi ünnepén Bolyai Farkas is részt vett. Professzor lett Mv.-en, ő követte Bolyai Farkast a mv.-i Ref. Koll. mathésis és fizika tanszékén haláláig (1851–53). Érdeme a m. matematikai szaknyelv bevezetése az iskolai oktatásba. Bolyai Farkas írt gyászjelentést halála alkalmával. Nagy hatást gyakorolt tanítványaira, köztük br. Kemény Zsigmondra. Több jogi és nyelvtudományi tankönyvet írt. A MTA levelező (1833), majd rendes tagja (1834). A hajnal emberei c.-mel regényt írt róla Berde Mária (1943). – <strong><strong>F. m.</strong></strong>: A derék ember és ritka érdemű tanító képe: Egy beszéd, mellyel Köteles Sámuelnek, a N. Enyedi Fő-Oskolánál a` Bölcselkedés` K. R. Tanitójának, és a` Magyar Tudós Társaság` rendes Tagjának becses emlékezetét tanítványai` szívében megujjította.1831. jún. 27.Elmondotta Sz.Szász Károly (Kv., 1831.); Az 1831. esztendő története (Kv., 1832); Sylloge tractatuum aliorumque acto-rum publicorum et argumenta b. Diplomatis Leopoldiniillustrantium&#8230; (Kv., 1833); Latin nyelvtudomány (Nagyenyed, 1838); Az igeidők formálódásának szabályai (Nagyenyed, 1838); A perrendtartás és perfolyamat (1839); Latin nyelvtudomány (Nagyenyed, 1838); Magyar nyelvtudomány magyar tanítók s tanulók számára (Nagyenyed, 1839); Elsőrangú egyenletek föloldásának új kezelési módszere akárhány ismeretlenre nézve, mellyel a nagyenyedi főoskolában számtudományi tanuló osztály idei téli közpróbatételére minden r. t. hallgatókat meghívnak/ Sz. K. és tanítványai (Nagyenyed, 1839); Szász Károly (válog. műveiből; bev., szöveg válog., jegyzetek Kiss Géza, Turnowsky Sándor; Buk., 1955); <strong>társsz.:</strong> Számtan.Új elvek szerint. (ifj. Szász Károllyal, Pest, 1853); <strong>antológ.:</strong> Bem album (Mv., 1884). <br /><strong>Irod.:</strong> Apor – Oláh-Gál; Benedek Marcell: A magyar irodalmom története (Bp., 1938); Beöthy; Beöthy Zsolt: Irói arcképek (Bp., s.a.); Berde Mária, R.: Idősb Sz. K. a népképviselet egykori bajnoka (Székely Szó, 1946. okt. 13.); Bisztray Gyula: Iró és nemzet (Bp., 1943); Csekme; Egyed Á. 2004; Encyc. Hung.; Fehér Katalin: Reformkori erdélyi egyházi és iskolai beszédek a nevelésről (Magiszter, 3–4. sz., 2007); Ferenczi Zoltán: A kv.-i színészet és színház története (Kv., 1897); Ferenczy-Danielik; Gáldi László: Siebenbürgen im Aufbau der ungarischen Kultur (Bp.-Leipzig-Milano, s.a.); Gyászjelentő; Halotti beszédek; Időtár 2; Kemény Zs. Tanulmányai (Pest, 1870); Kéky Lajos: A százéves Kisfaludy Társaság (Bp., 1936); Kiss Géza-Turnowszky Sándor: Sz. K. (Buk., 1955); Kiss–Kálmán–Bierbrunner; Koós Ferenc: Életem és emlékeim (Brassó, 1890); Krón. Füz. (1939. 4/6); A magyar irod. története képes díszmunka (Bp., 1906–07); Makfalva; Marosi-KZST; MÉL; MNL; Mv.-i ref. temető; Név- és tárgymutató a MTA Értesítőjének 1–8 évfolyamához (Bp., 1875); Oláh-Gál; Oláh-Gál Róbert: Erdélyi tájakon a Bolyaiak nyomában (Csíkszereda, 2009); Oláh-Gál Róbert: Lyukas óra, Szász Károly és Bolyai János (Nú., 2000. nov. 2–3); Oláh-Gál Róbert: A matematikus Sz. K. (Nú., 2007. febr. 9.); Oláh-Gál Róbert: Sz. K., az államférfi (Nú., Színes Világ, 2008. júl. 19.); Oláh-Gál Róbert: Kemény Zsigmond nekrológja id. Sz. K. felett (Nú., Színes Világ, 2014. okt.? – 2014. nov. 14.); Ökrös; Pálmay József; Pedagógiai Lexikon; Pintér; Pluhár; Rugonfalvi Kiss; Szathmáry Károly: A gyulafehérvár–nagyenyedi Bethlen-főtanoda története (1868.); Sz. K. (válog. műveiből; bev., szöveg válog., jegyzetek Kiss Gáza, Turnowsky Sándor; Buk., 1955); Sz. K. (Születtem&#8230; M. tudósok önéletrajzai. Bp., 2003); Szinnyei; Szinnyei J; Szinnyei J.-Sz. J.; Todea 2013; Toldy; A Történelmi Képcsarnok műtárgyainak leíró lajstroma (Bp., 1907); A történeti Erdély (Bp., 1936); ÚIL; Új lexikon; ÚIT; ÚMÉL; ÚMIL; Vargha Zoltán: A szemerjai Szász család (Kv., 1912), Varga Zoltán: Sz. K. és Péterfi Albert (1943.); Vázlatok a MTA félszázados történetéből (Bp., 1881); Zoványi.</br></p>

<p>Vízakna, 1798. jan. 25., † Mv., 1853. okt. 25. tanár, jogászprofesszor, matematikus, nyelvész, államtitkár. – Apja: Sz. János királybíró. Gyermekei: Károly – költő, író, műfordító és református püspök (1829–1905) –, Róbert, Gyula, Domokos, Béla – költő, műfordító és filozófus – és Júlia. – Tanult Nagyenyeden a ref. főisk.-n (1805–13), egyúttal az alsóbb osztályokat tanította, tógátus [&hellip;]</p>
