{"id":2157,"date":"2025-06-28T12:05:28","date_gmt":"2025-06-28T10:05:28","guid":{"rendered":"https:\/\/uj.adatbank.ro\/lexikon\/termek\/banffy-denes\/"},"modified":"2025-06-28T12:05:28","modified_gmt":"2025-06-28T10:05:28","slug":"banffy-denes","status":"publish","type":"product","link":"https:\/\/uj.adatbank.ro\/lexikon\/termek\/banffy-denes\/","title":{"rendered":"B\u00c1NFFY D\u00e9nes"},"content":{"rendered":"<p>1630 k\u00f6r\u00fcl? \u2020 Bethleni v\u00e1r, 1674. dec. 17\u201319.? \u2013 F\u0151lov\u00e1szmester, f\u0151isp\u00e1n, a fejedelmi tan\u00e1cs tagja. \u2013 Feles\u00e9ge Bornemisza Kata, akinek \u0151 a harmadik f\u00e9rje. Bethlen Mih\u00e1ly \u00e9s Borsai Nagy P\u00e1l ut\u00e1n a harmadik f\u00e9rje. Feles\u00e9ge s\u00f3gorn\u0151j\u00e9vel, Bornemimisza Ann\u00e1val k\u00f6z\u00f6sen, \u00f6sszegy\u0171jt\u00f6ttek 12000 tall\u00e9ros v\u00e1lts\u00e1gd\u00edjat \u00e9s ez\u00e1ltal Apafi Mih\u00e1ly a krimi tat\u00e1r fogs\u00e1gt\u00f3l megszabadult. Doboka v\u00e1rmegye f\u0151isp\u00e1nja (1659\u2013), Kv. kapit\u00e1nya (1666. szept. \u2013), Szamos\u00fajv\u00e1r kapit\u00e1nya (1667\u2013), Kolozs v\u00e1rmegye f\u0151isp\u00e1nja (1667. \u00e1pr. \u2013), a fejedelmi tan\u00e1cs tagja (1664\u20131674). Katonai f\u0151parancsnok Bethlen J\u00e1nos kancell\u00e1rral, Haller G\u00e1bor \u00e9s Teleki Mih\u00e1ly tan\u00e1csurakkal egy\u00fctt seg\u00edtett helyre\u00e1ll\u00edtani a k\u00f6zponti hatalmat. Csal\u00e1dja sz\u00e1m\u00e1ra hatalmas vagyonra tett szert, amit sokan irigyiltek. Egy sz\u00e9kely csapat (5\u2013600 f\u0151s) megt\u00e1madta kop\u00e1nyi sz\u00e1ll\u00e1s\u00e1n, de siker\u00fclt Kv. fel\u00e9 menek\u00fclnie, ahol az unit\u00e1rius p\u00fcsp\u00f6k \u201dvend\u00e9ge\u201d. A f\u0151urak az orsz\u00e1ggy\u00fcl\u00e9sen meghozt\u00e1k az it\u00e9letet. Ellens\u00e9g\u00e9t, Cs\u00e1ky L\u00e1szl\u00f3t k\u00fcldt\u00e9k Bethlenbe, hogy az it\u00e9letet hajts\u00e1k v\u00e9gre. Rab volt Kv.-on, majd Szamos\u00fajv\u00e1ron, a betthleni v\u00e1rban, a feles\u00e9ge is vele volt. Itt v\u00e9gezt\u00e9k ki (1674. dec. 17\u201319. k\u00f6z\u00f6tt). <br \/><strong>Irod.:<\/strong> Erd\u00e9lyi Ref. Kalend\u00e1rium.<\/br><\/p>\n","protected":false},"excerpt":{"rendered":"<p>1630 k\u00f6r\u00fcl? \u2020 Bethleni v\u00e1r, 1674. dec. 17\u201319.? \u2013 F\u0151lov\u00e1szmester, f\u0151isp\u00e1n, a fejedelmi tan\u00e1cs tagja. \u2013 Feles\u00e9ge Bornemisza Kata, akinek \u0151 a harmadik f\u00e9rje. Bethlen Mih\u00e1ly \u00e9s Borsai Nagy P\u00e1l ut\u00e1n a harmadik f\u00e9rje. Feles\u00e9ge s\u00f3gorn\u0151j\u00e9vel, Bornemimisza Ann\u00e1val k\u00f6z\u00f6sen, \u00f6sszegy\u0171jt\u00f6ttek 12000 tall\u00e9ros v\u00e1lts\u00e1gd\u00edjat \u00e9s ez\u00e1ltal Apafi Mih\u00e1ly a krimi tat\u00e1r fogs\u00e1gt\u00f3l megszabadult. Doboka v\u00e1rmegye f\u0151isp\u00e1nja [&hellip;]<\/p>\n","protected":false},"featured_media":0,"comment_status":"open","ping_status":"closed","template":"","meta":[],"product_brand":[],"product_cat":[137],"product_tag":[],"class_list":{"0":"post-2157","1":"product","2":"type-product","3":"status-publish","5":"product_cat-maros-megyei-eletrajzi-lexikon","7":"first","8":"instock","9":"shipping-taxable","10":"product-type-simple"},"_links":{"self":[{"href":"https:\/\/uj.adatbank.ro\/lexikon\/wp-json\/wp\/v2\/product\/2157","targetHints":{"allow":["GET"]}}],"collection":[{"href":"https:\/\/uj.adatbank.ro\/lexikon\/wp-json\/wp\/v2\/product"}],"about":[{"href":"https:\/\/uj.adatbank.ro\/lexikon\/wp-json\/wp\/v2\/types\/product"}],"replies":[{"embeddable":true,"href":"https:\/\/uj.adatbank.ro\/lexikon\/wp-json\/wp\/v2\/comments?post=2157"}],"wp:attachment":[{"href":"https:\/\/uj.adatbank.ro\/lexikon\/wp-json\/wp\/v2\/media?parent=2157"}],"wp:term":[{"taxonomy":"product_brand","embeddable":true,"href":"https:\/\/uj.adatbank.ro\/lexikon\/wp-json\/wp\/v2\/product_brand?post=2157"},{"taxonomy":"product_cat","embeddable":true,"href":"https:\/\/uj.adatbank.ro\/lexikon\/wp-json\/wp\/v2\/product_cat?post=2157"},{"taxonomy":"product_tag","embeddable":true,"href":"https:\/\/uj.adatbank.ro\/lexikon\/wp-json\/wp\/v2\/product_tag?post=2157"}],"curies":[{"name":"wp","href":"https:\/\/api.w.org\/{rel}","templated":true}]}}

BÁNFFY Dénes

<p>1630 körül? † Bethleni vár, 1674. dec. 17–19.? – Főlovászmester, főispán, a fejedelmi tanács tagja. – Felesége Bornemisza Kata, akinek ő a harmadik férje. Bethlen Mihály és Borsai Nagy Pál után a harmadik férje. Felesége sógornőjével, Bornemimisza Annával közösen, összegyűjtöttek 12000 talléros váltságdíjat és ezáltal Apafi Mihály a krimi tatár fogságtól megszabadult. Doboka vármegye főispánja (1659–), Kv. kapitánya (1666. szept. –), Szamosújvár kapitánya (1667–), Kolozs vármegye főispánja (1667. ápr. –), a fejedelmi tanács tagja (1664–1674). Katonai főparancsnok Bethlen János kancellárral, Haller Gábor és Teleki Mihály tanácsurakkal együtt segített helyreállítani a központi hatalmat. Családja számára hatalmas vagyonra tett szert, amit sokan irigyiltek. Egy székely csapat (5–600 fős) megtámadta kopányi szállásán, de sikerült Kv. felé menekülnie, ahol az unitárius püspök ”vendége”. A főurak az országgyülésen meghozták az itéletet. Ellenségét, Csáky Lászlót küldték Bethlenbe, hogy az itéletet hajtsák végre. Rab volt Kv.-on, majd Szamosújváron, a betthleni várban, a felesége is vele volt. Itt végezték ki (1674. dec. 17–19. között). <br /><strong>Irod.:</strong> Erdélyi Ref. Kalendárium.</br></p>

<p>1630 körül? † Bethleni vár, 1674. dec. 17–19.? – Főlovászmester, főispán, a fejedelmi tanács tagja. – Felesége Bornemisza Kata, akinek ő a harmadik férje. Bethlen Mihály és Borsai Nagy Pál után a harmadik férje. Felesége sógornőjével, Bornemimisza Annával közösen, összegyűjtöttek 12000 talléros váltságdíjat és ezáltal Apafi Mihály a krimi tatár fogságtól megszabadult. Doboka vármegye főispánja [&hellip;]</p>
