{"id":21591,"date":"2025-07-22T19:30:25","date_gmt":"2025-07-22T17:30:25","guid":{"rendered":"https:\/\/uj.adatbank.ro\/lexikon\/termek\/szasz-pal\/"},"modified":"2025-07-22T19:30:25","modified_gmt":"2025-07-22T17:30:25","slug":"szasz-pal","status":"publish","type":"product","link":"https:\/\/uj.adatbank.ro\/lexikon\/termek\/szasz-pal\/","title":{"rendered":"SZ\u00c1SZ P\u00e1l"},"content":{"rendered":"<p>? \u2020?: mez\u0151k\u00f6lp\u00e9nyi iparos. <br \/><strong>Irod.:<\/strong> Magyaro. k\u00f6zgazdas\u00e1gi \u00e9s k\u00f6zm\u0171vel\u0151d\u00e9si \u00e1llapota ezer\u00e9ves fenn\u00e1ll\u00e1sa \u00e9s az 1896. \u00e9vi ezred\u00e9ves ki\u00e1ll\u00edt\u00e1s eredm\u00e9nye (Bp., 1897\u201398) 8. k\u00f6t.<\/br><\/p>\n","protected":false},"excerpt":{"rendered":"<p>? \u2020?: mez\u0151k\u00f6lp\u00e9nyi iparos. Irod.: Magyaro. k\u00f6zgazdas\u00e1gi \u00e9s k\u00f6zm\u0171vel\u0151d\u00e9si \u00e1llapota ezer\u00e9ves fenn\u00e1ll\u00e1sa \u00e9s az 1896. \u00e9vi ezred\u00e9ves ki\u00e1ll\u00edt\u00e1s eredm\u00e9nye (Bp., 1897\u201398) 8. k\u00f6t.<\/p>\n","protected":false},"featured_media":0,"comment_status":"open","ping_status":"closed","template":"","meta":[],"product_brand":[],"product_cat":[137],"product_tag":[],"class_list":{"0":"post-21591","1":"product","2":"type-product","3":"status-publish","5":"product_cat-maros-megyei-eletrajzi-lexikon","7":"first","8":"instock","9":"shipping-taxable","10":"product-type-simple"},"_links":{"self":[{"href":"https:\/\/uj.adatbank.ro\/lexikon\/wp-json\/wp\/v2\/product\/21591","targetHints":{"allow":["GET"]}}],"collection":[{"href":"https:\/\/uj.adatbank.ro\/lexikon\/wp-json\/wp\/v2\/product"}],"about":[{"href":"https:\/\/uj.adatbank.ro\/lexikon\/wp-json\/wp\/v2\/types\/product"}],"replies":[{"embeddable":true,"href":"https:\/\/uj.adatbank.ro\/lexikon\/wp-json\/wp\/v2\/comments?post=21591"}],"wp:attachment":[{"href":"https:\/\/uj.adatbank.ro\/lexikon\/wp-json\/wp\/v2\/media?parent=21591"}],"wp:term":[{"taxonomy":"product_brand","embeddable":true,"href":"https:\/\/uj.adatbank.ro\/lexikon\/wp-json\/wp\/v2\/product_brand?post=21591"},{"taxonomy":"product_cat","embeddable":true,"href":"https:\/\/uj.adatbank.ro\/lexikon\/wp-json\/wp\/v2\/product_cat?post=21591"},{"taxonomy":"product_tag","embeddable":true,"href":"https:\/\/uj.adatbank.ro\/lexikon\/wp-json\/wp\/v2\/product_tag?post=21591"}],"curies":[{"name":"wp","href":"https:\/\/api.w.org\/{rel}","templated":true}]}}