{"id":2160,"date":"2025-06-28T12:05:36","date_gmt":"2025-06-28T10:05:36","guid":{"rendered":"https:\/\/uj.adatbank.ro\/lexikon\/termek\/banffy-dezso-%c2%a7-losonczi-br\/"},"modified":"2025-06-28T12:05:36","modified_gmt":"2025-06-28T10:05:36","slug":"banffy-dezso-%c2%a7-losonczi-br","status":"publish","type":"product","link":"https:\/\/uj.adatbank.ro\/lexikon\/termek\/banffy-dezso-%c2%a7-losonczi-br\/","title":{"rendered":"B\u00c1NFFY Dezs\u0151, \u00a7 losonczi br."},"content":{"rendered":"<p>Kv., 1843. okt. 28., \u2020 Bp., 1911. m\u00e1j. 23.: politikus, f\u0151isp\u00e1n, minisztereln\u00f6k. \u2013 B. D\u00e1niel (1812\u20131886v. 88) \u00e9s l\u00e9czfalvi Gy\u00e1rf\u00e1s Anna (Mv., 1821. m\u00e1rc. 12.-Kv., 1902. m\u00e1j. 30 v. 31.) fia. Feles\u00e9ge: 1. br. Kem\u00e9ny M\u00e1ria (1844\u20131884). Gyermekeik: K\u00e1zm\u00e9r, Ferenc, Alice; 2. M\u00e1th\u00e9 Ilona (1862. aug. 18. \u2013 1941). Le\u00e1nyuk: Theodora. \u2013 Jogi \u00e9s \u00e1llamtudom\u00e1nyi tanulm\u00e1nyokat v\u00e9gzett. Szolnok-Doboka, majd Beszterce-Nasz\u00f3d f\u0151isp\u00e1nja volt, a f\u0151rendih\u00e1z \u00f6r\u00f6k\u00f6s tagja, ogy. k\u00e9pvisel\u0151., a k\u00e9pvisel\u0151h\u00e1z eln\u00f6ke. Minisztereln\u00f6k (1895. jan. 14. \u2013 1899. febr. 26.), az erd\u00e9lyi Ev. Ref. Egyh\u00e1z f\u0151gondnoka, a Szt. Istv\u00e1n-rend \u00e9s a Lip\u00f3t rend lovagja, v. b. t. t. Kiss\u00e1rm\u00e1sban is voltak birtokai. Az egyik birtok\u00e1n nyitott\u00e1k meg Erd\u00e9ly els\u0151 g\u00e1zlel\u0151hely\u00e9t, \u00e9s ind\u00edtott\u00e1k el a f\u00f6ldg\u00e1z kitermel\u00e9s\u00e9t (1908. febr. 6. \u2013). Leleplezt\u00e9k a Ref. Koll.-ban Demeter R\u00f3bert mv.-i fest\u0151 r\u00f3la k\u00e9sz\u00fclt arck\u00e9p\u00e9t a B\u00e1nffy \u00fcnneps\u00e9gek keret\u00e9ben (1912). <br \/><strong>Irod.:<\/strong> Bern\u00e1dy; Der\u00e9k m. embernek \u00e9s kereszt\u00e9nynek maradni \/ Ol\u00e1h-G\u00e1l Elvira besz\u00e9lget\u00e9se Ugron Istv\u00e1nn\u00e9 b\u00e1r\u00f3 B\u00e1nffy M\u00e1ri\u00e1val (Sz\u00e9kelyf\u00f6ld, 1. sz., 2012); Gudenus; Gy\u00e1szjelent\u0151; Id\u0151t\u00e1r 2; S\u0103rma\u015fu<\/br><\/p>\n","protected":false},"excerpt":{"rendered":"<p>Kv., 1843. okt. 28., \u2020 Bp., 1911. m\u00e1j. 23.: politikus, f\u0151isp\u00e1n, minisztereln\u00f6k. \u2013 B. D\u00e1niel (1812\u20131886v. 88) \u00e9s l\u00e9czfalvi Gy\u00e1rf\u00e1s Anna (Mv., 1821. m\u00e1rc. 12.-Kv., 1902. m\u00e1j. 30 v. 31.) fia. Feles\u00e9ge: 1. br. Kem\u00e9ny M\u00e1ria (1844\u20131884). Gyermekeik: K\u00e1zm\u00e9r, Ferenc, Alice; 2. M\u00e1th\u00e9 Ilona (1862. aug. 18. \u2013 1941). Le\u00e1nyuk: Theodora. \u2013 Jogi \u00e9s \u00e1llamtudom\u00e1nyi [&hellip;]<\/p>\n","protected":false},"featured_media":0,"comment_status":"open","ping_status":"closed","template":"","meta":[],"product_brand":[],"product_cat":[137],"product_tag":[],"class_list":{"0":"post-2160","1":"product","2":"type-product","3":"status-publish","5":"product_cat-maros-megyei-eletrajzi-lexikon","7":"first","8":"instock","9":"shipping-taxable","10":"product-type-simple"},"_links":{"self":[{"href":"https:\/\/uj.adatbank.ro\/lexikon\/wp-json\/wp\/v2\/product\/2160","targetHints":{"allow":["GET"]}}],"collection":[{"href":"https:\/\/uj.adatbank.ro\/lexikon\/wp-json\/wp\/v2\/product"}],"about":[{"href":"https:\/\/uj.adatbank.ro\/lexikon\/wp-json\/wp\/v2\/types\/product"}],"replies":[{"embeddable":true,"href":"https:\/\/uj.adatbank.ro\/lexikon\/wp-json\/wp\/v2\/comments?post=2160"}],"wp:attachment":[{"href":"https:\/\/uj.adatbank.ro\/lexikon\/wp-json\/wp\/v2\/media?parent=2160"}],"wp:term":[{"taxonomy":"product_brand","embeddable":true,"href":"https:\/\/uj.adatbank.ro\/lexikon\/wp-json\/wp\/v2\/product_brand?post=2160"},{"taxonomy":"product_cat","embeddable":true,"href":"https:\/\/uj.adatbank.ro\/lexikon\/wp-json\/wp\/v2\/product_cat?post=2160"},{"taxonomy":"product_tag","embeddable":true,"href":"https:\/\/uj.adatbank.ro\/lexikon\/wp-json\/wp\/v2\/product_tag?post=2160"}],"curies":[{"name":"wp","href":"https:\/\/api.w.org\/{rel}","templated":true}]}}

BÁNFFY Dezső, § losonczi br.

<p>Kv., 1843. okt. 28., † Bp., 1911. máj. 23.: politikus, főispán, miniszterelnök. – B. Dániel (1812–1886v. 88) és léczfalvi Gyárfás Anna (Mv., 1821. márc. 12.-Kv., 1902. máj. 30 v. 31.) fia. Felesége: 1. br. Kemény Mária (1844–1884). Gyermekeik: Kázmér, Ferenc, Alice; 2. Máthé Ilona (1862. aug. 18. – 1941). Leányuk: Theodora. – Jogi és államtudományi tanulmányokat végzett. Szolnok-Doboka, majd Beszterce-Naszód főispánja volt, a főrendiház örökös tagja, ogy. képviselő., a képviselőház elnöke. Miniszterelnök (1895. jan. 14. – 1899. febr. 26.), az erdélyi Ev. Ref. Egyház főgondnoka, a Szt. István-rend és a Lipót rend lovagja, v. b. t. t. Kissármásban is voltak birtokai. Az egyik birtokán nyitották meg Erdély első gázlelőhelyét, és indították el a földgáz kitermelését (1908. febr. 6. –). Leleplezték a Ref. Koll.-ban Demeter Róbert mv.-i festő róla készült arcképét a Bánffy ünnepségek keretében (1912). <br /><strong>Irod.:</strong> Bernády; Derék m. embernek és kereszténynek maradni / Oláh-Gál Elvira beszélgetése Ugron Istvánné báró Bánffy Máriával (Székelyföld, 1. sz., 2012); Gudenus; Gyászjelentő; Időtár 2; Sărmaşu</br></p>

<p>Kv., 1843. okt. 28., † Bp., 1911. máj. 23.: politikus, főispán, miniszterelnök. – B. Dániel (1812–1886v. 88) és léczfalvi Gyárfás Anna (Mv., 1821. márc. 12.-Kv., 1902. máj. 30 v. 31.) fia. Felesége: 1. br. Kemény Mária (1844–1884). Gyermekeik: Kázmér, Ferenc, Alice; 2. Máthé Ilona (1862. aug. 18. – 1941). Leányuk: Theodora. – Jogi és államtudományi [&hellip;]</p>
