{"id":2161,"date":"2025-06-28T12:05:37","date_gmt":"2025-06-28T10:05:37","guid":{"rendered":"https:\/\/uj.adatbank.ro\/lexikon\/termek\/banffy-endre-losonczi-br\/"},"modified":"2025-06-28T12:05:37","modified_gmt":"2025-06-28T10:05:37","slug":"banffy-endre-losonczi-br","status":"publish","type":"product","link":"https:\/\/uj.adatbank.ro\/lexikon\/termek\/banffy-endre-losonczi-br\/","title":{"rendered":"B\u00c1NFFY Endre, losonczi br."},"content":{"rendered":"<p>1847., \u2020\u00a0Beresztelke, 1874. m\u00e1j. 22. csal\u00e1di s\u00edrboltba temett\u00e9k: f\u00f6ldbirtokos. \u2013 B. J\u00e1nos (1810\u20131873) \u00e9s hadadi br. Wessel\u00e9nyi Jozefa (1812\u20131899) fia. Testv\u00e9rei: Zolt\u00e1n; Polix\u00e9nia br. Kem\u00e9ny K\u00e1lm\u00e1nn; M\u00e1ria; J\u00f3z\u00e9fa, P\u00e1lfi D\u00e9nesn\u00e9; R\u00e1khel. \u2013 A mv.-i Ref. Koll. algondnoka (1874. \u00e1pr. 16. \u2013 1875). Beresztelk\u00e9n volt udvarh\u00e1za, parkja, m\u00e1ra m\u00e1r felsz\u00e1molt\u00e1k. <br \/><strong>Irod.:<\/strong> Gy\u00e1szjelent\u0151; Kempelen; Keresztes Gyula: \u00d6r\u00f6ks\u00e9g\u00fcnk 68.: Udvarh\u00e1zak a Maros jobb oldal\u00e1n (N\u00fa., 1994. nov. 26.); Koncz; Nagy Iv\u00e1n, Par\u00e1di<\/br><\/p>\n","protected":false},"excerpt":{"rendered":"<p>1847., \u2020\u00a0Beresztelke, 1874. m\u00e1j. 22. csal\u00e1di s\u00edrboltba temett\u00e9k: f\u00f6ldbirtokos. \u2013 B. J\u00e1nos (1810\u20131873) \u00e9s hadadi br. Wessel\u00e9nyi Jozefa (1812\u20131899) fia. Testv\u00e9rei: Zolt\u00e1n; Polix\u00e9nia br. Kem\u00e9ny K\u00e1lm\u00e1nn; M\u00e1ria; J\u00f3z\u00e9fa, P\u00e1lfi D\u00e9nesn\u00e9; R\u00e1khel. \u2013 A mv.-i Ref. Koll. algondnoka (1874. \u00e1pr. 16. \u2013 1875). Beresztelk\u00e9n volt udvarh\u00e1za, parkja, m\u00e1ra m\u00e1r felsz\u00e1molt\u00e1k. Irod.: Gy\u00e1szjelent\u0151; Kempelen; Keresztes Gyula: \u00d6r\u00f6ks\u00e9g\u00fcnk [&hellip;]<\/p>\n","protected":false},"featured_media":0,"comment_status":"open","ping_status":"closed","template":"","meta":[],"product_brand":[],"product_cat":[137],"product_tag":[],"class_list":{"0":"post-2161","1":"product","2":"type-product","3":"status-publish","5":"product_cat-maros-megyei-eletrajzi-lexikon","7":"first","8":"instock","9":"shipping-taxable","10":"product-type-simple"},"_links":{"self":[{"href":"https:\/\/uj.adatbank.ro\/lexikon\/wp-json\/wp\/v2\/product\/2161","targetHints":{"allow":["GET"]}}],"collection":[{"href":"https:\/\/uj.adatbank.ro\/lexikon\/wp-json\/wp\/v2\/product"}],"about":[{"href":"https:\/\/uj.adatbank.ro\/lexikon\/wp-json\/wp\/v2\/types\/product"}],"replies":[{"embeddable":true,"href":"https:\/\/uj.adatbank.ro\/lexikon\/wp-json\/wp\/v2\/comments?post=2161"}],"wp:attachment":[{"href":"https:\/\/uj.adatbank.ro\/lexikon\/wp-json\/wp\/v2\/media?parent=2161"}],"wp:term":[{"taxonomy":"product_brand","embeddable":true,"href":"https:\/\/uj.adatbank.ro\/lexikon\/wp-json\/wp\/v2\/product_brand?post=2161"},{"taxonomy":"product_cat","embeddable":true,"href":"https:\/\/uj.adatbank.ro\/lexikon\/wp-json\/wp\/v2\/product_cat?post=2161"},{"taxonomy":"product_tag","embeddable":true,"href":"https:\/\/uj.adatbank.ro\/lexikon\/wp-json\/wp\/v2\/product_tag?post=2161"}],"curies":[{"name":"wp","href":"https:\/\/api.w.org\/{rel}","templated":true}]}}

BÁNFFY Endre, losonczi br.

<p>1847., † Beresztelke, 1874. máj. 22. családi sírboltba temették: földbirtokos. – B. János (1810–1873) és hadadi br. Wesselényi Jozefa (1812–1899) fia. Testvérei: Zoltán; Polixénia br. Kemény Kálmánn; Mária; Józéfa, Pálfi Dénesné; Rákhel. – A mv.-i Ref. Koll. algondnoka (1874. ápr. 16. – 1875). Beresztelkén volt udvarháza, parkja, mára már felszámolták. <br /><strong>Irod.:</strong> Gyászjelentő; Kempelen; Keresztes Gyula: Örökségünk 68.: Udvarházak a Maros jobb oldalán (Nú., 1994. nov. 26.); Koncz; Nagy Iván, Parádi</br></p>

<p>1847., † Beresztelke, 1874. máj. 22. családi sírboltba temették: földbirtokos. – B. János (1810–1873) és hadadi br. Wesselényi Jozefa (1812–1899) fia. Testvérei: Zoltán; Polixénia br. Kemény Kálmánn; Mária; Józéfa, Pálfi Dénesné; Rákhel. – A mv.-i Ref. Koll. algondnoka (1874. ápr. 16. – 1875). Beresztelkén volt udvarháza, parkja, mára már felszámolták. Irod.: Gyászjelentő; Kempelen; Keresztes Gyula: Örökségünk [&hellip;]</p>
