{"id":21610,"date":"2025-07-22T19:31:07","date_gmt":"2025-07-22T17:31:07","guid":{"rendered":"https:\/\/uj.adatbank.ro\/lexikon\/termek\/szathmari-ilyes-mihaly-szatmari-illyes-mihaly\/"},"modified":"2025-07-22T19:31:07","modified_gmt":"2025-07-22T17:31:07","slug":"szathmari-ilyes-mihaly-szatmari-illyes-mihaly","status":"publish","type":"product","link":"https:\/\/uj.adatbank.ro\/lexikon\/termek\/szathmari-ilyes-mihaly-szatmari-illyes-mihaly\/","title":{"rendered":"SZATHM\u00c1RI ILY\u00c9S Mih\u00e1ly, Szatm\u00e1ri Illy\u00e9s Mih\u00e1ly"},"content":{"rendered":"<p>1790.?, \u2020 Mv., 1869. \u00e1pr. 13.: tan\u00e1csos. \u2013 Feles\u00e9ge: Nemes Zsuzs\u00e1nna: Gyermekeik: Zsuzs\u00e1nna Csisz\u00e1r S\u00e1mueln\u00e9; Kl\u00e1ra Cs\u00edsz\u00e1r Domokosn\u00e9; Jusztina Borosnyai P\u00e1ln\u00e9; Anna; ifj. Mih\u00e1ly, feles\u00e9ge Theil Emilia. \u2013 Mv. v\u00e1rosi t\u00f6rv\u00e9nysz\u00e9ki tan\u00e1csos. Mv. f\u0151jegyz\u0151je, napl\u00f3\u00edr\u00f3, v\u00e1rosi tan\u00e1csos, az \u00e1rvah\u00e1zak fel\u00fcgyel\u0151je, a v\u00e1rosi tan\u00e1cs sz\u00f3noka. Napl\u00f3j\u00e1ban h\u0171en \u00f6r\u00f6k\u00edtette meg az 1848\u20131849-es esem\u00e9nyeket Mv.-en, amelyekb\u0151l az Erd\u00e9lyi M\u00fazezm c. lapban jelentek meg r\u00e9szletek. <strong>F. m.<\/strong>: Mv. t\u00f6rt\u00e9net\u00e9hez a szabads\u00e1gharc idej\u00e9b\u0151l (K\u00f6zz\u00e9 tette Sz\u00e1deczky Lajos, Kv., 1902). <br \/><strong>Irod.:<\/strong> 1848\u20131849 Transilvania; Gy\u00e1szjelent\u0151.<\/br><\/p>\n","protected":false},"excerpt":{"rendered":"<p>1790.?, \u2020 Mv., 1869. \u00e1pr. 13.: tan\u00e1csos. \u2013 Feles\u00e9ge: Nemes Zsuzs\u00e1nna: Gyermekeik: Zsuzs\u00e1nna Csisz\u00e1r S\u00e1mueln\u00e9; Kl\u00e1ra Cs\u00edsz\u00e1r Domokosn\u00e9; Jusztina Borosnyai P\u00e1ln\u00e9; Anna; ifj. Mih\u00e1ly, feles\u00e9ge Theil Emilia. \u2013 Mv. v\u00e1rosi t\u00f6rv\u00e9nysz\u00e9ki tan\u00e1csos. Mv. f\u0151jegyz\u0151je, napl\u00f3\u00edr\u00f3, v\u00e1rosi tan\u00e1csos, az \u00e1rvah\u00e1zak fel\u00fcgyel\u0151je, a v\u00e1rosi tan\u00e1cs sz\u00f3noka. Napl\u00f3j\u00e1ban h\u0171en \u00f6r\u00f6k\u00edtette meg az 1848\u20131849-es esem\u00e9nyeket Mv.-en, amelyekb\u0151l az Erd\u00e9lyi [&hellip;]<\/p>\n","protected":false},"featured_media":0,"comment_status":"open","ping_status":"closed","template":"","meta":[],"product_brand":[],"product_cat":[137],"product_tag":[],"class_list":{"0":"post-21610","1":"product","2":"type-product","3":"status-publish","5":"product_cat-maros-megyei-eletrajzi-lexikon","7":"first","8":"instock","9":"shipping-taxable","10":"product-type-simple"},"_links":{"self":[{"href":"https:\/\/uj.adatbank.ro\/lexikon\/wp-json\/wp\/v2\/product\/21610","targetHints":{"allow":["GET"]}}],"collection":[{"href":"https:\/\/uj.adatbank.ro\/lexikon\/wp-json\/wp\/v2\/product"}],"about":[{"href":"https:\/\/uj.adatbank.ro\/lexikon\/wp-json\/wp\/v2\/types\/product"}],"replies":[{"embeddable":true,"href":"https:\/\/uj.adatbank.ro\/lexikon\/wp-json\/wp\/v2\/comments?post=21610"}],"wp:attachment":[{"href":"https:\/\/uj.adatbank.ro\/lexikon\/wp-json\/wp\/v2\/media?parent=21610"}],"wp:term":[{"taxonomy":"product_brand","embeddable":true,"href":"https:\/\/uj.adatbank.ro\/lexikon\/wp-json\/wp\/v2\/product_brand?post=21610"},{"taxonomy":"product_cat","embeddable":true,"href":"https:\/\/uj.adatbank.ro\/lexikon\/wp-json\/wp\/v2\/product_cat?post=21610"},{"taxonomy":"product_tag","embeddable":true,"href":"https:\/\/uj.adatbank.ro\/lexikon\/wp-json\/wp\/v2\/product_tag?post=21610"}],"curies":[{"name":"wp","href":"https:\/\/api.w.org\/{rel}","templated":true}]}}