{"id":21616,"date":"2025-07-22T19:31:18","date_gmt":"2025-07-22T17:31:18","guid":{"rendered":"https:\/\/uj.adatbank.ro\/lexikon\/termek\/szathmari-jeno\/"},"modified":"2025-07-22T19:31:18","modified_gmt":"2025-07-22T17:31:18","slug":"szathmari-jeno","status":"publish","type":"product","link":"https:\/\/uj.adatbank.ro\/lexikon\/termek\/szathmari-jeno\/","title":{"rendered":"SZATHM\u00c1RI Jen\u0151"},"content":{"rendered":"<p>1879., \u2020\u00a0Mv., 1920?: tan\u00e1r. \u2013 Testv\u00e9re: Sz. G\u00e9za. Feles\u00e9ge: Dics\u0151 Gabriella (1879? \u2013 Mv., 1920. dec. 10.). \u2013 A mv.-i Ref. Koll. helyettes tan\u00e1ra \u00e9s a tanul\u00f3k k\u00f6nyvt\u00e1r\u00e1nak felel\u0151se (1904\u201306), (1906\u201308). <br \/><strong>Irod.:<\/strong> Gy\u00e1szjelent\u0151; Mv. t\u00f6rt. 2.<\/br><\/p>\n","protected":false},"excerpt":{"rendered":"<p>1879., \u2020\u00a0Mv., 1920?: tan\u00e1r. \u2013 Testv\u00e9re: Sz. G\u00e9za. Feles\u00e9ge: Dics\u0151 Gabriella (1879? \u2013 Mv., 1920. dec. 10.). \u2013 A mv.-i Ref. Koll. helyettes tan\u00e1ra \u00e9s a tanul\u00f3k k\u00f6nyvt\u00e1r\u00e1nak felel\u0151se (1904\u201306), (1906\u201308). Irod.: Gy\u00e1szjelent\u0151; Mv. t\u00f6rt. 2.<\/p>\n","protected":false},"featured_media":0,"comment_status":"open","ping_status":"closed","template":"","meta":[],"product_brand":[],"product_cat":[137],"product_tag":[],"class_list":{"0":"post-21616","1":"product","2":"type-product","3":"status-publish","5":"product_cat-maros-megyei-eletrajzi-lexikon","7":"first","8":"instock","9":"shipping-taxable","10":"product-type-simple"},"_links":{"self":[{"href":"https:\/\/uj.adatbank.ro\/lexikon\/wp-json\/wp\/v2\/product\/21616","targetHints":{"allow":["GET"]}}],"collection":[{"href":"https:\/\/uj.adatbank.ro\/lexikon\/wp-json\/wp\/v2\/product"}],"about":[{"href":"https:\/\/uj.adatbank.ro\/lexikon\/wp-json\/wp\/v2\/types\/product"}],"replies":[{"embeddable":true,"href":"https:\/\/uj.adatbank.ro\/lexikon\/wp-json\/wp\/v2\/comments?post=21616"}],"wp:attachment":[{"href":"https:\/\/uj.adatbank.ro\/lexikon\/wp-json\/wp\/v2\/media?parent=21616"}],"wp:term":[{"taxonomy":"product_brand","embeddable":true,"href":"https:\/\/uj.adatbank.ro\/lexikon\/wp-json\/wp\/v2\/product_brand?post=21616"},{"taxonomy":"product_cat","embeddable":true,"href":"https:\/\/uj.adatbank.ro\/lexikon\/wp-json\/wp\/v2\/product_cat?post=21616"},{"taxonomy":"product_tag","embeddable":true,"href":"https:\/\/uj.adatbank.ro\/lexikon\/wp-json\/wp\/v2\/product_tag?post=21616"}],"curies":[{"name":"wp","href":"https:\/\/api.w.org\/{rel}","templated":true}]}}