{"id":21619,"date":"2025-07-22T19:31:25","date_gmt":"2025-07-22T17:31:25","guid":{"rendered":"https:\/\/uj.adatbank.ro\/lexikon\/termek\/szathmari-margit\/"},"modified":"2025-07-22T19:31:25","modified_gmt":"2025-07-22T17:31:25","slug":"szathmari-margit","status":"publish","type":"product","link":"https:\/\/uj.adatbank.ro\/lexikon\/termek\/szathmari-margit\/","title":{"rendered":"SZATHM\u00c1RI Margit"},"content":{"rendered":"<p>Mv., 1905. szept. 13., \u2020 Bp., 1998. jan. 22.: sz\u00edn\u00e9szn\u0151. \u2013 R\u00f3zsahegyi K\u00e1lm\u00e1n sz\u00edniiskol\u00e1j\u00e1ban kezdte, majd a Sz\u00ednm\u0171v\u00e9szeti Akad\u00e9mi\u00e1n fejezte be sz\u00edn\u00e9szeti tanulm\u00e1nyait (1927). P\u00e1ly\u00e1j\u00e1t Debrecenben kezdte, ahol egy \u00e9vet t\u00f6lt\u00f6tt, azut\u00e1n a Comedia Orfeumhoz szerz\u0151d\u00f6tt, majd a r\u00f6vid \u00e9let\u0171 Steinhard Sz\u00ednpad tagja lett. Kellemes mezzoszopr\u00e1n org\u00e1numa j\u00f3l \u00e9rv\u00e9nyes\u00fclt sanzonok, k\u00f6ltem\u00e9nyek el\u0151ad\u00e1s\u00e1n\u00e1l. Kabar\u00e9 sz\u00ednpadok ut\u00e1n a Belv\u00e1rosi Sz\u00ednh\u00e1z tagja lett, majd a Nemzeti Sz\u00ednh\u00e1zhoz szerz\u0151d\u00f6tt (1937\u201344), ahol kisebb karakter szerepeket j\u00e1tszott. Hivatalnokk\u00e9nt dolgozott (1945\u2013), azut\u00e1n a Pannonia Filmst\u00fadi\u00f3 szinkron szerepekre alkalmazta (1956\u2013). Gyakran szereplt a r\u00e1di\u00f3ban is. Megkapta a SzAK rubindiplom\u00e1j\u00e1t (1996). \u2013 <strong>F. sz.:<\/strong> Finum R\u00f3zsi (T\u00f3th Ede: A falu rossza); Krizsa parasztn\u0151 (Moliere: N\u0151k iskol\u00e1ja); Patricia (Henderson: Di\u00e1kszerelem); Sz\u00f3kimond\u00f3 asszonys\u00e1g (c\u00edmszerep \u2013 Sardou). <br \/><strong>Irod.:<\/strong> Enyedi.<\/br><\/p>\n","protected":false},"excerpt":{"rendered":"<p>Mv., 1905. szept. 13., \u2020 Bp., 1998. jan. 22.: sz\u00edn\u00e9szn\u0151. \u2013 R\u00f3zsahegyi K\u00e1lm\u00e1n sz\u00edniiskol\u00e1j\u00e1ban kezdte, majd a Sz\u00ednm\u0171v\u00e9szeti Akad\u00e9mi\u00e1n fejezte be sz\u00edn\u00e9szeti tanulm\u00e1nyait (1927). P\u00e1ly\u00e1j\u00e1t Debrecenben kezdte, ahol egy \u00e9vet t\u00f6lt\u00f6tt, azut\u00e1n a Comedia Orfeumhoz szerz\u0151d\u00f6tt, majd a r\u00f6vid \u00e9let\u0171 Steinhard Sz\u00ednpad tagja lett. Kellemes mezzoszopr\u00e1n org\u00e1numa j\u00f3l \u00e9rv\u00e9nyes\u00fclt sanzonok, k\u00f6ltem\u00e9nyek el\u0151ad\u00e1s\u00e1n\u00e1l. Kabar\u00e9 sz\u00ednpadok ut\u00e1n [&hellip;]<\/p>\n","protected":false},"featured_media":0,"comment_status":"open","ping_status":"closed","template":"","meta":[],"product_brand":[],"product_cat":[137],"product_tag":[],"class_list":{"0":"post-21619","1":"product","2":"type-product","3":"status-publish","5":"product_cat-maros-megyei-eletrajzi-lexikon","7":"first","8":"instock","9":"shipping-taxable","10":"product-type-simple"},"_links":{"self":[{"href":"https:\/\/uj.adatbank.ro\/lexikon\/wp-json\/wp\/v2\/product\/21619","targetHints":{"allow":["GET"]}}],"collection":[{"href":"https:\/\/uj.adatbank.ro\/lexikon\/wp-json\/wp\/v2\/product"}],"about":[{"href":"https:\/\/uj.adatbank.ro\/lexikon\/wp-json\/wp\/v2\/types\/product"}],"replies":[{"embeddable":true,"href":"https:\/\/uj.adatbank.ro\/lexikon\/wp-json\/wp\/v2\/comments?post=21619"}],"wp:attachment":[{"href":"https:\/\/uj.adatbank.ro\/lexikon\/wp-json\/wp\/v2\/media?parent=21619"}],"wp:term":[{"taxonomy":"product_brand","embeddable":true,"href":"https:\/\/uj.adatbank.ro\/lexikon\/wp-json\/wp\/v2\/product_brand?post=21619"},{"taxonomy":"product_cat","embeddable":true,"href":"https:\/\/uj.adatbank.ro\/lexikon\/wp-json\/wp\/v2\/product_cat?post=21619"},{"taxonomy":"product_tag","embeddable":true,"href":"https:\/\/uj.adatbank.ro\/lexikon\/wp-json\/wp\/v2\/product_tag?post=21619"}],"curies":[{"name":"wp","href":"https:\/\/api.w.org\/{rel}","templated":true}]}}

SZATHMÁRI Margit

<p>Mv., 1905. szept. 13., † Bp., 1998. jan. 22.: színésznő. – Rózsahegyi Kálmán színiiskolájában kezdte, majd a Színművészeti Akadémián fejezte be színészeti tanulmányait (1927). Pályáját Debrecenben kezdte, ahol egy évet töltött, azután a Comedia Orfeumhoz szerződött, majd a rövid életű Steinhard Színpad tagja lett. Kellemes mezzoszoprán orgánuma jól érvényesült sanzonok, költemények előadásánál. Kabaré színpadok után a Belvárosi Színház tagja lett, majd a Nemzeti Színházhoz szerződött (1937–44), ahol kisebb karakter szerepeket játszott. Hivatalnokként dolgozott (1945–), azután a Pannonia Filmstúdió szinkron szerepekre alkalmazta (1956–). Gyakran szereplt a rádióban is. Megkapta a SzAK rubindiplomáját (1996). – <strong>F. sz.:</strong> Finum Rózsi (Tóth Ede: A falu rossza); Krizsa parasztnő (Moliere: Nők iskolája); Patricia (Henderson: Diákszerelem); Szókimondó asszonyság (címszerep – Sardou). <br /><strong>Irod.:</strong> Enyedi.</br></p>

<p>Mv., 1905. szept. 13., † Bp., 1998. jan. 22.: színésznő. – Rózsahegyi Kálmán színiiskolájában kezdte, majd a Színművészeti Akadémián fejezte be színészeti tanulmányait (1927). Pályáját Debrecenben kezdte, ahol egy évet töltött, azután a Comedia Orfeumhoz szerződött, majd a rövid életű Steinhard Színpad tagja lett. Kellemes mezzoszoprán orgánuma jól érvényesült sanzonok, költemények előadásánál. Kabaré színpadok után [&hellip;]</p>
