{"id":2162,"date":"2025-06-28T12:05:39","date_gmt":"2025-06-28T10:05:39","guid":{"rendered":"https:\/\/uj.adatbank.ro\/lexikon\/termek\/banffy-endre-losonczi-br-2\/"},"modified":"2025-06-28T12:05:39","modified_gmt":"2025-06-28T10:05:39","slug":"banffy-endre-losonczi-br-2","status":"publish","type":"product","link":"https:\/\/uj.adatbank.ro\/lexikon\/termek\/banffy-endre-losonczi-br-2\/","title":{"rendered":"B\u00c1NFFY Endre, losonczi br."},"content":{"rendered":"<p>Beresztelke, 1879. szept. 22., \u2020 Mv., 1962. m\u00e1j. 10 s\u00edrja a mv.-i Ref. temet\u0151 s\u00edrk\u0151m\u00fazeum\u0171ban: f\u00f6ldbirtokos. \u2013 B. Zolt\u00e1n (1841\u20131892) \u00e9s sz\u00e9ki gr. Teleki Erzs\u00e9bet Eliz (1853\u20131937, Teleki S\u00e1muel Afrikakutat\u00f3 testv\u00e9re). Feles\u00e9ge: 1. zichi \u00e9s v\u00e1sonke\u0151i gr. Zichi Ant\u00f3nia J\u00f3zefin (Sz\u00e9kelyf\u00f6ldv\u00e1r, 1884. aug. 1.-Mv., 1947. j\u00fan. 28), az els\u0151 h\u00e1zass\u00e1g\u00e1b\u00f3l kilenc gyermeke sz\u00fcletet; 2. bikafalvi M\u00e1th\u00e9 M\u00e1ria, \u00edr\u00f3n\u0151, a KZST tagja, D\u00e9k\u00e1ni K\u00e1lm\u00e1n \u00f6zvegye (\u2020 Bp., 1945); 3. cs\u00edkv\u00e1rdotfalvi Orb\u00e1n Borb\u00e1la (sz\u00fcl. V\u00e1ndorfalva, 1907. nov. 5). Esk\u00fcv\u0151 Mv. 1954. febr. 13, fest\u0151m\u0171v\u00e9szn\u0151. Egyik l\u00e1nya Eszter, Mikes Mih\u00e1lyn\u00e9 lett. \u2013 Boh\u00e9m ember volt, gy\u00e1ms\u00e1g al\u00e1 helyezt\u00e9k, a gy\u00e1mja B. D\u00e1niel, a k\u00e9s\u0151bbi f\u00f6ldm\u0171vel\u0151d\u00e9s\u00fcgyi miniszter. <br \/><strong>Irod.:<\/strong> Csekme; Gudenus; Id\u0151t\u00e1r 3; Kempelen; Kornis; Mv.-i ref. temet\u0151; Megal\u00e1zottan is m\u00e9lt\u00f3s\u00e1ggal viselni a sorsunkat \u2013 ez az \u00f6r\u00f6ks\u00e9g\u00fcnk\u00a0! (Ol\u00e1h-G\u00e1l Elvira besz\u00e9lget\u00e9se gr. Mikes Borb\u00e1l\u00e1val; Sz\u00e9kelyf\u00f6ld, 10. sz., 2010); Ol\u00e1h-G\u00e1l Elvira = ; \u00dcnnepi k\u00f6nyv<\/br><\/p>\n","protected":false},"excerpt":{"rendered":"<p>Beresztelke, 1879. szept. 22., \u2020 Mv., 1962. m\u00e1j. 10 s\u00edrja a mv.-i Ref. temet\u0151 s\u00edrk\u0151m\u00fazeum\u0171ban: f\u00f6ldbirtokos. \u2013 B. Zolt\u00e1n (1841\u20131892) \u00e9s sz\u00e9ki gr. Teleki Erzs\u00e9bet Eliz (1853\u20131937, Teleki S\u00e1muel Afrikakutat\u00f3 testv\u00e9re). Feles\u00e9ge: 1. zichi \u00e9s v\u00e1sonke\u0151i gr. Zichi Ant\u00f3nia J\u00f3zefin (Sz\u00e9kelyf\u00f6ldv\u00e1r, 1884. aug. 1.-Mv., 1947. j\u00fan. 28), az els\u0151 h\u00e1zass\u00e1g\u00e1b\u00f3l kilenc gyermeke sz\u00fcletet; 2. bikafalvi [&hellip;]<\/p>\n","protected":false},"featured_media":0,"comment_status":"open","ping_status":"closed","template":"","meta":[],"product_brand":[],"product_cat":[137],"product_tag":[],"class_list":{"0":"post-2162","1":"product","2":"type-product","3":"status-publish","5":"product_cat-maros-megyei-eletrajzi-lexikon","7":"first","8":"instock","9":"shipping-taxable","10":"product-type-simple"},"_links":{"self":[{"href":"https:\/\/uj.adatbank.ro\/lexikon\/wp-json\/wp\/v2\/product\/2162","targetHints":{"allow":["GET"]}}],"collection":[{"href":"https:\/\/uj.adatbank.ro\/lexikon\/wp-json\/wp\/v2\/product"}],"about":[{"href":"https:\/\/uj.adatbank.ro\/lexikon\/wp-json\/wp\/v2\/types\/product"}],"replies":[{"embeddable":true,"href":"https:\/\/uj.adatbank.ro\/lexikon\/wp-json\/wp\/v2\/comments?post=2162"}],"wp:attachment":[{"href":"https:\/\/uj.adatbank.ro\/lexikon\/wp-json\/wp\/v2\/media?parent=2162"}],"wp:term":[{"taxonomy":"product_brand","embeddable":true,"href":"https:\/\/uj.adatbank.ro\/lexikon\/wp-json\/wp\/v2\/product_brand?post=2162"},{"taxonomy":"product_cat","embeddable":true,"href":"https:\/\/uj.adatbank.ro\/lexikon\/wp-json\/wp\/v2\/product_cat?post=2162"},{"taxonomy":"product_tag","embeddable":true,"href":"https:\/\/uj.adatbank.ro\/lexikon\/wp-json\/wp\/v2\/product_tag?post=2162"}],"curies":[{"name":"wp","href":"https:\/\/api.w.org\/{rel}","templated":true}]}}

BÁNFFY Endre, losonczi br.

<p>Beresztelke, 1879. szept. 22., † Mv., 1962. máj. 10 sírja a mv.-i Ref. temető sírkőmúzeuműban: földbirtokos. – B. Zoltán (1841–1892) és széki gr. Teleki Erzsébet Eliz (1853–1937, Teleki Sámuel Afrikakutató testvére). Felesége: 1. zichi és vásonkeői gr. Zichi Antónia Józefin (Székelyföldvár, 1884. aug. 1.-Mv., 1947. jún. 28), az első házasságából kilenc gyermeke születet; 2. bikafalvi Máthé Mária, írónő, a KZST tagja, Dékáni Kálmán özvegye († Bp., 1945); 3. csíkvárdotfalvi Orbán Borbála (szül. Vándorfalva, 1907. nov. 5). Esküvő Mv. 1954. febr. 13, festőművésznő. Egyik lánya Eszter, Mikes Mihályné lett. – Bohém ember volt, gyámság alá helyezték, a gyámja B. Dániel, a későbbi földművelődésügyi miniszter. <br /><strong>Irod.:</strong> Csekme; Gudenus; Időtár 3; Kempelen; Kornis; Mv.-i ref. temető; Megalázottan is méltósággal viselni a sorsunkat – ez az örökségünk ! (Oláh-Gál Elvira beszélgetése gr. Mikes Borbálával; Székelyföld, 10. sz., 2010); Oláh-Gál Elvira = ; Ünnepi könyv</br></p>

<p>Beresztelke, 1879. szept. 22., † Mv., 1962. máj. 10 sírja a mv.-i Ref. temető sírkőmúzeuműban: földbirtokos. – B. Zoltán (1841–1892) és széki gr. Teleki Erzsébet Eliz (1853–1937, Teleki Sámuel Afrikakutató testvére). Felesége: 1. zichi és vásonkeői gr. Zichi Antónia Józefin (Székelyföldvár, 1884. aug. 1.-Mv., 1947. jún. 28), az első házasságából kilenc gyermeke születet; 2. bikafalvi [&hellip;]</p>
