{"id":21623,"date":"2025-07-22T19:31:35","date_gmt":"2025-07-22T17:31:35","guid":{"rendered":"https:\/\/uj.adatbank.ro\/lexikon\/termek\/szathmari-otves-istvan\/"},"modified":"2025-07-22T19:31:35","modified_gmt":"2025-07-22T17:31:35","slug":"szathmari-otves-istvan","status":"publish","type":"product","link":"https:\/\/uj.adatbank.ro\/lexikon\/termek\/szathmari-otves-istvan\/","title":{"rendered":"SZATHM\u00c1RI \u00d6TVES Istv\u00e1n"},"content":{"rendered":"<p>?, \u2020?: b\u00e9rl\u0151, esk\u00fcdt. \u2013 A mv.-i esk\u00fcdt k\u00f6z\u00f6ns\u00e9g tagja (1760), k\u00f6zv\u00e1dl\u00f3 (1761). A Szentgy\u00f6rgy utcai fav\u00e1m b\u00e9rl\u0151je (1762). <br \/><strong>Irod.:<\/strong> P\u00e1l-Antal 2006.<\/br><\/p>\n","protected":false},"excerpt":{"rendered":"<p>?, \u2020?: b\u00e9rl\u0151, esk\u00fcdt. \u2013 A mv.-i esk\u00fcdt k\u00f6z\u00f6ns\u00e9g tagja (1760), k\u00f6zv\u00e1dl\u00f3 (1761). A Szentgy\u00f6rgy utcai fav\u00e1m b\u00e9rl\u0151je (1762). Irod.: P\u00e1l-Antal 2006.<\/p>\n","protected":false},"featured_media":0,"comment_status":"open","ping_status":"closed","template":"","meta":[],"product_brand":[],"product_cat":[137],"product_tag":[],"class_list":{"0":"post-21623","1":"product","2":"type-product","3":"status-publish","5":"product_cat-maros-megyei-eletrajzi-lexikon","7":"first","8":"instock","9":"shipping-taxable","10":"product-type-simple"},"_links":{"self":[{"href":"https:\/\/uj.adatbank.ro\/lexikon\/wp-json\/wp\/v2\/product\/21623","targetHints":{"allow":["GET"]}}],"collection":[{"href":"https:\/\/uj.adatbank.ro\/lexikon\/wp-json\/wp\/v2\/product"}],"about":[{"href":"https:\/\/uj.adatbank.ro\/lexikon\/wp-json\/wp\/v2\/types\/product"}],"replies":[{"embeddable":true,"href":"https:\/\/uj.adatbank.ro\/lexikon\/wp-json\/wp\/v2\/comments?post=21623"}],"wp:attachment":[{"href":"https:\/\/uj.adatbank.ro\/lexikon\/wp-json\/wp\/v2\/media?parent=21623"}],"wp:term":[{"taxonomy":"product_brand","embeddable":true,"href":"https:\/\/uj.adatbank.ro\/lexikon\/wp-json\/wp\/v2\/product_brand?post=21623"},{"taxonomy":"product_cat","embeddable":true,"href":"https:\/\/uj.adatbank.ro\/lexikon\/wp-json\/wp\/v2\/product_cat?post=21623"},{"taxonomy":"product_tag","embeddable":true,"href":"https:\/\/uj.adatbank.ro\/lexikon\/wp-json\/wp\/v2\/product_tag?post=21623"}],"curies":[{"name":"wp","href":"https:\/\/api.w.org\/{rel}","templated":true}]}}