{"id":21624,"date":"2025-07-22T19:31:37","date_gmt":"2025-07-22T17:31:37","guid":{"rendered":"https:\/\/uj.adatbank.ro\/lexikon\/termek\/szathmari-paksi-abraham\/"},"modified":"2025-07-22T19:31:37","modified_gmt":"2025-07-22T17:31:37","slug":"szathmari-paksi-abraham","status":"publish","type":"product","link":"https:\/\/uj.adatbank.ro\/lexikon\/termek\/szathmari-paksi-abraham\/","title":{"rendered":"SZATHM\u00c1RI PAKSI \u00c1brah\u00e1m"},"content":{"rendered":"<p>Mv., 1725., \u2020 Mez\u0151keresztes 1797. m\u00e1rc. 6.: ref. p\u00fcsp\u00f6k. \u2013 Tanulm\u00e1nyait Mv.-en kezdte \u00e9s S\u00e1rospatakon folytatta (1734\u2013), ezek befejezt\u00e9vel k\u00fclf\u00f6ldre ment, ahol a franekeri (1751\u2013), az utrechti (1753\u201354) egyetemen tanult. Haz\u00e1j\u00e1ba visszat\u00e9rve (1754\u2013), h\u00e1rom \u00e9vig a tokaji, 19-ig a saj\u00f3kazinczi, azut\u00e1n a mez\u0151keresztesi lelk\u00e9sz (1777\u2013). Miut\u00e1n el\u0151bb a borsodi egyh\u00e1zmegye jegyz\u0151i, majd esperesi tiszt\u00e9t viselte (1782\u2013) s egy ideig egyszersmind a Tisz\u00e1n inneni egyh\u00e1zker\u00fcletnek generalis n\u00f3t\u00e1riusa \u00e9s ez id\u0151ben a budai zsinat tagja is volt. P\u00fcsp\u00f6kk\u00e9 v\u00e1lasztott\u00e1k (1792\u2013). \u00dcdv\u00f6zl\u0151 verset \u00edrt Ouwens (1752.) \u00e9s Vriemoet (1753.) franekerai tan\u00e1rokhoz rektori \u00e1ll\u00e1suk elfoglal\u00e1sakor. \u2013 <strong>F. m.<\/strong>: Halotti tanit\u00e1s Vag Judit \u00f6zv. Vass D\u00e1nieln\u00e9 felett. (Kv., 1772).; A nagy Fr\u00e9deriknek Elisium\u00e1t el\u0151ad\u00f3 k\u00f6nyvnek tetemesebb m\u00e9telyei kimutattatnak oly v\u00e9ggel, hogy az Izraelnek er\u0151telenebb juhai azoknak befal\u00e1sokt\u00f3l iszonyodjanak. (Philadelphia, 1789); A mennyei haza fel\u00e9 utaz\u00f3 hiveknek bujdos\u00f3 \u00e9nekei. (Kassa, 1794); Az \u00f6r\u00f6kk\u00e9val\u00f3 kir\u00e1lyhoz &#8230; nyujtand\u00f3 al\u00e1zatos k\u00f6ny\u00f6rg\u00e9sek. (Kassa, 1794). <br \/><strong>Irod.:<\/strong> Szab\u00f3\u2013Sz\u00f6gi; Szinnyei; \u00daM\u00c9L; \u00daMIL; Zov\u00e1nyi.<\/br><\/p>\n","protected":false},"excerpt":{"rendered":"<p>Mv., 1725., \u2020 Mez\u0151keresztes 1797. m\u00e1rc. 6.: ref. p\u00fcsp\u00f6k. \u2013 Tanulm\u00e1nyait Mv.-en kezdte \u00e9s S\u00e1rospatakon folytatta (1734\u2013), ezek befejezt\u00e9vel k\u00fclf\u00f6ldre ment, ahol a franekeri (1751\u2013), az utrechti (1753\u201354) egyetemen tanult. Haz\u00e1j\u00e1ba visszat\u00e9rve (1754\u2013), h\u00e1rom \u00e9vig a tokaji, 19-ig a saj\u00f3kazinczi, azut\u00e1n a mez\u0151keresztesi lelk\u00e9sz (1777\u2013). Miut\u00e1n el\u0151bb a borsodi egyh\u00e1zmegye jegyz\u0151i, majd esperesi tiszt\u00e9t viselte [&hellip;]<\/p>\n","protected":false},"featured_media":0,"comment_status":"open","ping_status":"closed","template":"","meta":[],"product_brand":[],"product_cat":[137],"product_tag":[],"class_list":{"0":"post-21624","1":"product","2":"type-product","3":"status-publish","5":"product_cat-maros-megyei-eletrajzi-lexikon","7":"first","8":"instock","9":"shipping-taxable","10":"product-type-simple"},"_links":{"self":[{"href":"https:\/\/uj.adatbank.ro\/lexikon\/wp-json\/wp\/v2\/product\/21624","targetHints":{"allow":["GET"]}}],"collection":[{"href":"https:\/\/uj.adatbank.ro\/lexikon\/wp-json\/wp\/v2\/product"}],"about":[{"href":"https:\/\/uj.adatbank.ro\/lexikon\/wp-json\/wp\/v2\/types\/product"}],"replies":[{"embeddable":true,"href":"https:\/\/uj.adatbank.ro\/lexikon\/wp-json\/wp\/v2\/comments?post=21624"}],"wp:attachment":[{"href":"https:\/\/uj.adatbank.ro\/lexikon\/wp-json\/wp\/v2\/media?parent=21624"}],"wp:term":[{"taxonomy":"product_brand","embeddable":true,"href":"https:\/\/uj.adatbank.ro\/lexikon\/wp-json\/wp\/v2\/product_brand?post=21624"},{"taxonomy":"product_cat","embeddable":true,"href":"https:\/\/uj.adatbank.ro\/lexikon\/wp-json\/wp\/v2\/product_cat?post=21624"},{"taxonomy":"product_tag","embeddable":true,"href":"https:\/\/uj.adatbank.ro\/lexikon\/wp-json\/wp\/v2\/product_tag?post=21624"}],"curies":[{"name":"wp","href":"https:\/\/api.w.org\/{rel}","templated":true}]}}

SZATHMÁRI PAKSI Ábrahám

<p>Mv., 1725., † Mezőkeresztes 1797. márc. 6.: ref. püspök. – Tanulmányait Mv.-en kezdte és Sárospatakon folytatta (1734–), ezek befejeztével külföldre ment, ahol a franekeri (1751–), az utrechti (1753–54) egyetemen tanult. Hazájába visszatérve (1754–), három évig a tokaji, 19-ig a sajókazinczi, azután a mezőkeresztesi lelkész (1777–). Miután előbb a borsodi egyházmegye jegyzői, majd esperesi tisztét viselte (1782–) s egy ideig egyszersmind a Tiszán inneni egyházkerületnek generalis nótáriusa és ez időben a budai zsinat tagja is volt. Püspökké választották (1792–). Üdvözlő verset írt Ouwens (1752.) és Vriemoet (1753.) franekerai tanárokhoz rektori állásuk elfoglalásakor. – <strong>F. m.</strong>: Halotti tanitás Vag Judit özv. Vass Dánielné felett. (Kv., 1772).; A nagy Fréderiknek Elisiumát előadó könyvnek tetemesebb mételyei kimutattatnak oly véggel, hogy az Izraelnek erőtelenebb juhai azoknak befalásoktól iszonyodjanak. (Philadelphia, 1789); A mennyei haza felé utazó hiveknek bujdosó énekei. (Kassa, 1794); Az örökkévaló királyhoz &#8230; nyujtandó alázatos könyörgések. (Kassa, 1794). <br /><strong>Irod.:</strong> Szabó–Szögi; Szinnyei; ÚMÉL; ÚMIL; Zoványi.</br></p>

<p>Mv., 1725., † Mezőkeresztes 1797. márc. 6.: ref. püspök. – Tanulmányait Mv.-en kezdte és Sárospatakon folytatta (1734–), ezek befejeztével külföldre ment, ahol a franekeri (1751–), az utrechti (1753–54) egyetemen tanult. Hazájába visszatérve (1754–), három évig a tokaji, 19-ig a sajókazinczi, azután a mezőkeresztesi lelkész (1777–). Miután előbb a borsodi egyházmegye jegyzői, majd esperesi tisztét viselte [&hellip;]</p>
