{"id":21625,"date":"2025-07-22T19:31:39","date_gmt":"2025-07-22T17:31:39","guid":{"rendered":"https:\/\/uj.adatbank.ro\/lexikon\/termek\/szathmari-paksi-istvan-szatmari-p-szatmari-istvan-paksi-istvan-szathmari\/"},"modified":"2025-07-22T19:31:39","modified_gmt":"2025-07-22T17:31:39","slug":"szathmari-paksi-istvan-szatmari-p-szatmari-istvan-paksi-istvan-szathmari","status":"publish","type":"product","link":"https:\/\/uj.adatbank.ro\/lexikon\/termek\/szathmari-paksi-istvan-szatmari-p-szatmari-istvan-paksi-istvan-szathmari\/","title":{"rendered":"SZATHM\u00c1RI PAKSI Istv\u00e1n; Szatm\u00e1ri P, Szatm\u00e1ri Istv\u00e1n, Paksi.Istv\u00e1n szathm\u00e1ri"},"content":{"rendered":"<p>Mv., 1719 nyara, \u2020 Debrecen, 1791. m\u00e1rc. 2.: ref. p\u00fcsp\u00f6k, tan\u00e1r, \u00edr\u00f3. ~ Mih\u00e1ly ref. lelk\u00e9sz \u00e9s a Gyulafeh\u00e9rv\u00e1rr\u00f3l el\u00fcld\u00f6z\u00f6tt teol\u00f3gusok tan\u00e1ra fia. \u2013 Mv.-en, majd S\u00e1rospatakon tanult (1734\u2013). Az Odera \u2013 frankfurti (1740. dec.\u2013), a franekeri egy. hallgat\u00f3ja (1741. dec. \u2013 44), k\u00f6zben Leidenben is j\u00e1rt. Aszal\u00f3i lelk\u00e9sz (1745\u2013); Mv.-en pap; a borsod-g\u00f6m\u00f6r-kishonti egyh\u00e1zmegye m\u00e1r ebben az \u00e9vben k\u00e9rd\u0151re vonta valami teol. n\u00e9zet\u00e9\u00e9rt, melyet azt\u00e1n Venema professzorra hivatkozva v\u00e9dett; a debreceni ref. koll\u00e9giumban a t\u00f6rt\u00e9nelem, a latin, valamint a g\u00f6r\u00f6g nyelv \u00e9s irodalom (1747\u201390), a hittan tan\u00e1ra (1760\u2013), egy\u00fattal a k\u00f6nyvt\u00e1r vezet\u0151je (bibliothecae praefectus) volt (1749\u201353). a Tisz\u00e1n inneni ref. egyh\u00e1zker. jegyz\u0151je (1762\u2013), hal\u00e1l\u00e1ig p\u00fcsp\u00f6ke volt (1785. okt.\u20131791). K\u00e9s\u0151bb, felhagyott a tan\u00e1rs\u00e1ggal (1790 elej\u00e9n). Hivatali teend\u0151i mellett az irodalom ter\u00e9n is szorgalmasan munk\u00e1lkodott, de m\u0171veinek nagy r\u00e9sze k\u00e9ziratban maradt. Tank\u00f6nyv \u2013 hittan \u00e9s ima\u00edr\u00f3 volt. \u00cdrt latin gy\u00e1szverseket Muys franekerai tan\u00e1r hal\u00e1l\u00e1ra, a mo.-i ref. egyh\u00e1znak \u00fcld\u00f6ztet\u00e9s\u00e9r\u0151l \u00edrt \u00e9neket (Sion siralma c, 1875). Respondens volt a D\u00e1niel-f\u00e9le j\u00f6vend\u00f6l\u00e9sekr\u0151l (1744.) tartott vit\u00e1k egyik\u00e9n. Kinyomatta 1757-ben Minucius Felixet. \u00fcdv\u00f6zl\u0151 verset \u00edrt B\u00e1nyai Istv\u00e1nhoz (1742.). Egy csom\u00f3 pr\u00e9dik\u00e1ci\u00f3ja van a Szentmikl\u00f3si Timotheus \u201eKatedrai gy\u0171jtem\u00e9ny\u201d-\u00e9ben. \u2013 <strong><strong>F. m.<\/strong><\/strong>: Dissertatio theologico-philologica in vers. 13. cap. II. Hebr. (Franeker, 1743); Dissertatio quinta ad vaticinia Danielis de posteriore parte regni quarti (Franeker, 1744); Sion siralma (?, 1751); Oszlop ember&#8217; hal\u00e1l\u00e1n val\u00f3 siralma az Isten n\u00e9p\u00e9nek (Gy\u00e1szbesz\u00e9d Domokos M\u00e1rton felett). (Debrecen, 1764); E vil\u00e1gi \u00e9let felett val\u00f3 v\u00e1laszt\u00e1sa a mennyei boldogs\u00e1gnak&#8230; Szathm\u00e1ri Paksi Mih\u00e1llyal, Szathm\u00e1ri Paksi P\u00e1llal (egyh\u00e1zi besz\u00e9dek; H. n., 1765); Halotti besz\u00e9d szuhaf\u0151i Szuhai Erzs\u00e9bet, b\u00e1ji Patai S\u00e1mueln\u00e9 felett, 1765. j\u00fan. 30. (szatm\u00e1ri Paksi Mih\u00e1llyal; H. \u00e9v. n.); Hat napra val\u00f3 vall\u00e1stev\u0151 vagy poenitenti\u00e1lis k\u00f6ny\u00f6rg\u00e9sek (Debrecen, .?); Utas\u00edt\u00e1sa az esperesekhez \u00e9s egyes lelk\u00e9szekhez, hogy az iskol\u00e1kr\u00f3l sz\u00f3l\u00f3 hivatalos tud\u00f3s\u00edt\u00e1sokat a r\u00f3mai katholikus tanfel\u00fcgyel\u0151kh\u00f6z semmi sz\u00edn alatt ne k\u00fcldj\u00e9k (H. n., 1789). <strong>K\u00e9ziratban:<\/strong> Egyetemes t\u00f6rt\u00e9nelem, Magyaro. t\u00f6rt\u00e9nelme, Hittan Pict\u00e9t B. ut\u00e1n 5 k\u00f6tetben, Pict\u00e9t Erk\u00f6lcstana melyet vas\u00e1rnap este nagysz\u00e1m\u00fa hallgat\u00f3nak olvasott fel, Catalogus Bibliotecae theologicae conditioni studiosorum accomodatae historico-criticus, Curae pastorales de regimine ecclesiae et disciplina ecclesiastica, Homiletika, Meditationes homileticae. <br \/><strong>Irod.:<\/strong> Ferenczy-Danielik; Halotti besz\u00e9dek; Kiss\u2013K\u00e1lm\u00e1n\u2013Bierbrunner; Szab\u00f3\u2013Sz\u00f6gi; Szinnyei; \u00daIL; \u00daM\u00c9L; \u00daMIL, Zov\u00e1nyi.<\/br><\/p>\n","protected":false},"excerpt":{"rendered":"<p>Mv., 1719 nyara, \u2020 Debrecen, 1791. m\u00e1rc. 2.: ref. p\u00fcsp\u00f6k, tan\u00e1r, \u00edr\u00f3. ~ Mih\u00e1ly ref. lelk\u00e9sz \u00e9s a Gyulafeh\u00e9rv\u00e1rr\u00f3l el\u00fcld\u00f6z\u00f6tt teol\u00f3gusok tan\u00e1ra fia. \u2013 Mv.-en, majd S\u00e1rospatakon tanult (1734\u2013). Az Odera \u2013 frankfurti (1740. dec.\u2013), a franekeri egy. hallgat\u00f3ja (1741. dec. \u2013 44), k\u00f6zben Leidenben is j\u00e1rt. Aszal\u00f3i lelk\u00e9sz (1745\u2013); Mv.-en pap; a borsod-g\u00f6m\u00f6r-kishonti egyh\u00e1zmegye [&hellip;]<\/p>\n","protected":false},"featured_media":0,"comment_status":"open","ping_status":"closed","template":"","meta":[],"product_brand":[],"product_cat":[137],"product_tag":[],"class_list":{"0":"post-21625","1":"product","2":"type-product","3":"status-publish","5":"product_cat-maros-megyei-eletrajzi-lexikon","7":"first","8":"instock","9":"shipping-taxable","10":"product-type-simple"},"_links":{"self":[{"href":"https:\/\/uj.adatbank.ro\/lexikon\/wp-json\/wp\/v2\/product\/21625","targetHints":{"allow":["GET"]}}],"collection":[{"href":"https:\/\/uj.adatbank.ro\/lexikon\/wp-json\/wp\/v2\/product"}],"about":[{"href":"https:\/\/uj.adatbank.ro\/lexikon\/wp-json\/wp\/v2\/types\/product"}],"replies":[{"embeddable":true,"href":"https:\/\/uj.adatbank.ro\/lexikon\/wp-json\/wp\/v2\/comments?post=21625"}],"wp:attachment":[{"href":"https:\/\/uj.adatbank.ro\/lexikon\/wp-json\/wp\/v2\/media?parent=21625"}],"wp:term":[{"taxonomy":"product_brand","embeddable":true,"href":"https:\/\/uj.adatbank.ro\/lexikon\/wp-json\/wp\/v2\/product_brand?post=21625"},{"taxonomy":"product_cat","embeddable":true,"href":"https:\/\/uj.adatbank.ro\/lexikon\/wp-json\/wp\/v2\/product_cat?post=21625"},{"taxonomy":"product_tag","embeddable":true,"href":"https:\/\/uj.adatbank.ro\/lexikon\/wp-json\/wp\/v2\/product_tag?post=21625"}],"curies":[{"name":"wp","href":"https:\/\/api.w.org\/{rel}","templated":true}]}}