{"id":21626,"date":"2025-07-22T19:31:41","date_gmt":"2025-07-22T17:31:41","guid":{"rendered":"https:\/\/uj.adatbank.ro\/lexikon\/termek\/szathmari-paksi-mihaly-paksi-mihaly-szathmari-paxi-mihaly\/"},"modified":"2025-07-22T19:31:41","modified_gmt":"2025-07-22T17:31:41","slug":"szathmari-paksi-mihaly-paksi-mihaly-szathmari-paxi-mihaly","status":"publish","type":"product","link":"https:\/\/uj.adatbank.ro\/lexikon\/termek\/szathmari-paksi-mihaly-paksi-mihaly-szathmari-paxi-mihaly\/","title":{"rendered":"SZATHM\u00c1RI PAKSI Mih\u00e1ly, Paksi Mih\u00e1ly szathm\u00e1ri, Paxi Mih\u00e1ly"},"content":{"rendered":"<p>? \u2020 1585.: tan\u00e1r. \u2013 Szatm\u00e1ri sz\u00e1rmaz\u00e1s\u00fa. A wittenbergi egyetemre iratkozott be (1566), Telegdi Mikl\u00f3s seg\u00edts\u00e9g\u00e9vel Genfben folytatta tanulm\u00e1nyait; t\u00f6bb nemes ifj\u00fa nevel\u0151je volt, akikkel Heidelbergben, P\u00e1rizsban, \u00e9s Olaszorsz\u00e1gban is utazott (1568). Hazaj\u00f6v\u00e9n Debrecenben volt lelk\u00e9sz (1576), majd Tokajban, azut\u00e1n Gyulafeh\u00e9rv\u00e1ron \u00e9s Mv.-en lelk\u00e9szkedett, v\u00e9gre S\u00e1rospatakon volt tan\u00e1r (1577). K\u00fclf\u00f6ldi tud\u00f3sokkal, Bullingerrel, Simlerrel levelezett; ezen levelekb\u0151l az ut\u00f3bbihoz int\u00e9zett h\u00e1rom levele (1572, 1573). <br \/><strong>Irod.:<\/strong> De\u00e9 Nagy Anik\u00f3 2001; Szinnyei; T\u00f3th Istv\u00e1n: V\u00e1s\u00e1rhelyi humanista k\u00f6lt\u0151k (V. Z., 1969. jan. 4.).<\/br><\/p>\n","protected":false},"excerpt":{"rendered":"<p>? \u2020 1585.: tan\u00e1r. \u2013 Szatm\u00e1ri sz\u00e1rmaz\u00e1s\u00fa. A wittenbergi egyetemre iratkozott be (1566), Telegdi Mikl\u00f3s seg\u00edts\u00e9g\u00e9vel Genfben folytatta tanulm\u00e1nyait; t\u00f6bb nemes ifj\u00fa nevel\u0151je volt, akikkel Heidelbergben, P\u00e1rizsban, \u00e9s Olaszorsz\u00e1gban is utazott (1568). Hazaj\u00f6v\u00e9n Debrecenben volt lelk\u00e9sz (1576), majd Tokajban, azut\u00e1n Gyulafeh\u00e9rv\u00e1ron \u00e9s Mv.-en lelk\u00e9szkedett, v\u00e9gre S\u00e1rospatakon volt tan\u00e1r (1577). K\u00fclf\u00f6ldi tud\u00f3sokkal, Bullingerrel, Simlerrel levelezett; ezen [&hellip;]<\/p>\n","protected":false},"featured_media":0,"comment_status":"open","ping_status":"closed","template":"","meta":[],"product_brand":[],"product_cat":[137],"product_tag":[],"class_list":{"0":"post-21626","1":"product","2":"type-product","3":"status-publish","5":"product_cat-maros-megyei-eletrajzi-lexikon","7":"first","8":"instock","9":"shipping-taxable","10":"product-type-simple"},"_links":{"self":[{"href":"https:\/\/uj.adatbank.ro\/lexikon\/wp-json\/wp\/v2\/product\/21626","targetHints":{"allow":["GET"]}}],"collection":[{"href":"https:\/\/uj.adatbank.ro\/lexikon\/wp-json\/wp\/v2\/product"}],"about":[{"href":"https:\/\/uj.adatbank.ro\/lexikon\/wp-json\/wp\/v2\/types\/product"}],"replies":[{"embeddable":true,"href":"https:\/\/uj.adatbank.ro\/lexikon\/wp-json\/wp\/v2\/comments?post=21626"}],"wp:attachment":[{"href":"https:\/\/uj.adatbank.ro\/lexikon\/wp-json\/wp\/v2\/media?parent=21626"}],"wp:term":[{"taxonomy":"product_brand","embeddable":true,"href":"https:\/\/uj.adatbank.ro\/lexikon\/wp-json\/wp\/v2\/product_brand?post=21626"},{"taxonomy":"product_cat","embeddable":true,"href":"https:\/\/uj.adatbank.ro\/lexikon\/wp-json\/wp\/v2\/product_cat?post=21626"},{"taxonomy":"product_tag","embeddable":true,"href":"https:\/\/uj.adatbank.ro\/lexikon\/wp-json\/wp\/v2\/product_tag?post=21626"}],"curies":[{"name":"wp","href":"https:\/\/api.w.org\/{rel}","templated":true}]}}