{"id":21628,"date":"2025-07-22T19:31:44","date_gmt":"2025-07-22T17:31:44","guid":{"rendered":"https:\/\/uj.adatbank.ro\/lexikon\/termek\/szathmari-paksi-pal\/"},"modified":"2025-07-22T19:31:44","modified_gmt":"2025-07-22T17:31:44","slug":"szathmari-paksi-pal","status":"publish","type":"product","link":"https:\/\/uj.adatbank.ro\/lexikon\/termek\/szathmari-paksi-pal\/","title":{"rendered":"SZATHM\u00c1RI PAKSI P\u00e1l"},"content":{"rendered":"<p>Mv., 1730 (vagy 1743. m\u00e1rc. 31.), \u2020 S\u00e1rospatak, 1766. aug. 7. (vagy 16.) : orvos, tan\u00e1r. \u2013 S\u00e1rospatakon tanult. Orvosdoktori oklevelet szerzett Franekerben (1757\u20131758). S\u00e1rospatakon orvos \u00e9s a b\u00f6lcs\u00e9szet \u00e9s a g\u00f6r\u00f6g nyelv tan\u00e1ra (1759\u2013) valamint tan\u00edtott fizik\u00e1t, matematik\u00e1t, els\u0151k\u00e9nt algebr\u00e1t, term\u00e9szetrajzot, f\u00fcv\u00e9szetet is. Megteremtette az iskola Term\u00e9szetrajzi Gy\u0171jtem\u00e9ny\u00e9t. \u2013 <strong><strong>F. m.<\/strong><\/strong>: Dissertatio de simplicium remediorum prae operose concinnatis praestantia, quam \u2026 praeside \u2026Guilielmo Ouwens \u2026 publico eruditorum examini submittit \u2026auctor et defendens (Franequerae, 1757); Dissertatio medica inauguralis de \u2026 de morte naturali, quam \u2026 ex auctoritate rectori magnifici D. Gulielmi Ouwens \u2026 publico eruditorum examinisubmittit (Franequerae, 1758); Dissertatio de simplicium remediorum prae operose concinnatis praestantia (Claudipoli, 1760); De morte naturali (Claudipoli, 1760). <br \/><strong>Irod.:<\/strong> Gy\u0151ry; MMA; RMK III\/ 18. sz.); Szab\u00f3\u2013Sz\u00f6gi; Szinnyei; Szinnyei J; Todea.<\/br><\/p>\n","protected":false},"excerpt":{"rendered":"<p>Mv., 1730 (vagy 1743. m\u00e1rc. 31.), \u2020 S\u00e1rospatak, 1766. aug. 7. (vagy 16.) : orvos, tan\u00e1r. \u2013 S\u00e1rospatakon tanult. Orvosdoktori oklevelet szerzett Franekerben (1757\u20131758). S\u00e1rospatakon orvos \u00e9s a b\u00f6lcs\u00e9szet \u00e9s a g\u00f6r\u00f6g nyelv tan\u00e1ra (1759\u2013) valamint tan\u00edtott fizik\u00e1t, matematik\u00e1t, els\u0151k\u00e9nt algebr\u00e1t, term\u00e9szetrajzot, f\u00fcv\u00e9szetet is. Megteremtette az iskola Term\u00e9szetrajzi Gy\u0171jtem\u00e9ny\u00e9t. \u2013 F. m.: Dissertatio de simplicium [&hellip;]<\/p>\n","protected":false},"featured_media":0,"comment_status":"open","ping_status":"closed","template":"","meta":[],"product_brand":[],"product_cat":[137],"product_tag":[],"class_list":{"0":"post-21628","1":"product","2":"type-product","3":"status-publish","5":"product_cat-maros-megyei-eletrajzi-lexikon","7":"first","8":"instock","9":"shipping-taxable","10":"product-type-simple"},"_links":{"self":[{"href":"https:\/\/uj.adatbank.ro\/lexikon\/wp-json\/wp\/v2\/product\/21628","targetHints":{"allow":["GET"]}}],"collection":[{"href":"https:\/\/uj.adatbank.ro\/lexikon\/wp-json\/wp\/v2\/product"}],"about":[{"href":"https:\/\/uj.adatbank.ro\/lexikon\/wp-json\/wp\/v2\/types\/product"}],"replies":[{"embeddable":true,"href":"https:\/\/uj.adatbank.ro\/lexikon\/wp-json\/wp\/v2\/comments?post=21628"}],"wp:attachment":[{"href":"https:\/\/uj.adatbank.ro\/lexikon\/wp-json\/wp\/v2\/media?parent=21628"}],"wp:term":[{"taxonomy":"product_brand","embeddable":true,"href":"https:\/\/uj.adatbank.ro\/lexikon\/wp-json\/wp\/v2\/product_brand?post=21628"},{"taxonomy":"product_cat","embeddable":true,"href":"https:\/\/uj.adatbank.ro\/lexikon\/wp-json\/wp\/v2\/product_cat?post=21628"},{"taxonomy":"product_tag","embeddable":true,"href":"https:\/\/uj.adatbank.ro\/lexikon\/wp-json\/wp\/v2\/product_tag?post=21628"}],"curies":[{"name":"wp","href":"https:\/\/api.w.org\/{rel}","templated":true}]}}