{"id":2163,"date":"2025-06-28T12:05:40","date_gmt":"2025-06-28T10:05:40","guid":{"rendered":"https:\/\/uj.adatbank.ro\/lexikon\/termek\/banffy-erzsebet-losonczi-teleki-ferencne\/"},"modified":"2025-06-28T12:05:40","modified_gmt":"2025-06-28T10:05:40","slug":"banffy-erzsebet-losonczi-teleki-ferencne","status":"publish","type":"product","link":"https:\/\/uj.adatbank.ro\/lexikon\/termek\/banffy-erzsebet-losonczi-teleki-ferencne\/","title":{"rendered":"B\u00c1NFFY Erzs\u00e9bet, losonczi; Teleki Ferencn\u00e9"},"content":{"rendered":"<p>B\u00e9cs, 1794. j\u00fal. 28., \u2020 S\u00e1romberke, 1853. szept. 1. Nyugszik a Teleki-kript\u00e1ban: f\u00f6ldbirtokos. \u2013 A kancell\u00e1r Teleki S\u00e1muel mennye. B\u00e1nffy P\u00e1l (1762. m\u00e1rc. 17. \u2013 1828. okt. 3) \u00e9s felcs\u00fati G\u00e1nyi Erzs\u00e9bet (1767\u20131831) le\u00e1nya. F\u00e9rje: sz\u00e9ki gr. Teleki Ferenc, cs. k. kamar\u00e1s (1787\u20131861), esk\u00fcv\u0151: C\u00e9g, 1810. jan. 14. Gyermekeik: Erzs\u00e9bet (1812\u20131881); \u00c1gnes herceg Waldeck Hermann\u00e9 (S\u00e1romberke, 1814. okt. 2., &#8211; Bp., 1896. febr. 15.); R\u00f3za gr. Wurmbrand Ern\u0151n\u00e9, gr. Solmsbaruth Fridrichn\u00e9 (S\u00e1romberke, 1818. okt. 18.-Golden bei Berlin, 1890. j\u00fan. 30); S\u00e1muel Ferenc (1819\u20131882). <br \/><strong>Irod.:<\/strong> Bir\u00f3 J\u00f3zsef. A bonchidai B\u00e1nffy-kast\u00e9ly csal\u00e1di arck\u00e9pei = Lyka eml\u00e9kk.; Gudenus; S\u00e1romberke 1319\u20131994 (S\u00e1romberke, 1994)<\/br><\/p>\n","protected":false},"excerpt":{"rendered":"<p>B\u00e9cs, 1794. j\u00fal. 28., \u2020 S\u00e1romberke, 1853. szept. 1. Nyugszik a Teleki-kript\u00e1ban: f\u00f6ldbirtokos. \u2013 A kancell\u00e1r Teleki S\u00e1muel mennye. B\u00e1nffy P\u00e1l (1762. m\u00e1rc. 17. \u2013 1828. okt. 3) \u00e9s felcs\u00fati G\u00e1nyi Erzs\u00e9bet (1767\u20131831) le\u00e1nya. F\u00e9rje: sz\u00e9ki gr. Teleki Ferenc, cs. k. kamar\u00e1s (1787\u20131861), esk\u00fcv\u0151: C\u00e9g, 1810. jan. 14. Gyermekeik: Erzs\u00e9bet (1812\u20131881); \u00c1gnes herceg Waldeck Hermann\u00e9 [&hellip;]<\/p>\n","protected":false},"featured_media":0,"comment_status":"open","ping_status":"closed","template":"","meta":[],"product_brand":[],"product_cat":[137],"product_tag":[],"class_list":{"0":"post-2163","1":"product","2":"type-product","3":"status-publish","5":"product_cat-maros-megyei-eletrajzi-lexikon","7":"first","8":"instock","9":"shipping-taxable","10":"product-type-simple"},"_links":{"self":[{"href":"https:\/\/uj.adatbank.ro\/lexikon\/wp-json\/wp\/v2\/product\/2163","targetHints":{"allow":["GET"]}}],"collection":[{"href":"https:\/\/uj.adatbank.ro\/lexikon\/wp-json\/wp\/v2\/product"}],"about":[{"href":"https:\/\/uj.adatbank.ro\/lexikon\/wp-json\/wp\/v2\/types\/product"}],"replies":[{"embeddable":true,"href":"https:\/\/uj.adatbank.ro\/lexikon\/wp-json\/wp\/v2\/comments?post=2163"}],"wp:attachment":[{"href":"https:\/\/uj.adatbank.ro\/lexikon\/wp-json\/wp\/v2\/media?parent=2163"}],"wp:term":[{"taxonomy":"product_brand","embeddable":true,"href":"https:\/\/uj.adatbank.ro\/lexikon\/wp-json\/wp\/v2\/product_brand?post=2163"},{"taxonomy":"product_cat","embeddable":true,"href":"https:\/\/uj.adatbank.ro\/lexikon\/wp-json\/wp\/v2\/product_cat?post=2163"},{"taxonomy":"product_tag","embeddable":true,"href":"https:\/\/uj.adatbank.ro\/lexikon\/wp-json\/wp\/v2\/product_tag?post=2163"}],"curies":[{"name":"wp","href":"https:\/\/api.w.org\/{rel}","templated":true}]}}