{"id":21634,"date":"2025-07-22T19:32:00","date_gmt":"2025-07-22T17:32:00","guid":{"rendered":"https:\/\/uj.adatbank.ro\/lexikon\/termek\/szathmari-suto-ferenc-szatmari\/"},"modified":"2025-07-22T19:32:00","modified_gmt":"2025-07-22T17:32:00","slug":"szathmari-suto-ferenc-szatmari","status":"publish","type":"product","link":"https:\/\/uj.adatbank.ro\/lexikon\/termek\/szathmari-suto-ferenc-szatmari\/","title":{"rendered":"SZATHM\u00c1RI S\u00dcT\u0150 Ferenc, Szatm\u00e1ri"},"content":{"rendered":"<p>? \u2020?: gy\u00e1ros. Gazdas\u00e1gi g\u00e9pgy\u00e1ra volt Mv.-en. Gazdas\u00e1gi ki\u00e1ll\u00edt\u00e1son a saj\u00e1t gy\u00e1rtm\u00e1ny\u00fa sz\u00f3r\u00f3- \u00e9s szelel\u0151 rost\u00e1i, ek\u00e9i, kukoricamorzsol\u00f3i arany\u00e9rmet nyertek (1872), gy\u00e1rtott m\u00e9g boron\u00e1t, vet\u0151-, sz\u00e9nagy\u0171jt\u0151- \u00e9s cs\u00e9pl\u0151g\u00e9pet stb. Mv.-en az Egyenl\u0151s\u00e9gi K\u00f6r, amelyb\u0151l k\u00e9s\u0151bb az Iparos Polg\u00e1ri Egylet alakult eln\u00f6ke (1880). <br \/><strong>Irod.:<\/strong> Bi\u00e1s Istv\u00e1n; Sz\u00e9kely Napt\u00e1r (hirdet\u00e9sei; 1873).<\/br><\/p>\n","protected":false},"excerpt":{"rendered":"<p>? \u2020?: gy\u00e1ros. Gazdas\u00e1gi g\u00e9pgy\u00e1ra volt Mv.-en. Gazdas\u00e1gi ki\u00e1ll\u00edt\u00e1son a saj\u00e1t gy\u00e1rtm\u00e1ny\u00fa sz\u00f3r\u00f3- \u00e9s szelel\u0151 rost\u00e1i, ek\u00e9i, kukoricamorzsol\u00f3i arany\u00e9rmet nyertek (1872), gy\u00e1rtott m\u00e9g boron\u00e1t, vet\u0151-, sz\u00e9nagy\u0171jt\u0151- \u00e9s cs\u00e9pl\u0151g\u00e9pet stb. Mv.-en az Egyenl\u0151s\u00e9gi K\u00f6r, amelyb\u0151l k\u00e9s\u0151bb az Iparos Polg\u00e1ri Egylet alakult eln\u00f6ke (1880). Irod.: Bi\u00e1s Istv\u00e1n; Sz\u00e9kely Napt\u00e1r (hirdet\u00e9sei; 1873).<\/p>\n","protected":false},"featured_media":0,"comment_status":"open","ping_status":"closed","template":"","meta":[],"product_brand":[],"product_cat":[137],"product_tag":[],"class_list":{"0":"post-21634","1":"product","2":"type-product","3":"status-publish","5":"product_cat-maros-megyei-eletrajzi-lexikon","7":"first","8":"instock","9":"shipping-taxable","10":"product-type-simple"},"_links":{"self":[{"href":"https:\/\/uj.adatbank.ro\/lexikon\/wp-json\/wp\/v2\/product\/21634","targetHints":{"allow":["GET"]}}],"collection":[{"href":"https:\/\/uj.adatbank.ro\/lexikon\/wp-json\/wp\/v2\/product"}],"about":[{"href":"https:\/\/uj.adatbank.ro\/lexikon\/wp-json\/wp\/v2\/types\/product"}],"replies":[{"embeddable":true,"href":"https:\/\/uj.adatbank.ro\/lexikon\/wp-json\/wp\/v2\/comments?post=21634"}],"wp:attachment":[{"href":"https:\/\/uj.adatbank.ro\/lexikon\/wp-json\/wp\/v2\/media?parent=21634"}],"wp:term":[{"taxonomy":"product_brand","embeddable":true,"href":"https:\/\/uj.adatbank.ro\/lexikon\/wp-json\/wp\/v2\/product_brand?post=21634"},{"taxonomy":"product_cat","embeddable":true,"href":"https:\/\/uj.adatbank.ro\/lexikon\/wp-json\/wp\/v2\/product_cat?post=21634"},{"taxonomy":"product_tag","embeddable":true,"href":"https:\/\/uj.adatbank.ro\/lexikon\/wp-json\/wp\/v2\/product_tag?post=21634"}],"curies":[{"name":"wp","href":"https:\/\/api.w.org\/{rel}","templated":true}]}}