{"id":21640,"date":"2025-07-22T19:32:13","date_gmt":"2025-07-22T17:32:13","guid":{"rendered":"https:\/\/uj.adatbank.ro\/lexikon\/termek\/szathmary-gyula-toldalagi\/"},"modified":"2025-07-22T19:32:13","modified_gmt":"2025-07-22T17:32:13","slug":"szathmary-gyula-toldalagi","status":"publish","type":"product","link":"https:\/\/uj.adatbank.ro\/lexikon\/termek\/szathmary-gyula-toldalagi\/","title":{"rendered":"SZATHM\u00c1RY Gyula, toldalagi"},"content":{"rendered":"<p>? \u2020?: ? \u2013 Sz. Gyula \u00e9s nagyk\u00e1szoni K\u00e1szoni Ida fia. Feles\u00e9ge: l\u0151rintzfalvi \u00e9s csibai Fekete Emma (1882? \u2013 Dics\u0151szentm\u00e1rton, 1921. m\u00e1rc. 30. Sz\u0151kefalv\u00e1n temett\u00e9k). <br \/><strong>Irod.:<\/strong> Gy\u00e1szjelent\u0151.<\/br><\/p>\n","protected":false},"excerpt":{"rendered":"<p>? \u2020?: ? \u2013 Sz. Gyula \u00e9s nagyk\u00e1szoni K\u00e1szoni Ida fia. Feles\u00e9ge: l\u0151rintzfalvi \u00e9s csibai Fekete Emma (1882? \u2013 Dics\u0151szentm\u00e1rton, 1921. m\u00e1rc. 30. Sz\u0151kefalv\u00e1n temett\u00e9k). Irod.: Gy\u00e1szjelent\u0151.<\/p>\n","protected":false},"featured_media":0,"comment_status":"open","ping_status":"closed","template":"","meta":[],"product_brand":[],"product_cat":[137],"product_tag":[],"class_list":{"0":"post-21640","1":"product","2":"type-product","3":"status-publish","5":"product_cat-maros-megyei-eletrajzi-lexikon","7":"first","8":"instock","9":"shipping-taxable","10":"product-type-simple"},"_links":{"self":[{"href":"https:\/\/uj.adatbank.ro\/lexikon\/wp-json\/wp\/v2\/product\/21640","targetHints":{"allow":["GET"]}}],"collection":[{"href":"https:\/\/uj.adatbank.ro\/lexikon\/wp-json\/wp\/v2\/product"}],"about":[{"href":"https:\/\/uj.adatbank.ro\/lexikon\/wp-json\/wp\/v2\/types\/product"}],"replies":[{"embeddable":true,"href":"https:\/\/uj.adatbank.ro\/lexikon\/wp-json\/wp\/v2\/comments?post=21640"}],"wp:attachment":[{"href":"https:\/\/uj.adatbank.ro\/lexikon\/wp-json\/wp\/v2\/media?parent=21640"}],"wp:term":[{"taxonomy":"product_brand","embeddable":true,"href":"https:\/\/uj.adatbank.ro\/lexikon\/wp-json\/wp\/v2\/product_brand?post=21640"},{"taxonomy":"product_cat","embeddable":true,"href":"https:\/\/uj.adatbank.ro\/lexikon\/wp-json\/wp\/v2\/product_cat?post=21640"},{"taxonomy":"product_tag","embeddable":true,"href":"https:\/\/uj.adatbank.ro\/lexikon\/wp-json\/wp\/v2\/product_tag?post=21640"}],"curies":[{"name":"wp","href":"https:\/\/api.w.org\/{rel}","templated":true}]}}