{"id":21641,"date":"2025-07-22T19:32:16","date_gmt":"2025-07-22T17:32:16","guid":{"rendered":"https:\/\/uj.adatbank.ro\/lexikon\/termek\/szathmary-imre\/"},"modified":"2025-07-22T19:32:16","modified_gmt":"2025-07-22T17:32:16","slug":"szathmary-imre","status":"publish","type":"product","link":"https:\/\/uj.adatbank.ro\/lexikon\/termek\/szathmary-imre\/","title":{"rendered":"SZATHM\u00c1RY Imre"},"content":{"rendered":"<p>? \u2020\u00a0Mv., 1911. j\u00fal. 21.: orvos. \u2013 Sz. J\u00f3zsef \u00e9s Bab Zsuzs\u00e1nna fia. Testv\u00e9rei: Sz. Jozefa Gyulai Ferencn\u00e9; Sz. R\u00f3za Kammauf Alfr\u00e9d. Feles\u00e9ge: Csuka Karolina. Gyermekeik: Edith, Margit. \u2013 Mv.-en m. kir. \u00e1llami gyermekmenhelyi orvos. <br \/><strong>Irod.:<\/strong> Gy\u00e1szjelent\u0151.<\/br><\/p>\n","protected":false},"excerpt":{"rendered":"<p>? \u2020\u00a0Mv., 1911. j\u00fal. 21.: orvos. \u2013 Sz. J\u00f3zsef \u00e9s Bab Zsuzs\u00e1nna fia. Testv\u00e9rei: Sz. Jozefa Gyulai Ferencn\u00e9; Sz. R\u00f3za Kammauf Alfr\u00e9d. Feles\u00e9ge: Csuka Karolina. Gyermekeik: Edith, Margit. \u2013 Mv.-en m. kir. \u00e1llami gyermekmenhelyi orvos. Irod.: Gy\u00e1szjelent\u0151.<\/p>\n","protected":false},"featured_media":0,"comment_status":"open","ping_status":"closed","template":"","meta":[],"product_brand":[],"product_cat":[137],"product_tag":[],"class_list":{"0":"post-21641","1":"product","2":"type-product","3":"status-publish","5":"product_cat-maros-megyei-eletrajzi-lexikon","7":"first","8":"instock","9":"shipping-taxable","10":"product-type-simple"},"_links":{"self":[{"href":"https:\/\/uj.adatbank.ro\/lexikon\/wp-json\/wp\/v2\/product\/21641","targetHints":{"allow":["GET"]}}],"collection":[{"href":"https:\/\/uj.adatbank.ro\/lexikon\/wp-json\/wp\/v2\/product"}],"about":[{"href":"https:\/\/uj.adatbank.ro\/lexikon\/wp-json\/wp\/v2\/types\/product"}],"replies":[{"embeddable":true,"href":"https:\/\/uj.adatbank.ro\/lexikon\/wp-json\/wp\/v2\/comments?post=21641"}],"wp:attachment":[{"href":"https:\/\/uj.adatbank.ro\/lexikon\/wp-json\/wp\/v2\/media?parent=21641"}],"wp:term":[{"taxonomy":"product_brand","embeddable":true,"href":"https:\/\/uj.adatbank.ro\/lexikon\/wp-json\/wp\/v2\/product_brand?post=21641"},{"taxonomy":"product_cat","embeddable":true,"href":"https:\/\/uj.adatbank.ro\/lexikon\/wp-json\/wp\/v2\/product_cat?post=21641"},{"taxonomy":"product_tag","embeddable":true,"href":"https:\/\/uj.adatbank.ro\/lexikon\/wp-json\/wp\/v2\/product_tag?post=21641"}],"curies":[{"name":"wp","href":"https:\/\/api.w.org\/{rel}","templated":true}]}}