{"id":21642,"date":"2025-07-22T19:32:18","date_gmt":"2025-07-22T17:32:18","guid":{"rendered":"https:\/\/uj.adatbank.ro\/lexikon\/termek\/szathmary-lajos\/"},"modified":"2025-07-22T19:32:18","modified_gmt":"2025-07-22T17:32:18","slug":"szathmary-lajos","status":"publish","type":"product","link":"https:\/\/uj.adatbank.ro\/lexikon\/termek\/szathmary-lajos\/","title":{"rendered":"SZATHM\u00c1RY Lajos"},"content":{"rendered":"<p>Mv., 1867. \u00e1pr. 2., \u2020 Szentendre, 1939. j\u00fal. 20.: sz\u00edn\u00e9sz. \u2013 P\u00e1ly\u00e1j\u00e1t Kv.-on kezdte (1884\u2013), vid\u00e9ken j\u00e1tszott (1886\u2013), de rendez\u0151i \u00e9s titk\u00e1ri feladatokat is v\u00e9gzett. A Bp.-i Sz\u00ednh\u00e1z (1912\u2013), a Feld-sz\u00ednh\u00e1z (1912\u201314), a Nemzeti Sz\u00ednh\u00e1z tagja volt (1914\u201332). Vid\u00e9ken h\u0151s- \u00e9s jellemszerepeket j\u00e1tszott, a Nemzeti Sz\u00ednh\u00e1zban epiz\u00f3dszerepeket kapott. Megkapta a Farkas-Ratk\u00f3-d\u00edjat (1921). \u2013 <strong>F. sz.:<\/strong> Tarj\u00e1n Gida (Herczeg F.: A dolovai n\u00e1bob l\u00e1nya); Baracs Imre (G\u00e1rdonyi G.: A bor); V\u00e9n haramia (Herczeg F.: D\u00e9ryn\u00e9 ifiasszony). <br \/><strong>Irod.:<\/strong> MSZL; Sch\u00f6pflin.<\/br><\/p>\n","protected":false},"excerpt":{"rendered":"<p>Mv., 1867. \u00e1pr. 2., \u2020 Szentendre, 1939. j\u00fal. 20.: sz\u00edn\u00e9sz. \u2013 P\u00e1ly\u00e1j\u00e1t Kv.-on kezdte (1884\u2013), vid\u00e9ken j\u00e1tszott (1886\u2013), de rendez\u0151i \u00e9s titk\u00e1ri feladatokat is v\u00e9gzett. A Bp.-i Sz\u00ednh\u00e1z (1912\u2013), a Feld-sz\u00ednh\u00e1z (1912\u201314), a Nemzeti Sz\u00ednh\u00e1z tagja volt (1914\u201332). Vid\u00e9ken h\u0151s- \u00e9s jellemszerepeket j\u00e1tszott, a Nemzeti Sz\u00ednh\u00e1zban epiz\u00f3dszerepeket kapott. Megkapta a Farkas-Ratk\u00f3-d\u00edjat (1921). \u2013 F. sz.: [&hellip;]<\/p>\n","protected":false},"featured_media":0,"comment_status":"open","ping_status":"closed","template":"","meta":[],"product_brand":[],"product_cat":[137],"product_tag":[],"class_list":{"0":"post-21642","1":"product","2":"type-product","3":"status-publish","5":"product_cat-maros-megyei-eletrajzi-lexikon","7":"first","8":"instock","9":"shipping-taxable","10":"product-type-simple"},"_links":{"self":[{"href":"https:\/\/uj.adatbank.ro\/lexikon\/wp-json\/wp\/v2\/product\/21642","targetHints":{"allow":["GET"]}}],"collection":[{"href":"https:\/\/uj.adatbank.ro\/lexikon\/wp-json\/wp\/v2\/product"}],"about":[{"href":"https:\/\/uj.adatbank.ro\/lexikon\/wp-json\/wp\/v2\/types\/product"}],"replies":[{"embeddable":true,"href":"https:\/\/uj.adatbank.ro\/lexikon\/wp-json\/wp\/v2\/comments?post=21642"}],"wp:attachment":[{"href":"https:\/\/uj.adatbank.ro\/lexikon\/wp-json\/wp\/v2\/media?parent=21642"}],"wp:term":[{"taxonomy":"product_brand","embeddable":true,"href":"https:\/\/uj.adatbank.ro\/lexikon\/wp-json\/wp\/v2\/product_brand?post=21642"},{"taxonomy":"product_cat","embeddable":true,"href":"https:\/\/uj.adatbank.ro\/lexikon\/wp-json\/wp\/v2\/product_cat?post=21642"},{"taxonomy":"product_tag","embeddable":true,"href":"https:\/\/uj.adatbank.ro\/lexikon\/wp-json\/wp\/v2\/product_tag?post=21642"}],"curies":[{"name":"wp","href":"https:\/\/api.w.org\/{rel}","templated":true}]}}

SZATHMÁRY Lajos

<p>Mv., 1867. ápr. 2., † Szentendre, 1939. júl. 20.: színész. – Pályáját Kv.-on kezdte (1884–), vidéken játszott (1886–), de rendezői és titkári feladatokat is végzett. A Bp.-i Színház (1912–), a Feld-színház (1912–14), a Nemzeti Színház tagja volt (1914–32). Vidéken hős- és jellemszerepeket játszott, a Nemzeti Színházban epizódszerepeket kapott. Megkapta a Farkas-Ratkó-díjat (1921). – <strong>F. sz.:</strong> Tarján Gida (Herczeg F.: A dolovai nábob lánya); Baracs Imre (Gárdonyi G.: A bor); Vén haramia (Herczeg F.: Déryné ifiasszony). <br /><strong>Irod.:</strong> MSZL; Schöpflin.</br></p>

<p>Mv., 1867. ápr. 2., † Szentendre, 1939. júl. 20.: színész. – Pályáját Kv.-on kezdte (1884–), vidéken játszott (1886–), de rendezői és titkári feladatokat is végzett. A Bp.-i Színház (1912–), a Feld-színház (1912–14), a Nemzeti Színház tagja volt (1914–32). Vidéken hős- és jellemszerepeket játszott, a Nemzeti Színházban epizódszerepeket kapott. Megkapta a Farkas-Ratkó-díjat (1921). – F. sz.: [&hellip;]</p>
