{"id":21649,"date":"2025-07-22T19:32:32","date_gmt":"2025-07-22T17:32:32","guid":{"rendered":"https:\/\/uj.adatbank.ro\/lexikon\/termek\/szatmari-maria\/"},"modified":"2025-07-22T19:32:32","modified_gmt":"2025-07-22T17:32:32","slug":"szatmari-maria","status":"publish","type":"product","link":"https:\/\/uj.adatbank.ro\/lexikon\/termek\/szatmari-maria\/","title":{"rendered":"SZATM\u00c1RI M\u00e1ria"},"content":{"rendered":"<p>Mv., 1960. \u2020\u00a0Mv., 2023. jan. 1.?: orvos. \u2013 Elmegy\u00f3gy\u00e1sz f\u0151orvos. \u2013 Apja is orvos. F\u00e9rje. Doc. dr.Szatm\u00e1ri Szabolcs. H\u00e1rom gyermek anyja. \u2013 Mv.-en v\u00e9gzett a MOGYI orvoskar\u00e1n (1986). Pszichi\u00e1ter szakorvos \u00e9s egyetemi adjunktus, majd a Mentis orvosi rendel\u0151ben vizsg\u00e1lt \u00e9s gy\u00f3gy\u00edtott. Alap\u00edt\u00f3 tagja a Szent Bal\u00e1zs Alap\u00edtv\u00e1nynak \u00e9s ez\u00e1ltal szorgalmazt\u00e1k az orvosok tov\u00e1bbk\u00e9pz\u00e9s\u00e9t, seg\u00edtett\u00e9k a r\u00e1szorul\u00f3kat, t\u00e1mogatt\u00e1k a tudatos eg\u00e9szs\u00e9gmeg\u0151rz\u00e9st. <br \/><strong>Irod.:<\/strong> \u00c1br\u00e1m Zolt\u00e1n, dr.: B\u00facs\u00fa dr. Szatm\u00e1ri M\u00e1ri\u00e1t\u00f3l (N\u00fa., 2023. jan. 3.).<\/br><\/p>\n","protected":false},"excerpt":{"rendered":"<p>Mv., 1960. \u2020\u00a0Mv., 2023. jan. 1.?: orvos. \u2013 Elmegy\u00f3gy\u00e1sz f\u0151orvos. \u2013 Apja is orvos. F\u00e9rje. Doc. dr.Szatm\u00e1ri Szabolcs. H\u00e1rom gyermek anyja. \u2013 Mv.-en v\u00e9gzett a MOGYI orvoskar\u00e1n (1986). Pszichi\u00e1ter szakorvos \u00e9s egyetemi adjunktus, majd a Mentis orvosi rendel\u0151ben vizsg\u00e1lt \u00e9s gy\u00f3gy\u00edtott. Alap\u00edt\u00f3 tagja a Szent Bal\u00e1zs Alap\u00edtv\u00e1nynak \u00e9s ez\u00e1ltal szorgalmazt\u00e1k az orvosok tov\u00e1bbk\u00e9pz\u00e9s\u00e9t, seg\u00edtett\u00e9k a [&hellip;]<\/p>\n","protected":false},"featured_media":0,"comment_status":"open","ping_status":"closed","template":"","meta":[],"product_brand":[],"product_cat":[137],"product_tag":[],"class_list":{"0":"post-21649","1":"product","2":"type-product","3":"status-publish","5":"product_cat-maros-megyei-eletrajzi-lexikon","7":"first","8":"instock","9":"shipping-taxable","10":"product-type-simple"},"_links":{"self":[{"href":"https:\/\/uj.adatbank.ro\/lexikon\/wp-json\/wp\/v2\/product\/21649","targetHints":{"allow":["GET"]}}],"collection":[{"href":"https:\/\/uj.adatbank.ro\/lexikon\/wp-json\/wp\/v2\/product"}],"about":[{"href":"https:\/\/uj.adatbank.ro\/lexikon\/wp-json\/wp\/v2\/types\/product"}],"replies":[{"embeddable":true,"href":"https:\/\/uj.adatbank.ro\/lexikon\/wp-json\/wp\/v2\/comments?post=21649"}],"wp:attachment":[{"href":"https:\/\/uj.adatbank.ro\/lexikon\/wp-json\/wp\/v2\/media?parent=21649"}],"wp:term":[{"taxonomy":"product_brand","embeddable":true,"href":"https:\/\/uj.adatbank.ro\/lexikon\/wp-json\/wp\/v2\/product_brand?post=21649"},{"taxonomy":"product_cat","embeddable":true,"href":"https:\/\/uj.adatbank.ro\/lexikon\/wp-json\/wp\/v2\/product_cat?post=21649"},{"taxonomy":"product_tag","embeddable":true,"href":"https:\/\/uj.adatbank.ro\/lexikon\/wp-json\/wp\/v2\/product_tag?post=21649"}],"curies":[{"name":"wp","href":"https:\/\/api.w.org\/{rel}","templated":true}]}}

SZATMÁRI Mária

<p>Mv., 1960. † Mv., 2023. jan. 1.?: orvos. – Elmegyógyász főorvos. – Apja is orvos. Férje. Doc. dr.Szatmári Szabolcs. Három gyermek anyja. – Mv.-en végzett a MOGYI orvoskarán (1986). Pszichiáter szakorvos és egyetemi adjunktus, majd a Mentis orvosi rendelőben vizsgált és gyógyított. Alapító tagja a Szent Balázs Alapítványnak és ezáltal szorgalmazták az orvosok továbbképzését, segítették a rászorulókat, támogatták a tudatos egészségmegőrzést. <br /><strong>Irod.:</strong> Ábrám Zoltán, dr.: Búcsú dr. Szatmári Máriától (Nú., 2023. jan. 3.).</br></p>

<p>Mv., 1960. † Mv., 2023. jan. 1.?: orvos. – Elmegyógyász főorvos. – Apja is orvos. Férje. Doc. dr.Szatmári Szabolcs. Három gyermek anyja. – Mv.-en végzett a MOGYI orvoskarán (1986). Pszichiáter szakorvos és egyetemi adjunktus, majd a Mentis orvosi rendelőben vizsgált és gyógyított. Alapító tagja a Szent Balázs Alapítványnak és ezáltal szorgalmazták az orvosok továbbképzését, segítették a [&hellip;]</p>
