{"id":21653,"date":"2025-07-22T19:32:41","date_gmt":"2025-07-22T17:32:41","guid":{"rendered":"https:\/\/uj.adatbank.ro\/lexikon\/termek\/szatmary-jozsef\/"},"modified":"2025-07-22T19:32:41","modified_gmt":"2025-07-22T17:32:41","slug":"szatmary-jozsef","status":"publish","type":"product","link":"https:\/\/uj.adatbank.ro\/lexikon\/termek\/szatmary-jozsef\/","title":{"rendered":"SZATM\u00c1RY J\u00f3zsef"},"content":{"rendered":"<p>Ny\u00e1r\u00e1dt\u0151, 1880,\u00a0\u2020?: ker\u00e9kgy\u00e1rt\u00f3, gazd\u00e1lkod\u00f3. \u2013 Iskol\u00e1i elv\u00e9gz\u00e9se ut\u00e1n a ker\u00e9kgy\u00e1rt\u00f3 szakm\u00e1t tanulta \u00e9s gr. Haller Gy\u00f6rgy uradalm\u00e1ban, majd Ny\u00e1r\u00e1dt\u0151n volt \u00f6n\u00e1ll\u00f3 mester. Ipar\u00e1t abbahagyva gazd\u00e1lkod\u00e1ssal foglalkozott. Az els\u0151 vh.-ban az orosz fronton harcolt, mint tizedes szerelt le, k\u00e9tszer a bronz vit. \u00e9. \u00e9s a K\u00e1roly Csapatkereszt kit\u00fcntet\u00e9st kapta. <br \/><strong>Irod.:<\/strong> Sz\u00e9kelyf\u00f6ld \u00ed. k.<\/br><\/p>\n","protected":false},"excerpt":{"rendered":"<p>Ny\u00e1r\u00e1dt\u0151, 1880,\u00a0\u2020?: ker\u00e9kgy\u00e1rt\u00f3, gazd\u00e1lkod\u00f3. \u2013 Iskol\u00e1i elv\u00e9gz\u00e9se ut\u00e1n a ker\u00e9kgy\u00e1rt\u00f3 szakm\u00e1t tanulta \u00e9s gr. Haller Gy\u00f6rgy uradalm\u00e1ban, majd Ny\u00e1r\u00e1dt\u0151n volt \u00f6n\u00e1ll\u00f3 mester. Ipar\u00e1t abbahagyva gazd\u00e1lkod\u00e1ssal foglalkozott. Az els\u0151 vh.-ban az orosz fronton harcolt, mint tizedes szerelt le, k\u00e9tszer a bronz vit. \u00e9. \u00e9s a K\u00e1roly Csapatkereszt kit\u00fcntet\u00e9st kapta. Irod.: Sz\u00e9kelyf\u00f6ld \u00ed. k.<\/p>\n","protected":false},"featured_media":0,"comment_status":"open","ping_status":"closed","template":"","meta":[],"product_brand":[],"product_cat":[137],"product_tag":[],"class_list":{"0":"post-21653","1":"product","2":"type-product","3":"status-publish","5":"product_cat-maros-megyei-eletrajzi-lexikon","7":"first","8":"instock","9":"shipping-taxable","10":"product-type-simple"},"_links":{"self":[{"href":"https:\/\/uj.adatbank.ro\/lexikon\/wp-json\/wp\/v2\/product\/21653","targetHints":{"allow":["GET"]}}],"collection":[{"href":"https:\/\/uj.adatbank.ro\/lexikon\/wp-json\/wp\/v2\/product"}],"about":[{"href":"https:\/\/uj.adatbank.ro\/lexikon\/wp-json\/wp\/v2\/types\/product"}],"replies":[{"embeddable":true,"href":"https:\/\/uj.adatbank.ro\/lexikon\/wp-json\/wp\/v2\/comments?post=21653"}],"wp:attachment":[{"href":"https:\/\/uj.adatbank.ro\/lexikon\/wp-json\/wp\/v2\/media?parent=21653"}],"wp:term":[{"taxonomy":"product_brand","embeddable":true,"href":"https:\/\/uj.adatbank.ro\/lexikon\/wp-json\/wp\/v2\/product_brand?post=21653"},{"taxonomy":"product_cat","embeddable":true,"href":"https:\/\/uj.adatbank.ro\/lexikon\/wp-json\/wp\/v2\/product_cat?post=21653"},{"taxonomy":"product_tag","embeddable":true,"href":"https:\/\/uj.adatbank.ro\/lexikon\/wp-json\/wp\/v2\/product_tag?post=21653"}],"curies":[{"name":"wp","href":"https:\/\/api.w.org\/{rel}","templated":true}]}}