{"id":21659,"date":"2025-07-22T19:32:53","date_gmt":"2025-07-22T17:32:53","guid":{"rendered":"https:\/\/uj.adatbank.ro\/lexikon\/termek\/szava-dezso\/"},"modified":"2025-07-22T19:32:53","modified_gmt":"2025-07-22T17:32:53","slug":"szava-dezso","status":"publish","type":"product","link":"https:\/\/uj.adatbank.ro\/lexikon\/termek\/szava-dezso\/","title":{"rendered":"SZ\u00c1VA Dezs\u0151"},"content":{"rendered":"<p>Gyergy\u00f3ditr\u00f3, 1908, \u2020 Mv., 1968.: int\u00e9z\u0151, tisztvisel\u0151. \u2013 Sz. Istv\u00e1n \u00e9s Kozma Roz\u00e1lia fia. Feles\u00e9ge: Vakarcs Ir\u00e9n (1914\u20131995). Gyermekeik: Istv\u00e1n (1950\u2013) m\u0171\u00e9p\u00edt\u00e9sz \u00e9s Anna (1952\u2013), dr. gy\u00f3gyszer\u00e9sz. \u2013 A tordai, majd a mv.-i r.k. gimn.-ban tanult, Brass\u00f3ban mez\u0151gazd\u00e1sz k\u00e9pes\u00edt\u00e9st nyert. A k\u00e9t vh. k\u00f6z\u00f6tt a mv.-i V\u00e1rosmajor int\u00e9z\u0151je volt, majd hal\u00e1l\u00e1ig a V\u00e1rosi Tan\u00e1cs tisztvisel\u0151je volt (1950-es \u00e9vek eleje \u20131968). <br \/><strong>Irod.:<\/strong> Sz\u00e1va; Sz\u00e1va 2012.<\/br><\/p>\n","protected":false},"excerpt":{"rendered":"<p>Gyergy\u00f3ditr\u00f3, 1908, \u2020 Mv., 1968.: int\u00e9z\u0151, tisztvisel\u0151. \u2013 Sz. Istv\u00e1n \u00e9s Kozma Roz\u00e1lia fia. Feles\u00e9ge: Vakarcs Ir\u00e9n (1914\u20131995). Gyermekeik: Istv\u00e1n (1950\u2013) m\u0171\u00e9p\u00edt\u00e9sz \u00e9s Anna (1952\u2013), dr. gy\u00f3gyszer\u00e9sz. \u2013 A tordai, majd a mv.-i r.k. gimn.-ban tanult, Brass\u00f3ban mez\u0151gazd\u00e1sz k\u00e9pes\u00edt\u00e9st nyert. A k\u00e9t vh. k\u00f6z\u00f6tt a mv.-i V\u00e1rosmajor int\u00e9z\u0151je volt, majd hal\u00e1l\u00e1ig a V\u00e1rosi Tan\u00e1cs tisztvisel\u0151je [&hellip;]<\/p>\n","protected":false},"featured_media":0,"comment_status":"open","ping_status":"closed","template":"","meta":[],"product_brand":[],"product_cat":[137],"product_tag":[],"class_list":{"0":"post-21659","1":"product","2":"type-product","3":"status-publish","5":"product_cat-maros-megyei-eletrajzi-lexikon","7":"first","8":"instock","9":"shipping-taxable","10":"product-type-simple"},"_links":{"self":[{"href":"https:\/\/uj.adatbank.ro\/lexikon\/wp-json\/wp\/v2\/product\/21659","targetHints":{"allow":["GET"]}}],"collection":[{"href":"https:\/\/uj.adatbank.ro\/lexikon\/wp-json\/wp\/v2\/product"}],"about":[{"href":"https:\/\/uj.adatbank.ro\/lexikon\/wp-json\/wp\/v2\/types\/product"}],"replies":[{"embeddable":true,"href":"https:\/\/uj.adatbank.ro\/lexikon\/wp-json\/wp\/v2\/comments?post=21659"}],"wp:attachment":[{"href":"https:\/\/uj.adatbank.ro\/lexikon\/wp-json\/wp\/v2\/media?parent=21659"}],"wp:term":[{"taxonomy":"product_brand","embeddable":true,"href":"https:\/\/uj.adatbank.ro\/lexikon\/wp-json\/wp\/v2\/product_brand?post=21659"},{"taxonomy":"product_cat","embeddable":true,"href":"https:\/\/uj.adatbank.ro\/lexikon\/wp-json\/wp\/v2\/product_cat?post=21659"},{"taxonomy":"product_tag","embeddable":true,"href":"https:\/\/uj.adatbank.ro\/lexikon\/wp-json\/wp\/v2\/product_tag?post=21659"}],"curies":[{"name":"wp","href":"https:\/\/api.w.org\/{rel}","templated":true}]}}

SZÁVA Dezső

<p>Gyergyóditró, 1908, † Mv., 1968.: intéző, tisztviselő. – Sz. István és Kozma Rozália fia. Felesége: Vakarcs Irén (1914–1995). Gyermekeik: István (1950–) műépítész és Anna (1952–), dr. gyógyszerész. – A tordai, majd a mv.-i r.k. gimn.-ban tanult, Brassóban mezőgazdász képesítést nyert. A két vh. között a mv.-i Városmajor intézője volt, majd haláláig a Városi Tanács tisztviselője volt (1950-es évek eleje –1968). <br /><strong>Irod.:</strong> Száva; Száva 2012.</br></p>

<p>Gyergyóditró, 1908, † Mv., 1968.: intéző, tisztviselő. – Sz. István és Kozma Rozália fia. Felesége: Vakarcs Irén (1914–1995). Gyermekeik: István (1950–) műépítész és Anna (1952–), dr. gyógyszerész. – A tordai, majd a mv.-i r.k. gimn.-ban tanult, Brassóban mezőgazdász képesítést nyert. A két vh. között a mv.-i Városmajor intézője volt, majd haláláig a Városi Tanács tisztviselője [&hellip;]</p>
