{"id":2166,"date":"2025-06-28T12:05:46","date_gmt":"2025-06-28T10:05:46","guid":{"rendered":"https:\/\/uj.adatbank.ro\/lexikon\/termek\/banffy-farkas-losonczi-br-banffi-farkas\/"},"modified":"2025-06-28T12:05:46","modified_gmt":"2025-06-28T10:05:46","slug":"banffy-farkas-losonczi-br-banffi-farkas","status":"publish","type":"product","link":"https:\/\/uj.adatbank.ro\/lexikon\/termek\/banffy-farkas-losonczi-br-banffi-farkas\/","title":{"rendered":"B\u00c1NFFY Farkas, losonczi br, B\u00e1nffi Farkas"},"content":{"rendered":"<p>1724. k., \u2020 Kv., 1794. nov. 13.: kincst\u00e1rnok. cs. k. kamar\u00e1s, korm\u00e1nysz\u00e9ki tan\u00e1csos, v. b. t. t., az Erd\u00e9lyi Igazgat\u00f3tan\u00e1cs tagja, f\u0151isp\u00e1n, f\u0151lov\u00e1szmester. \u2013 B. Farkas \u00e9s Bagosi Erzs\u00e9bet fia. Testv\u00e9re: B. Gy\u00f6rgy. \u2013 Erd\u00e9ly egyik befoly\u00e1sos aulikus politikusa. Kolozs vm. f\u0151isp\u00e1nja, gub. tan\u00e1csos, tartom\u00e1nyi f\u0151biztos, kincstart\u00f3. A k\u00f6zponti korm\u00e1nyzat \u0151t b\u00edzta meg Sz\u00e9kelyf\u00f6ld II. J\u00f3zsef korm\u00e1nya \u00e1ltal kidolgozott ter\u00fcleti \u00e1tszervez\u00e9s\u00e9nek (a megy\u00e9s\u00edt\u00e9snek) a lebonyol\u00edt\u00e1s\u00e1val, \u00e9s \u0151t b\u00edzt\u00e1k meg, Kem\u00e9ny Farkassal, Marossz\u00e9k \u00e9s K\u00fck\u00fcll\u0151 vm. egyes\u00edt\u00e9s\u00e9vel (1784). az erd\u00e9lyi ref. ekl\u00e9zsia f\u0151kur\u00e1tora. a Szt. Istv\u00e1n Vit\u00e9zi Rend Commed\u00e1tora. <br \/><strong>Irod.:<\/strong> Bir\u00f3 J\u00f3zsef. A bonchidai B\u00e1nffy-kast\u00e9ly csal\u00e1di arck\u00e9pei = Lyka eml\u00e9kk.; Bozac-Pavel; Erd\u00e9lyi f\u00e9niks; Fogarasi; Gy\u00e1szjelent\u0151; Lev\u00e9lt\u00e1ri gy\u00e1szj.; P\u00e1l-Antal 2002<\/br><\/p>\n","protected":false},"excerpt":{"rendered":"<p>1724. k., \u2020 Kv., 1794. nov. 13.: kincst\u00e1rnok. cs. k. kamar\u00e1s, korm\u00e1nysz\u00e9ki tan\u00e1csos, v. b. t. t., az Erd\u00e9lyi Igazgat\u00f3tan\u00e1cs tagja, f\u0151isp\u00e1n, f\u0151lov\u00e1szmester. \u2013 B. Farkas \u00e9s Bagosi Erzs\u00e9bet fia. Testv\u00e9re: B. Gy\u00f6rgy. \u2013 Erd\u00e9ly egyik befoly\u00e1sos aulikus politikusa. Kolozs vm. f\u0151isp\u00e1nja, gub. tan\u00e1csos, tartom\u00e1nyi f\u0151biztos, kincstart\u00f3. A k\u00f6zponti korm\u00e1nyzat \u0151t b\u00edzta meg Sz\u00e9kelyf\u00f6ld II. [&hellip;]<\/p>\n","protected":false},"featured_media":0,"comment_status":"open","ping_status":"closed","template":"","meta":[],"product_brand":[],"product_cat":[137],"product_tag":[],"class_list":{"0":"post-2166","1":"product","2":"type-product","3":"status-publish","5":"product_cat-maros-megyei-eletrajzi-lexikon","7":"first","8":"instock","9":"shipping-taxable","10":"product-type-simple"},"_links":{"self":[{"href":"https:\/\/uj.adatbank.ro\/lexikon\/wp-json\/wp\/v2\/product\/2166","targetHints":{"allow":["GET"]}}],"collection":[{"href":"https:\/\/uj.adatbank.ro\/lexikon\/wp-json\/wp\/v2\/product"}],"about":[{"href":"https:\/\/uj.adatbank.ro\/lexikon\/wp-json\/wp\/v2\/types\/product"}],"replies":[{"embeddable":true,"href":"https:\/\/uj.adatbank.ro\/lexikon\/wp-json\/wp\/v2\/comments?post=2166"}],"wp:attachment":[{"href":"https:\/\/uj.adatbank.ro\/lexikon\/wp-json\/wp\/v2\/media?parent=2166"}],"wp:term":[{"taxonomy":"product_brand","embeddable":true,"href":"https:\/\/uj.adatbank.ro\/lexikon\/wp-json\/wp\/v2\/product_brand?post=2166"},{"taxonomy":"product_cat","embeddable":true,"href":"https:\/\/uj.adatbank.ro\/lexikon\/wp-json\/wp\/v2\/product_cat?post=2166"},{"taxonomy":"product_tag","embeddable":true,"href":"https:\/\/uj.adatbank.ro\/lexikon\/wp-json\/wp\/v2\/product_tag?post=2166"}],"curies":[{"name":"wp","href":"https:\/\/api.w.org\/{rel}","templated":true}]}}

BÁNFFY Farkas, losonczi br, Bánffi Farkas

<p>1724. k., † Kv., 1794. nov. 13.: kincstárnok. cs. k. kamarás, kormányszéki tanácsos, v. b. t. t., az Erdélyi Igazgatótanács tagja, főispán, főlovászmester. – B. Farkas és Bagosi Erzsébet fia. Testvére: B. György. – Erdély egyik befolyásos aulikus politikusa. Kolozs vm. főispánja, gub. tanácsos, tartományi főbiztos, kincstartó. A központi kormányzat őt bízta meg Székelyföld II. József kormánya által kidolgozott területi átszervezésének (a megyésítésnek) a lebonyolításával, és őt bízták meg, Kemény Farkassal, Marosszék és Küküllő vm. egyesítésével (1784). az erdélyi ref. eklézsia főkurátora. a Szt. István Vitézi Rend Commedátora. <br /><strong>Irod.:</strong> Biró József. A bonchidai Bánffy-kastély családi arcképei = Lyka emlékk.; Bozac-Pavel; Erdélyi féniks; Fogarasi; Gyászjelentő; Levéltári gyászj.; Pál-Antal 2002</br></p>

<p>1724. k., † Kv., 1794. nov. 13.: kincstárnok. cs. k. kamarás, kormányszéki tanácsos, v. b. t. t., az Erdélyi Igazgatótanács tagja, főispán, főlovászmester. – B. Farkas és Bagosi Erzsébet fia. Testvére: B. György. – Erdély egyik befolyásos aulikus politikusa. Kolozs vm. főispánja, gub. tanácsos, tartományi főbiztos, kincstartó. A központi kormányzat őt bízta meg Székelyföld II. [&hellip;]</p>
