{"id":21660,"date":"2025-07-22T19:32:57","date_gmt":"2025-07-22T17:32:57","guid":{"rendered":"https:\/\/uj.adatbank.ro\/lexikon\/termek\/szava-farkas-goganvaraljai-alnevei-fogasi-kemenyfi\/"},"modified":"2025-07-22T19:32:57","modified_gmt":"2025-07-22T17:32:57","slug":"szava-farkas-goganvaraljai-alnevei-fogasi-kemenyfi","status":"publish","type":"product","link":"https:\/\/uj.adatbank.ro\/lexikon\/termek\/szava-farkas-goganvaraljai-alnevei-fogasi-kemenyfi\/","title":{"rendered":"SZ\u00c1VA Farkas, gog\u00e1nv\u00e1raljai; \u00c1lnevei: Fogasi, Kem\u00e9nyfi"},"content":{"rendered":"<p>Mez\u0151szengyel, 1826. szept. 16., \u2020 Mv., 1892, \u00e1pr. 17.: pomol\u00f3gus, \u00edr\u00f3, \u00fajs\u00e1g\u00edr\u00f3, f\u0151iskolai tan\u00e1r. \u2013 K\u00f6z\u00e9piskol\u00e1it Kv.-on, a jogot Mv-en v\u00e9gezte. A szabads\u00e1gharc ut\u00e1n gr. L\u00e1z\u00e1r M\u00f3rnak titk\u00e1ra volt, majd Marossz\u00e9k aljegyz\u0151je, k\u00e9s\u0151bb tan\u00e1r Gyulafeh\u00e9rv\u00e1rt \u00e9s Mv-en, hol 22 \u00e9vig, nyugalomba vonul\u00e1s\u00e1ig a kat. f\u0151iskola tan\u00e1ra (1862\u20131884). Az Erd\u00e9lyi M\u00fazeum-Egylet \u00e9s a mv.-i KZST tagjai k\u00f6z\u00e9 v\u00e1lasztott\u00e1k. Mint pomol\u00f3gus nagy munk\u00e1ss\u00e1got fejtett ki. Erd\u0151bar\u00e1t, a faipart p\u00e1rtol\u00f3 \u00edr\u00e1sai jelentek meg, a marosi tutajoz\u00e1ssal is foglalkozott. Mez\u0151szengyelben \u00e9s N\u00e1zn\u00e1nfalv\u00e1n lakott. A Magyar Sajt\u00f3 c. Ellenz\u00e9ki lapban k\u00f6zz\u00e9tette Teleki S\u00e1muel v\u00e9gakarat\u00e1t a k\u00f6nyvt\u00e1rat illet\u0151en (1857). A K\u00f6lcsey \u00e9s Kem\u00e9ny Zsigmond T\u00e1rsas\u00e1g alap\u00edt\u00f3 tagja volt. Cikkeket \u00edrt a k\u00f6vetkez\u0151 h\u00edrlapokba, foly\u00f3iratokba \u00e9s \u00e9vk\u00f6nyvekbe: Kis K\u00f6vet, Vas\u00e1rnapi \u00dajs\u00e1g, Ipar- \u00e9s Term\u00e9szetbar\u00e1t, Ellen\u0151r, N\u00e9pbar\u00e1t, Hetilap, Kolozsv\u00e1ri K\u00f6zl\u00f6ny, Erd\u00e9lyi M\u00fazeum, M. Fut\u00e1r, Napkelet, M. Sajt\u00f3, Csal\u00e1di K\u00f6r, Korunk T\u00e1rcz\u00e1ja, Gyermek Bar\u00e1t, Sz\u00e9kely N\u00e9plap, J\u00f3 Bar\u00e1t, M. Polg\u00e1r, N\u00e9ptanoda (Mv.), Erd\u00e9ly, Hargita, Sz\u00e9kely Hirlap, A Hon, Ellen\u0151r, Pesti Napl\u00f3, Reform, Sz\u00e9kelyf\u00f6ld, Erd\u00e9lyi Hirad\u00f3, Marosvid\u00e9k, Erd\u00e9lyi \u00c9rtes\u00edt\u0151, Marosv\u00e1s\u00e1rhelyi F\u00fczetek (1860), Kolozsv\u00e1ri Nagy Napt\u00e1r (1865), Sz\u00e9kely N\u00e9plap (szerkeszt\u0151je, 1867), Hargita (1872), A Sz\u00e9kely M\u0171vel\u0151d\u00e9si \u00e9s K\u00f6zgazdas\u00e1gi Egyes\u00fclet III. \u00c9vk\u00f6nyve (1879). Munk\u00e1inak tiszta j\u00f6vedelm\u00e9t j\u00f3t\u00e9konyc\u00e9lokra hagyta. Az EGE dics\u00e9r\u0151 oklev\u00e9llel \u00e9s \u00e9remmel t\u00fcntette ki. \u2013 <strong>F. m.<\/strong>: A R. K. Egyh\u00e1zk\u00f6zs\u00e9g Takar\u00e9kmagt\u00e1r\u00e1nak alapszab\u00e1lyai (Mv., 1885); Alapszab\u00e1lyai a marosv\u00e1s\u00e1rhelyi J\u00f3t\u00e9kony N\u0151egyletnek. (Mv, 1860); Jelent\u00e9s a marosv\u00e1s\u00e1rhelyi J\u00f3t\u00e9kony N\u0151egylet 1860\u201361. \u00e9s 1861\u201362. I. \u00e9s II. \u00e9vi munk\u00e1latj\u00e1r\u00f3l. (Mv., 1862\u201363); Hull\u00e1mok. (Mv., 1866); Gy\u00fcm\u00f6lcs\u00e9szeti levelek. (Mv., 1871); A monopolium ellen \u00e9s mellett (Mv., 1875); A visszbiztos\u00edt\u00e1s. (Mv., 1890.). <br \/><strong>Irod.:<\/strong> Id\u0151t\u00e1r 2; K\u00e1d\u00e1r Zsombor: K\u00f6z\u00edr\u00f3 az erd\u0151 szolg\u00e1lat\u00e1ban = K\u00e1d\u00e1r Zsombor: Sz\u00e9kelyf\u00f6ldi erd\u00e9szeti arck\u00e9pcsarnok (Bp., 1999); P\u00e1lmay; Szinnyei; Szinnyei-Sz.J.; Todea.<\/br><\/p>\n","protected":false},"excerpt":{"rendered":"<p>Mez\u0151szengyel, 1826. szept. 16., \u2020 Mv., 1892, \u00e1pr. 17.: pomol\u00f3gus, \u00edr\u00f3, \u00fajs\u00e1g\u00edr\u00f3, f\u0151iskolai tan\u00e1r. \u2013 K\u00f6z\u00e9piskol\u00e1it Kv.-on, a jogot Mv-en v\u00e9gezte. A szabads\u00e1gharc ut\u00e1n gr. L\u00e1z\u00e1r M\u00f3rnak titk\u00e1ra volt, majd Marossz\u00e9k aljegyz\u0151je, k\u00e9s\u0151bb tan\u00e1r Gyulafeh\u00e9rv\u00e1rt \u00e9s Mv-en, hol 22 \u00e9vig, nyugalomba vonul\u00e1s\u00e1ig a kat. f\u0151iskola tan\u00e1ra (1862\u20131884). Az Erd\u00e9lyi M\u00fazeum-Egylet \u00e9s a mv.-i KZST tagjai [&hellip;]<\/p>\n","protected":false},"featured_media":0,"comment_status":"open","ping_status":"closed","template":"","meta":[],"product_brand":[],"product_cat":[137],"product_tag":[],"class_list":{"0":"post-21660","1":"product","2":"type-product","3":"status-publish","5":"product_cat-maros-megyei-eletrajzi-lexikon","7":"first","8":"instock","9":"shipping-taxable","10":"product-type-simple"},"_links":{"self":[{"href":"https:\/\/uj.adatbank.ro\/lexikon\/wp-json\/wp\/v2\/product\/21660","targetHints":{"allow":["GET"]}}],"collection":[{"href":"https:\/\/uj.adatbank.ro\/lexikon\/wp-json\/wp\/v2\/product"}],"about":[{"href":"https:\/\/uj.adatbank.ro\/lexikon\/wp-json\/wp\/v2\/types\/product"}],"replies":[{"embeddable":true,"href":"https:\/\/uj.adatbank.ro\/lexikon\/wp-json\/wp\/v2\/comments?post=21660"}],"wp:attachment":[{"href":"https:\/\/uj.adatbank.ro\/lexikon\/wp-json\/wp\/v2\/media?parent=21660"}],"wp:term":[{"taxonomy":"product_brand","embeddable":true,"href":"https:\/\/uj.adatbank.ro\/lexikon\/wp-json\/wp\/v2\/product_brand?post=21660"},{"taxonomy":"product_cat","embeddable":true,"href":"https:\/\/uj.adatbank.ro\/lexikon\/wp-json\/wp\/v2\/product_cat?post=21660"},{"taxonomy":"product_tag","embeddable":true,"href":"https:\/\/uj.adatbank.ro\/lexikon\/wp-json\/wp\/v2\/product_tag?post=21660"}],"curies":[{"name":"wp","href":"https:\/\/api.w.org\/{rel}","templated":true}]}}