{"id":21663,"date":"2025-07-22T19:33:03","date_gmt":"2025-07-22T17:33:03","guid":{"rendered":"https:\/\/uj.adatbank.ro\/lexikon\/termek\/szava-gyula\/"},"modified":"2025-07-22T19:33:03","modified_gmt":"2025-07-22T17:33:03","slug":"szava-gyula","status":"publish","type":"product","link":"https:\/\/uj.adatbank.ro\/lexikon\/termek\/szava-gyula\/","title":{"rendered":"SZ\u00c1VA Gyula"},"content":{"rendered":"<p>1860., \u2020?: keresked\u0151. \u2013 Sz. Zakari\u00e1s \u00e9s Szebeni Fark Ter\u00e9z (1833\u20131914) fia. Feles\u00e9ge: Moldov\u00e1n Piroska. \u2013 Hangszer- \u00e9s k\u00e9pkeresked\u0151 volt. Brass\u00f3b\u00f3l k\u00f6lt\u00f6z\u00f6tt Mv.-re. <br \/><strong>Irod.:<\/strong> Sz\u00e1va 2012.<\/br><\/p>\n","protected":false},"excerpt":{"rendered":"<p>1860., \u2020?: keresked\u0151. \u2013 Sz. Zakari\u00e1s \u00e9s Szebeni Fark Ter\u00e9z (1833\u20131914) fia. Feles\u00e9ge: Moldov\u00e1n Piroska. \u2013 Hangszer- \u00e9s k\u00e9pkeresked\u0151 volt. Brass\u00f3b\u00f3l k\u00f6lt\u00f6z\u00f6tt Mv.-re. Irod.: Sz\u00e1va 2012.<\/p>\n","protected":false},"featured_media":0,"comment_status":"open","ping_status":"closed","template":"","meta":[],"product_brand":[],"product_cat":[137],"product_tag":[],"class_list":{"0":"post-21663","1":"product","2":"type-product","3":"status-publish","5":"product_cat-maros-megyei-eletrajzi-lexikon","7":"first","8":"instock","9":"shipping-taxable","10":"product-type-simple"},"_links":{"self":[{"href":"https:\/\/uj.adatbank.ro\/lexikon\/wp-json\/wp\/v2\/product\/21663","targetHints":{"allow":["GET"]}}],"collection":[{"href":"https:\/\/uj.adatbank.ro\/lexikon\/wp-json\/wp\/v2\/product"}],"about":[{"href":"https:\/\/uj.adatbank.ro\/lexikon\/wp-json\/wp\/v2\/types\/product"}],"replies":[{"embeddable":true,"href":"https:\/\/uj.adatbank.ro\/lexikon\/wp-json\/wp\/v2\/comments?post=21663"}],"wp:attachment":[{"href":"https:\/\/uj.adatbank.ro\/lexikon\/wp-json\/wp\/v2\/media?parent=21663"}],"wp:term":[{"taxonomy":"product_brand","embeddable":true,"href":"https:\/\/uj.adatbank.ro\/lexikon\/wp-json\/wp\/v2\/product_brand?post=21663"},{"taxonomy":"product_cat","embeddable":true,"href":"https:\/\/uj.adatbank.ro\/lexikon\/wp-json\/wp\/v2\/product_cat?post=21663"},{"taxonomy":"product_tag","embeddable":true,"href":"https:\/\/uj.adatbank.ro\/lexikon\/wp-json\/wp\/v2\/product_tag?post=21663"}],"curies":[{"name":"wp","href":"https:\/\/api.w.org\/{rel}","templated":true}]}}