{"id":21667,"date":"2025-07-22T19:33:10","date_gmt":"2025-07-22T17:33:10","guid":{"rendered":"https:\/\/uj.adatbank.ro\/lexikon\/termek\/szava-janos-zoltan-%c2%a7\/"},"modified":"2025-07-22T19:33:10","modified_gmt":"2025-07-22T17:33:10","slug":"szava-janos-zoltan-%c2%a7","status":"publish","type":"product","link":"https:\/\/uj.adatbank.ro\/lexikon\/termek\/szava-janos-zoltan-%c2%a7\/","title":{"rendered":"SZ\u00c1VA J\u00e1nos Zolt\u00e1n, \u00a7"},"content":{"rendered":"<p>Cs\u00edksz\u00e9pv\u00edz, 1916. j\u00fal. 19., \u2020\u00a0Mv., 2001. j\u00fal. 27.: ortop\u00e9dseb\u00e9sz, egyetemi tan\u00e1r. \u2013 Sz. Antal \u00e9s Fej\u00e9r Katalin Ilona fia. Feles\u00e9ge: Orb\u00f3k \u00c9va-M\u00e1ria (1921 \u2013 Mv., 2007), a bp.-i P\u00e1zm\u00e1ny P\u00e9ter egyetem b\u00f6lcs\u00e9sz kar\u00e1n m.-irodalom \u00e9s m\u0171v\u00e9szett\u00f6rt\u00e9netb\u0151l doktor\u00e1lt (1946). Gyermekeik: Katalin-M\u00e1ria dr. (1948\u2013), Gy\u00f6rgy-D\u00e1niel dr. (1955\u2013). \u2013 Cs\u00edkszered\u00e1ban a r. k. f\u0151gimn.-ban \u00e9retts\u00e9gizett (1934). Orvosi tanulm\u00e1nyait Kv.-on a FJTE v\u00e9gezte (1941), majd uo. egyetemi seb\u00e9szeti klinik\u00e1n gyakornok (1940\u20131944), tan\u00e1rseg\u00e9d (1942\u201344); katonaorvos frontk\u00f3rh\u00e1zban. A 27. sz\u00e9kely k\u00f6nny\u0171 hadoszt\u00e1ly eg\u00e9szs\u00e9g\u00fcgyi oszlop\u00e1n\u00e1l seb\u00e9sz (1944. m\u00e1rc.\u2013), tartal\u00e9kos orvos z\u00e1szl\u00f3s (1944. j\u00fan \u2013 1.\u2013). S\u00e1rpatakon a Teleki-kast\u00e9lyban, hadifogoly, majd \u00f6t h\u00f3napig betegen a foc\u015fani-i hadifogolyt\u00e1borban volt fogoly (1944\u201345), haza engedt\u00e9k (1946). Adjunktus Mv.-en (1946\u201347). Gyergy\u00f3ban \u00e9s Zilahon seb\u00e9sz orvos (1947\u201348). Kinevezt\u00e9k tan\u00e1rnak a MOGYI-ra. A mv.-i Ortop\u00e9diai, Traumatol\u00f3giai \u00e9s Gyermekseb\u00e9szeti Klinika l\u00e9trehoz\u00f3ja, a diszcipl\u00edna tansz\u00e9ken docens (1949\u2013), tansz\u00e9kvezet\u0151 egy. tan\u00e1r, professzor (1968\u2013); konzult\u00e1ns prof. (1982\u20132000). Az orsz\u00e1gosan \u00e9s k\u00fclf\u00f6ld\u00f6n is elismert Marosv\u00e1s\u00e1rhelyi Ortop\u00e9diai \u00e9s Traumatol\u00f3giai Iskola megalap\u00edt\u00f3ja. \u00datt\u00f6r\u0151k\u00e9nt ind\u00edtotta el Marosv\u00e1s\u00e1rhelyen a gyermekseb\u00e9szet iskol\u00e1j\u00e1t is. Sz\u00e1mtalan j\u00f3 h\u00edrnev\u0171 szakember vallhatja mag\u00e1t Sz\u00e1va J\u00e1nos professzor tan\u00edtv\u00e1ny\u00e1nak. 18 m\u0171t\u00e9ti elj\u00e1r\u00e1s kidolgoz\u00e1sa f\u0171z\u0151dik nev\u00e9hez. Val\u00f3s\u00e1gos polihisztora volt a seb\u00e9szetnek \u00e9s ortop\u00e9di\u00e1nak, kedvelt kutat\u00e1si ter\u00fcleteit azonban m\u00e9gis a gerinc- \u00e9s a csonttumorok seb\u00e9szete k\u00e9pezte. Tudom\u00e1nyos \u00e9s szakmai munk\u00e1ss\u00e1g\u00e1nak elismer\u00e9sek\u00e9ppen 1971-ben az \u00e9rdemes egyetemi tan\u00e1ri c\u00edmmel t\u00fcntett\u00e9k ki. Eur\u00f3p\u00e1ban m\u00e1sodikk\u00e9nt cs\u00edp\u0151 prot\u00e9zist k\u00e9sz\u00edtett. Kutat\u00e1si ter\u00fclete: oszteo-plasztikus helyre\u00e1ll\u00edt\u00f3 m\u0171t\u00e9tek, f\u00e9lmedence- \u00e9s csigolyatestp\u00f3tl\u00e1s, cs\u00edp\u0151- \u00e9s t\u00e9rdt\u00e1jp\u00f3tl\u00e1s, a t\u00f6lcs\u00e9rmell m\u0171t\u00e9ti korrekci\u00f3ja, rosszindulat\u00fa csontv\u00e1zdaganat kezel\u00e9se. Sz\u00e1mos hazai \u00e9s k\u00fclf\u00f6ldi kongresszuson vett r\u00e9szt (Bp., Moszkva, B\u00e9cs, P\u00e1rizs, Salzburg, Bad-Homburg, M\u00fcnster). T\u00f6bb tank\u00f6nyvet \u00edrt orvostanhallgat\u00f3k sz\u00e1m\u00e1ra. 190 dolgozatot publik\u00e1lt. Tagja volt a M. Ortop\u00e9diai T\u00e1rs., a Rom\u00e1n Ortop\u00e9diai T\u00e1rs., a Rom\u00e1n Traumatol\u00f3gus T\u00e1rs., tiszteletbeli tagja volt a M. Traumatol\u00f3giai T\u00e1rs.-nak \u00e9s az EME-nek. \u00c9rdemes Professzor c. t\u00fcntett\u00e9k ki (1971). \u2013 <strong>F. m.<\/strong>: Mozg\u00e1sszervek seb\u00e9szete. (Mv., 1950.); A gyermekkor seb\u00e9szete. (Mv., 1962.); Curs de ortopedie (Tg. M., 1976); Ortop\u00e9dia \u00e9s traumatol\u00f3gia. (Mv., 1977.); <strong>t\u00e1rssz.:<\/strong> Seb\u00e9szeti jegyzet. 1. k\u00f6t. (Mv.\u20131953.); R\u00e9szletes seb\u00e9szet. 1\u20132. k\u00f6t. (Mv., 1954.); Orvosi \u00e9s seb\u00e9szeti s\u00fcrg\u0151ss\u00e9gi esetek (Horv\u00e1th Endr\u00e9vel, Buk., 1954.); Chirurgie. Vol. 1\u20135) (Buc., 1955\u20131959.); Seb\u00e9szet. 3. k\u00f6t. (Mv., 1956.). <br \/><strong>Irod.:<\/strong> Aranykorszak; Berekm\u00e9ri; Dezs\u0151 Istv\u00e1n; Erd\u00e9lyi Lajos: Sz. J. seb\u00e9sztan\u00e1r: Lehets\u00e9gess\u00e9 tessz\u00fck a lehetetlent (A H\u00e9t \u00e9vk., 1979); Genersich; Kiss-P. \u2013 P; KKACs; M\u00e1th\u00e9 \u00c9va: A professzor hozz\u00e1sz\u00f3l: \u201eA h\u00e1tgerincoper\u00e1ci\u00f3k nem nevezhet\u0151k \u00fajdons\u00e1gnak\u201d (N\u00fa., 1998. j\u00fan. 4.); MOGYE; Mv.-i \u00f6rm\u00e9nyek; Nagy L.; Nekrol\u00f3g (N\u00fa, 2001., j\u00fal.,31); Ol\u00e1h-G\u00e1l Elvira: Mindenekf\u00f6l\u00f6tt \u2013 szakmai tud\u00e1s, autorit\u00e1s \u00e9s ig\u00e9nyess\u00e9g (Sz\u00e9kelyf\u00f6ld, 2. sz., 1999. febr.); RMKK; Sz. J.: Hivat\u00e1som a gy\u00f3gy\u00edt\u00e1s (V. Z., 1964. aug. 22.); Sz\u00e1va; Sz\u00e1va 2012; Sz\u00e1va Tibor S\u00e1ndor: A cs\u00edksz\u00e9pv\u00edzi Sz\u00e1va csal\u00e1d (Erd\u00e9lyi csal\u00e1dt\u00f6rt\u00e9net 1640\u2013200) (Cs\u00edkszereda, 2000); Sz\u00f6ll\u0151si 2009; Todea; Viharban.<\/br><\/p>\n","protected":false},"excerpt":{"rendered":"<p>Cs\u00edksz\u00e9pv\u00edz, 1916. j\u00fal. 19., \u2020\u00a0Mv., 2001. j\u00fal. 27.: ortop\u00e9dseb\u00e9sz, egyetemi tan\u00e1r. \u2013 Sz. Antal \u00e9s Fej\u00e9r Katalin Ilona fia. Feles\u00e9ge: Orb\u00f3k \u00c9va-M\u00e1ria (1921 \u2013 Mv., 2007), a bp.-i P\u00e1zm\u00e1ny P\u00e9ter egyetem b\u00f6lcs\u00e9sz kar\u00e1n m.-irodalom \u00e9s m\u0171v\u00e9szett\u00f6rt\u00e9netb\u0151l doktor\u00e1lt (1946). Gyermekeik: Katalin-M\u00e1ria dr. (1948\u2013), Gy\u00f6rgy-D\u00e1niel dr. (1955\u2013). \u2013 Cs\u00edkszered\u00e1ban a r. k. f\u0151gimn.-ban \u00e9retts\u00e9gizett (1934). Orvosi tanulm\u00e1nyait [&hellip;]<\/p>\n","protected":false},"featured_media":0,"comment_status":"open","ping_status":"closed","template":"","meta":[],"product_brand":[],"product_cat":[137],"product_tag":[],"class_list":{"0":"post-21667","1":"product","2":"type-product","3":"status-publish","5":"product_cat-maros-megyei-eletrajzi-lexikon","7":"first","8":"instock","9":"shipping-taxable","10":"product-type-simple"},"_links":{"self":[{"href":"https:\/\/uj.adatbank.ro\/lexikon\/wp-json\/wp\/v2\/product\/21667","targetHints":{"allow":["GET"]}}],"collection":[{"href":"https:\/\/uj.adatbank.ro\/lexikon\/wp-json\/wp\/v2\/product"}],"about":[{"href":"https:\/\/uj.adatbank.ro\/lexikon\/wp-json\/wp\/v2\/types\/product"}],"replies":[{"embeddable":true,"href":"https:\/\/uj.adatbank.ro\/lexikon\/wp-json\/wp\/v2\/comments?post=21667"}],"wp:attachment":[{"href":"https:\/\/uj.adatbank.ro\/lexikon\/wp-json\/wp\/v2\/media?parent=21667"}],"wp:term":[{"taxonomy":"product_brand","embeddable":true,"href":"https:\/\/uj.adatbank.ro\/lexikon\/wp-json\/wp\/v2\/product_brand?post=21667"},{"taxonomy":"product_cat","embeddable":true,"href":"https:\/\/uj.adatbank.ro\/lexikon\/wp-json\/wp\/v2\/product_cat?post=21667"},{"taxonomy":"product_tag","embeddable":true,"href":"https:\/\/uj.adatbank.ro\/lexikon\/wp-json\/wp\/v2\/product_tag?post=21667"}],"curies":[{"name":"wp","href":"https:\/\/api.w.org\/{rel}","templated":true}]}}